-- https://www.phpmyadmin.net/
--

START TRANSACTION;



--
-- Database: `focusit1_school3`
--

-- --------------------------------------------------------

--
-- Table structure for table `alumni_events`
--

CREATE TABLE `alumni_events` (
  `id` int(11) NOT NULL,
  `title` text NOT NULL,
  `event_for` varchar(100) NOT NULL,
  `session_id` int(11) DEFAULT NULL,
  `class_id` int(11) DEFAULT NULL,
  `section` varchar(255) NOT NULL,
  `from_date` datetime NOT NULL,
  `to_date` datetime NOT NULL,
  `note` text NOT NULL,
  `photo` varchar(255) DEFAULT NULL,
  `is_active` int(11) NOT NULL,
  `event_notification_message` text NOT NULL,
  `show_onwebsite` int(11) NOT NULL,
  `created_at` timestamp NOT NULL DEFAULT current_timestamp() ON UPDATE current_timestamp()
) ENGINE=InnoDB DEFAULT CHARSET=utf8mb3 COLLATE=utf8mb3_general_ci;

-- --------------------------------------------------------

--
-- Table structure for table `alumni_students`
--

CREATE TABLE `alumni_students` (
  `id` int(11) NOT NULL,
  `student_id` int(11) NOT NULL,
  `current_email` varchar(255) NOT NULL,
  `current_phone` varchar(255) NOT NULL,
  `occupation` text NOT NULL,
  `address` text NOT NULL,
  `photo` varchar(255) DEFAULT NULL,
  `created_at` timestamp NOT NULL DEFAULT current_timestamp() ON UPDATE current_timestamp()
) ENGINE=InnoDB DEFAULT CHARSET=utf8mb3 COLLATE=utf8mb3_general_ci;

-- --------------------------------------------------------

--
-- Table structure for table `attendence_type`
--

CREATE TABLE `attendence_type` (
  `id` int(11) NOT NULL,
  `type` varchar(50) DEFAULT NULL,
  `key_value` varchar(50) NOT NULL,
  `is_active` varchar(255) DEFAULT 'no',
  `created_at` timestamp NOT NULL DEFAULT current_timestamp() ON UPDATE current_timestamp(),
  `updated_at` date DEFAULT NULL
) ENGINE=InnoDB DEFAULT CHARSET=utf8mb3 COLLATE=utf8mb3_general_ci;

--
-- Dumping data for table `attendence_type`
--

INSERT INTO `attendence_type` (`id`, `type`, `key_value`, `is_active`, `created_at`, `updated_at`) VALUES
(1, 'Present', '<b class=\"text text-success\">P</b>', 'yes', '2016-06-23 18:11:37', '0000-00-00'),
(2, 'Late With Excuse', '<b class=\"text text-warning\">E</b>', 'no', '2018-05-29 08:19:48', '0000-00-00'),
(3, 'Late', '<b class=\"text text-warning\">L</b>', 'yes', '2016-06-23 18:12:28', '0000-00-00'),
(4, 'Absent', '<b class=\"text text-danger\">A</b>', 'yes', '2016-10-11 11:35:40', '0000-00-00'),
(5, 'Holiday', 'H', 'yes', '2016-10-11 11:35:01', '0000-00-00'),
(6, 'Half Day', '<b class=\"text text-warning\">F</b>', 'yes', '2016-06-23 18:12:28', '0000-00-00');

-- --------------------------------------------------------

--
-- Table structure for table `books`
--

CREATE TABLE `books` (
  `id` int(11) NOT NULL,
  `book_title` varchar(100) NOT NULL,
  `book_no` varchar(50) NOT NULL,
  `isbn_no` varchar(100) NOT NULL,
  `subject` varchar(100) DEFAULT NULL,
  `rack_no` varchar(100) NOT NULL,
  `publish` varchar(100) DEFAULT NULL,
  `author` varchar(100) DEFAULT NULL,
  `qty` int(11) DEFAULT NULL,
  `perunitcost` float(10,2) DEFAULT NULL,
  `postdate` date DEFAULT NULL,
  `description` text DEFAULT NULL,
  `available` varchar(10) DEFAULT 'yes',
  `is_active` varchar(255) DEFAULT 'no',
  `created_at` timestamp NOT NULL DEFAULT current_timestamp() ON UPDATE current_timestamp(),
  `updated_at` date DEFAULT NULL
) ENGINE=InnoDB DEFAULT CHARSET=utf8mb3 COLLATE=utf8mb3_general_ci;

-- --------------------------------------------------------

--
-- Table structure for table `book_issues`
--

CREATE TABLE `book_issues` (
  `id` int(11) NOT NULL,
  `book_id` int(11) NOT NULL,
  `member_id` int(11) DEFAULT NULL,
  `duereturn_date` date DEFAULT NULL,
  `return_date` date DEFAULT NULL,
  `issue_date` date DEFAULT NULL,
  `is_returned` int(11) DEFAULT 0,
  `is_active` varchar(10) NOT NULL DEFAULT 'no',
  `created_at` timestamp NOT NULL DEFAULT current_timestamp() ON UPDATE current_timestamp()
) ENGINE=InnoDB DEFAULT CHARSET=utf8mb3 COLLATE=utf8mb3_general_ci;

-- --------------------------------------------------------

--
-- Table structure for table `captcha`
--

CREATE TABLE `captcha` (
  `id` int(11) NOT NULL,
  `name` varchar(250) NOT NULL,
  `status` int(11) NOT NULL,
  `created_at` timestamp NOT NULL DEFAULT current_timestamp() ON UPDATE current_timestamp()
) ENGINE=InnoDB DEFAULT CHARSET=utf8mb3 COLLATE=utf8mb3_general_ci;

--
-- Dumping data for table `captcha`
--

INSERT INTO `captcha` (`id`, `name`, `status`, `created_at`) VALUES
(1, 'userlogin', 0, '2024-03-26 16:30:08'),
(2, 'login', 0, '2021-01-19 08:10:31'),
(3, 'admission', 0, '2021-01-19 04:48:11'),
(4, 'complain', 0, '2021-01-19 04:48:13'),
(5, 'contact_us', 0, '2021-01-19 04:48:15');

-- --------------------------------------------------------

--
-- Table structure for table `categories`
--

CREATE TABLE `categories` (
  `id` int(11) NOT NULL,
  `category` varchar(100) DEFAULT NULL,
  `is_active` varchar(255) DEFAULT 'no',
  `created_at` timestamp NOT NULL DEFAULT current_timestamp() ON UPDATE current_timestamp(),
  `updated_at` date DEFAULT NULL
) ENGINE=InnoDB DEFAULT CHARSET=utf8mb3 COLLATE=utf8mb3_general_ci;

-- --------------------------------------------------------

--
-- Table structure for table `certificates`
--

CREATE TABLE `certificates` (
  `id` int(11) NOT NULL,
  `certificate_name` varchar(100) NOT NULL,
  `certificate_text` text NOT NULL,
  `left_header` varchar(100) NOT NULL,
  `center_header` varchar(100) NOT NULL,
  `right_header` varchar(100) NOT NULL,
  `left_footer` varchar(100) NOT NULL,
  `right_footer` varchar(100) NOT NULL,
  `center_footer` varchar(100) NOT NULL,
  `background_image` varchar(100) DEFAULT NULL,
  `created_for` tinyint(1) NOT NULL COMMENT '1 = staff, 2 = students',
  `status` tinyint(1) NOT NULL,
  `header_height` int(11) NOT NULL,
  `content_height` int(11) NOT NULL,
  `footer_height` int(11) NOT NULL,
  `content_width` int(11) NOT NULL,
  `enable_student_image` tinyint(1) NOT NULL COMMENT '0=no,1=yes',
  `enable_image_height` int(11) NOT NULL,
  `created_at` timestamp NULL DEFAULT current_timestamp() ON UPDATE current_timestamp(),
  `updated_at` date DEFAULT NULL
) ENGINE=InnoDB DEFAULT CHARSET=utf8mb3 COLLATE=utf8mb3_general_ci;

--
-- Dumping data for table `certificates`
--

INSERT INTO `certificates` (`id`, `certificate_name`, `certificate_text`, `left_header`, `center_header`, `right_header`, `left_footer`, `right_footer`, `center_footer`, `background_image`, `created_for`, `status`, `header_height`, `content_height`, `footer_height`, `content_width`, `enable_student_image`, `enable_image_height`, `created_at`, `updated_at`) VALUES
(1, 'Sample Transfer Certificate', 'This is certify that <b>[name]</b> has born on [dob]  <br> and have following details [present_address] [guardian] [created_at] [admission_no] [roll_no] [class] [section] [gender] [admission_date] [category] [cast] [father_name] [mother_name] [religion] [email] [phone] .<br>We wish best of luck for future endeavors.', 'Reff. No.....1111111.........', 'To Whomever It May Concern', 'Date: _10__/_10__/__2019__', '.................................<br>admin', '.................................<br>principal', '.................................<br>admin', '1678712038-1757669266640f1ce6ace5d!transfer.png', 2, 1, 360, 400, 480, 810, 1, 230, '2023-03-13 12:53:58', '0000-00-00');

-- --------------------------------------------------------

--
-- Table structure for table `chat_connections`
--

CREATE TABLE `chat_connections` (
  `id` int(11) NOT NULL,
  `chat_user_one` int(11) NOT NULL,
  `chat_user_two` int(11) NOT NULL,
  `ip` varchar(30) DEFAULT NULL,
  `time` int(11) DEFAULT NULL,
  `created_at` timestamp NOT NULL DEFAULT current_timestamp() ON UPDATE current_timestamp(),
  `updated_at` date DEFAULT NULL
) ENGINE=InnoDB DEFAULT CHARSET=utf8mb3 COLLATE=utf8mb3_general_ci;

-- --------------------------------------------------------

--
-- Table structure for table `chat_messages`
--

CREATE TABLE `chat_messages` (
  `id` int(11) NOT NULL,
  `message` text DEFAULT NULL,
  `chat_user_id` int(11) NOT NULL,
  `ip` varchar(30) NOT NULL,
  `time` int(11) NOT NULL,
  `is_first` int(11) DEFAULT 0,
  `is_read` int(11) NOT NULL DEFAULT 0,
  `chat_connection_id` int(11) NOT NULL,
  `created_at` datetime DEFAULT NULL
) ENGINE=InnoDB DEFAULT CHARSET=utf8mb3 COLLATE=utf8mb3_general_ci;

-- --------------------------------------------------------

--
-- Table structure for table `chat_users`
--

CREATE TABLE `chat_users` (
  `id` int(11) NOT NULL,
  `user_type` varchar(20) DEFAULT NULL,
  `staff_id` int(11) DEFAULT NULL,
  `student_id` int(11) DEFAULT NULL,
  `create_staff_id` int(11) DEFAULT NULL,
  `create_student_id` int(11) DEFAULT NULL,
  `is_active` int(11) DEFAULT 0,
  `created_at` timestamp NOT NULL DEFAULT current_timestamp() ON UPDATE current_timestamp(),
  `updated_at` date DEFAULT NULL
) ENGINE=InnoDB DEFAULT CHARSET=utf8mb3 COLLATE=utf8mb3_general_ci;

-- --------------------------------------------------------

--
-- Table structure for table `classes`
--

CREATE TABLE `classes` (
  `id` int(11) NOT NULL,
  `class` varchar(60) DEFAULT NULL,
  `is_active` varchar(255) DEFAULT 'no',
  `created_at` timestamp NOT NULL DEFAULT current_timestamp() ON UPDATE current_timestamp(),
  `updated_at` date DEFAULT NULL
) ENGINE=InnoDB DEFAULT CHARSET=utf8mb3 COLLATE=utf8mb3_general_ci;

--
-- Dumping data for table `classes`
--

INSERT INTO `classes` (`id`, `class`, `is_active`, `created_at`, `updated_at`) VALUES
(1, '1', 'no', '2023-03-13 15:39:29', NULL),
(2, '2', 'no', '2023-03-13 15:39:35', NULL),
(3, '3', 'no', '2023-03-13 15:39:39', NULL),
(4, '4', 'no', '2023-03-13 15:39:44', NULL),
(5, '5', 'no', '2023-03-13 15:39:49', NULL),
(6, '6', 'no', '2023-03-13 15:39:54', NULL),
(7, '7', 'no', '2023-03-13 15:39:59', NULL),
(8, '8', 'no', '2023-03-13 15:40:05', NULL),
(9, '9', 'no', '2023-03-13 15:40:15', NULL),
(11, 'BASIC COMPUTER', 'no', '2023-07-02 16:17:54', NULL);

-- --------------------------------------------------------

--
-- Table structure for table `class_sections`
--

CREATE TABLE `class_sections` (
  `id` int(11) NOT NULL,
  `class_id` int(11) DEFAULT NULL,
  `section_id` int(11) DEFAULT NULL,
  `is_active` varchar(255) DEFAULT 'no',
  `created_at` timestamp NOT NULL DEFAULT current_timestamp() ON UPDATE current_timestamp(),
  `updated_at` date DEFAULT NULL
) ENGINE=InnoDB DEFAULT CHARSET=utf8mb3 COLLATE=utf8mb3_general_ci;

--
-- Dumping data for table `class_sections`
--

INSERT INTO `class_sections` (`id`, `class_id`, `section_id`, `is_active`, `created_at`, `updated_at`) VALUES
(1, 1, 1, 'no', '2023-03-13 15:39:29', NULL),
(2, 2, 3, 'no', '2023-03-13 15:39:35', NULL),
(3, 3, 1, 'no', '2023-03-13 15:39:39', NULL),
(4, 4, 2, 'no', '2023-03-13 15:39:44', NULL),
(5, 4, 3, 'no', '2023-03-13 15:39:44', NULL),
(6, 5, 2, 'no', '2023-03-13 15:39:49', NULL),
(7, 6, 1, 'no', '2023-03-13 15:39:54', NULL),
(8, 7, 1, 'no', '2023-03-13 15:39:59', NULL),
(9, 8, 1, 'no', '2023-03-13 15:40:05', NULL),
(10, 9, 3, 'no', '2023-03-13 15:40:15', NULL),
(13, 11, 1, 'no', '2023-07-02 16:17:54', NULL);

-- --------------------------------------------------------

--
-- Table structure for table `class_section_times`
--

CREATE TABLE `class_section_times` (
  `id` int(11) NOT NULL,
  `class_section_id` int(11) DEFAULT NULL,
  `time` time DEFAULT NULL,
  `created_at` timestamp NOT NULL DEFAULT current_timestamp() ON UPDATE current_timestamp()
) ENGINE=InnoDB DEFAULT CHARSET=utf8mb3 COLLATE=utf8mb3_general_ci;

-- --------------------------------------------------------

--
-- Table structure for table `class_teacher`
--

CREATE TABLE `class_teacher` (
  `id` int(11) NOT NULL,
  `session_id` int(11) NOT NULL,
  `class_id` int(11) NOT NULL,
  `section_id` int(11) NOT NULL,
  `staff_id` int(11) NOT NULL
) ENGINE=InnoDB DEFAULT CHARSET=utf8mb3 COLLATE=utf8mb3_general_ci;

--
-- Dumping data for table `class_teacher`
--

INSERT INTO `class_teacher` (`id`, `session_id`, `class_id`, `section_id`, `staff_id`) VALUES
(1, 19, 1, 1, 2),
(2, 19, 1, 1, 3),
(3, 19, 1, 1, 6),
(4, 19, 2, 3, 2),
(5, 19, 2, 3, 5),
(6, 19, 2, 3, 6),
(7, 19, 3, 1, 2),
(8, 19, 3, 1, 3),
(9, 19, 3, 1, 4),
(10, 19, 3, 1, 5),
(11, 19, 3, 1, 6),
(12, 19, 3, 1, 9),
(13, 19, 4, 2, 2),
(14, 19, 4, 2, 3),
(15, 19, 4, 2, 4),
(16, 19, 4, 2, 5),
(17, 19, 4, 2, 6),
(18, 19, 4, 2, 9),
(19, 19, 4, 3, 2),
(20, 19, 4, 3, 3),
(21, 19, 4, 3, 4),
(22, 19, 4, 3, 5),
(23, 19, 4, 3, 6),
(24, 19, 4, 3, 9),
(25, 19, 5, 2, 2),
(26, 19, 5, 2, 3),
(27, 19, 5, 2, 4),
(28, 19, 5, 2, 5),
(29, 19, 5, 2, 6),
(30, 19, 5, 2, 9),
(31, 19, 6, 1, 2),
(32, 19, 6, 1, 3),
(33, 19, 6, 1, 4),
(34, 19, 6, 1, 5),
(35, 19, 6, 1, 6),
(36, 19, 6, 1, 9),
(37, 19, 7, 1, 2),
(38, 19, 7, 1, 3),
(39, 19, 7, 1, 4),
(40, 19, 7, 1, 5),
(41, 19, 7, 1, 6),
(42, 19, 7, 1, 9),
(43, 19, 8, 1, 2),
(44, 19, 8, 1, 3),
(45, 19, 8, 1, 4),
(46, 19, 8, 1, 5),
(47, 19, 8, 1, 6),
(48, 19, 8, 1, 9),
(49, 19, 9, 3, 2),
(50, 19, 9, 3, 3),
(51, 19, 9, 3, 4),
(52, 19, 9, 3, 5),
(53, 19, 9, 3, 6),
(54, 19, 9, 3, 9);

-- --------------------------------------------------------

--
-- Table structure for table `complaint`
--

CREATE TABLE `complaint` (
  `id` int(11) NOT NULL,
  `complaint_type` varchar(255) NOT NULL,
  `source` varchar(255) NOT NULL,
  `name` varchar(100) NOT NULL,
  `contact` varchar(15) NOT NULL,
  `email` varchar(200) NOT NULL,
  `date` date NOT NULL,
  `description` text NOT NULL,
  `action_taken` varchar(200) NOT NULL,
  `assigned` varchar(50) NOT NULL,
  `note` text NOT NULL,
  `image` varchar(100) DEFAULT NULL
) ENGINE=InnoDB DEFAULT CHARSET=utf8mb3 COLLATE=utf8mb3_general_ci;

-- --------------------------------------------------------

--
-- Table structure for table `complaint_type`
--

CREATE TABLE `complaint_type` (
  `id` int(11) NOT NULL,
  `complaint_type` varchar(100) NOT NULL,
  `description` text NOT NULL,
  `created_at` timestamp NOT NULL DEFAULT current_timestamp() ON UPDATE current_timestamp()
) ENGINE=InnoDB DEFAULT CHARSET=utf8mb3 COLLATE=utf8mb3_general_ci;

-- --------------------------------------------------------

--
-- Table structure for table `conferences`
--

CREATE TABLE `conferences` (
  `id` int(11) NOT NULL,
  `purpose` varchar(20) NOT NULL DEFAULT 'class',
  `staff_id` int(11) DEFAULT NULL,
  `created_id` int(11) NOT NULL,
  `title` text DEFAULT NULL,
  `date` datetime DEFAULT NULL,
  `duration` int(11) DEFAULT NULL,
  `password` varchar(50) DEFAULT NULL,
  `subject` varchar(50) DEFAULT NULL,
  `class_id` int(11) DEFAULT NULL,
  `section_id` int(11) DEFAULT NULL,
  `session_id` int(11) NOT NULL,
  `host_video` int(11) NOT NULL DEFAULT 1,
  `client_video` int(11) NOT NULL DEFAULT 1,
  `description` varchar(50) DEFAULT NULL,
  `timezone` varchar(100) DEFAULT NULL,
  `return_response` text DEFAULT NULL,
  `api_type` varchar(30) NOT NULL,
  `status` int(11) NOT NULL DEFAULT 0,
  `created_at` timestamp NOT NULL DEFAULT current_timestamp() ON UPDATE current_timestamp()
) ENGINE=InnoDB DEFAULT CHARSET=utf8mb3 COLLATE=utf8mb3_general_ci;

-- --------------------------------------------------------

--
-- Table structure for table `conferences_history`
--

CREATE TABLE `conferences_history` (
  `id` int(11) NOT NULL,
  `conference_id` int(11) NOT NULL,
  `staff_id` int(11) DEFAULT NULL,
  `student_id` int(11) DEFAULT NULL,
  `total_hit` int(11) NOT NULL DEFAULT 1,
  `created_at` timestamp NOT NULL DEFAULT current_timestamp() ON UPDATE current_timestamp()
) ENGINE=InnoDB DEFAULT CHARSET=utf8mb3 COLLATE=utf8mb3_general_ci;

-- --------------------------------------------------------

--
-- Table structure for table `conference_sections`
--

CREATE TABLE `conference_sections` (
  `id` int(11) NOT NULL,
  `conference_id` int(11) DEFAULT NULL,
  `cls_section_id` int(11) DEFAULT NULL,
  `created_at` timestamp NOT NULL DEFAULT current_timestamp() ON UPDATE current_timestamp()
) ENGINE=InnoDB DEFAULT CHARSET=utf8mb3 COLLATE=utf8mb3_general_ci;

-- --------------------------------------------------------

--
-- Table structure for table `conference_staff`
--

CREATE TABLE `conference_staff` (
  `id` int(11) NOT NULL,
  `conference_id` int(11) NOT NULL,
  `staff_id` int(11) NOT NULL,
  `created_at` timestamp NOT NULL DEFAULT current_timestamp() ON UPDATE current_timestamp()
) ENGINE=InnoDB DEFAULT CHARSET=utf8mb3 COLLATE=utf8mb3_general_ci;

-- --------------------------------------------------------

--
-- Table structure for table `contents`
--

CREATE TABLE `contents` (
  `id` int(11) NOT NULL,
  `title` varchar(100) DEFAULT NULL,
  `type` varchar(50) DEFAULT NULL,
  `is_public` varchar(10) DEFAULT 'No',
  `class_id` int(11) DEFAULT NULL,
  `cls_sec_id` int(11) DEFAULT NULL,
  `file` varchar(250) DEFAULT NULL,
  `date` date NOT NULL,
  `note` text DEFAULT NULL,
  `is_active` varchar(255) DEFAULT 'no',
  `created_by` int(11) NOT NULL,
  `created_at` timestamp NOT NULL DEFAULT current_timestamp() ON UPDATE current_timestamp(),
  `updated_at` date DEFAULT NULL
) ENGINE=InnoDB DEFAULT CHARSET=utf8mb3 COLLATE=utf8mb3_general_ci;

-- --------------------------------------------------------

--
-- Table structure for table `content_for`
--

CREATE TABLE `content_for` (
  `id` int(11) NOT NULL,
  `role` varchar(50) DEFAULT NULL,
  `content_id` int(11) DEFAULT NULL,
  `user_id` int(11) DEFAULT NULL,
  `created_at` timestamp NOT NULL DEFAULT current_timestamp() ON UPDATE current_timestamp()
) ENGINE=InnoDB DEFAULT CHARSET=utf8mb3 COLLATE=utf8mb3_general_ci;

-- --------------------------------------------------------

--
-- Table structure for table `content_types`
--

CREATE TABLE `content_types` (
  `id` int(11) NOT NULL,
  `name` varchar(200) DEFAULT NULL,
  `description` text DEFAULT NULL,
  `is_active` int(11) DEFAULT 1,
  `created_at` timestamp NOT NULL DEFAULT current_timestamp() ON UPDATE current_timestamp()
) ENGINE=InnoDB DEFAULT CHARSET=utf8mb3 COLLATE=utf8mb3_general_ci;

-- --------------------------------------------------------

--
-- Table structure for table `currencies`
--

CREATE TABLE `currencies` (
  `id` int(11) NOT NULL,
  `name` varchar(100) DEFAULT NULL,
  `short_name` varchar(100) DEFAULT NULL,
  `symbol` varchar(10) DEFAULT NULL,
  `base_price` varchar(10) NOT NULL DEFAULT '1',
  `is_active` int(11) DEFAULT 0,
  `created_at` timestamp NOT NULL DEFAULT current_timestamp() ON UPDATE current_timestamp()
) ENGINE=InnoDB DEFAULT CHARSET=utf8mb3 COLLATE=utf8mb3_general_ci;

--
-- Dumping data for table `currencies`
--

INSERT INTO `currencies` (`id`, `name`, `short_name`, `symbol`, `base_price`, `is_active`, `created_at`) VALUES
(1, 'AED', 'AED', 'AEDf', '1', 0, '2022-12-30 06:19:15'),
(2, 'AFN', 'AFN', '؋', '1', 0, '2022-12-30 06:19:19'),
(3, 'ALL', 'ALL', 'ALL', '1', 0, '2022-12-30 06:19:22'),
(4, 'AMD', 'AMD', 'AMD', '1', 0, '2022-07-22 10:55:15'),
(5, 'ANG', 'ANG', 'ANG', '1', 0, '2022-07-22 10:55:15'),
(6, 'AOA', 'AOA', 'AOA', '1', 0, '2022-07-22 10:55:15'),
(7, 'ARS', 'ARS', 'ARS', '1', 0, '2022-07-22 10:55:15'),
(8, 'AUD', 'AUD', 'AUD', '1', 0, '2022-07-22 10:55:15'),
(9, 'AWG', 'AWG', 'AWG', '1', 0, '2022-07-22 10:55:15'),
(10, 'AZN', 'AZN', 'AZN', '1', 0, '2022-07-22 10:55:15'),
(11, 'BAM', 'BAM', 'BAM', '1', 0, '2022-07-22 10:55:15'),
(12, 'BAM', 'BAM', 'BAM', '1', 0, '2022-07-22 10:55:15'),
(13, 'BDT', 'BDT', 'BDT', '1', 1, '2023-03-13 07:20:20'),
(14, 'BGN', 'BGN', 'BGN', '1', 0, '2022-07-22 10:55:15'),
(15, 'BHD', 'BHD', 'BHD', '1', 0, '2022-07-22 10:55:15'),
(16, 'BIF', 'BIF', 'BIF', '1', 0, '2022-07-22 10:55:15'),
(17, 'BMD', 'BMD', 'BMD', '1', 0, '2022-07-22 10:55:15'),
(18, 'BND', 'BND', 'BND', '1', 0, '2022-07-22 10:55:15'),
(19, 'BOB', 'BOB', 'BOB', '1', 0, '2022-12-30 06:19:29'),
(20, 'BOV', 'BOV', 'BOV', '1', 0, '2022-12-30 06:19:38'),
(21, 'BRL', 'BRL', 'BRL', '1', 0, '2022-07-22 10:55:15'),
(22, 'BSD', 'BSD', 'BSD', '1', 0, '2022-12-30 06:19:40'),
(23, 'BTN', 'BTN', 'BTN', '1', 0, '2022-12-30 06:19:42'),
(24, 'BWP', 'BWP', 'BWP', '1', 0, '2022-07-22 10:55:15'),
(25, 'BYN', 'BYN', 'BYN', '1', 0, '2022-07-22 10:55:15'),
(26, 'BYR', 'BYR', 'BYR', '1', 0, '2022-07-22 10:55:15'),
(27, 'BZD', 'BZD', 'BZD', '1', 0, '2022-07-22 10:55:15'),
(28, 'CAD', 'CAD', 'CAD', '1', 0, '2022-07-22 10:55:15'),
(29, 'CDF', 'CDF', 'CDF', '1', 0, '2022-07-22 10:55:15'),
(30, 'CHE', 'CHE', 'CHE', '1', 0, '2022-07-22 10:55:15'),
(31, 'CHF', 'CHF', 'CHF', '1', 0, '2022-07-22 10:55:15'),
(32, 'CHW', 'CHW', 'CHW', '1', 0, '2022-07-22 10:55:15'),
(33, 'CLF', 'CLF', 'CLF', '1', 0, '2022-07-22 10:55:15'),
(34, 'CLP', 'CLP', 'CLP', '1', 0, '2022-07-22 10:55:15'),
(35, 'CNY', 'CNY', 'CNY', '1', 0, '2022-07-22 10:55:15'),
(36, 'COP', 'COP', 'COP', '1', 0, '2022-07-22 10:55:15'),
(37, 'COU', 'COU', 'COU', '1', 0, '2022-07-22 10:55:15'),
(38, 'CRC', 'CRC', 'CRC', '1', 0, '2022-07-22 10:55:15'),
(39, 'CUC', 'CUC', 'CUC', '1', 0, '2022-07-22 10:55:15'),
(40, 'CUP', 'CUP', 'CUP', '1', 0, '2022-07-22 10:55:15'),
(41, 'CVE', 'CVE', 'CVE', '1', 0, '2022-07-22 10:55:15'),
(42, 'CZK', 'CZK', 'CZK', '1', 0, '2022-07-22 10:55:15'),
(43, 'DJF', 'DJF', 'DJF', '1', 0, '2022-07-22 10:55:15'),
(44, 'DKK', 'DKK', 'DKK', '1', 0, '2022-07-22 10:55:15'),
(45, 'DOP', 'DOP', 'DOP', '1', 0, '2022-07-22 10:55:15'),
(46, 'DZD', 'DZD', 'DZD', '1', 0, '2022-07-22 10:55:15'),
(47, 'EGP', 'EGP', 'EGP', '1', 0, '2022-07-22 10:55:15'),
(48, 'ERN', 'ERN', 'ERN', '1', 0, '2022-07-22 10:55:15'),
(49, 'ETB', 'ETB', 'ETB', '1', 0, '2022-07-22 10:55:15'),
(50, 'EUR', 'EUR', '€', '1', 0, '2022-12-30 06:20:25'),
(51, 'FJD', 'FJD', 'FJD', '1', 0, '2022-07-22 10:55:15'),
(52, 'FKP', 'FKP', 'FKP', '1', 0, '2022-07-22 10:55:15'),
(53, 'GBP', 'GBP', '£', '1', 0, '2022-12-30 06:20:29'),
(54, 'GEL', 'GEL', 'GEL', '1', 0, '2022-07-22 10:55:15'),
(55, 'GHS', 'GHS', 'GHS', '1', 0, '2022-07-22 10:55:15'),
(56, 'GIP', 'GIP', 'GIP', '1', 0, '2022-07-22 10:55:15'),
(57, 'GMD', 'GMD', 'GMD', '1', 0, '2022-07-22 10:55:15'),
(58, 'GNF', 'GNF', 'GNF', '1', 0, '2022-07-22 10:55:15'),
(59, 'GTQ', 'GTQ', 'GTQ', '1', 0, '2022-07-22 10:55:15'),
(60, 'GYD', 'GYD', 'GYD', '1', 0, '2022-07-22 10:55:15'),
(61, 'HKD', 'HKD', 'HKD', '1', 0, '2022-07-22 10:55:15'),
(62, 'HNL', 'HNL', 'HNL', '1', 0, '2022-07-22 10:55:15'),
(63, 'HRK', 'HRK', 'HRK', '1', 0, '2022-07-22 10:55:15'),
(64, 'HTG', 'HTG', 'HTG', '1', 0, '2022-07-22 10:55:15'),
(65, 'HUF', 'HUF', 'HUF', '1', 0, '2022-07-22 10:55:15'),
(66, 'IDR', 'IDR', 'IDR', '1', 0, '2022-12-30 06:20:34'),
(67, 'ILS', 'ILS', 'ILS', '1', 0, '2022-07-22 10:55:15'),
(68, 'INR', 'INR', '₹', '1', 0, '2022-12-30 06:20:37'),
(69, 'IQD', 'IQD', 'IQD', '1', 0, '2022-07-22 10:55:15'),
(70, 'IRR', 'IRR', 'IRR', '1', 0, '2022-07-22 10:55:15'),
(71, 'ISK', 'ISK', 'ISK', '1', 0, '2022-07-22 10:55:15'),
(72, 'JMD', 'JMD', 'JMD', '1', 0, '2022-07-22 10:55:15'),
(73, 'JOD', 'JOD', 'JOD', '1', 0, '2022-07-22 10:55:15'),
(74, 'JPY', 'JPY', 'JPY', '1', 0, '2022-12-30 06:19:56'),
(75, 'KES', 'KES', 'KES', '1', 0, '2022-07-22 10:55:15'),
(76, 'KGS', 'KGS', 'KGS', '1', 0, '2022-07-22 10:55:15'),
(77, 'KHR', 'KHR', 'KHR', '1', 0, '2022-07-22 10:55:15'),
(78, 'KMF', 'KMF', 'KMF', '1', 0, '2022-07-22 10:55:15'),
(79, 'KPW', 'KPW', 'KPW', '1', 0, '2022-07-22 10:55:15'),
(80, 'KRW', 'KRW', 'KRW', '1', 0, '2022-07-22 10:55:15'),
(81, 'KWD', 'KWD', 'KWD', '1', 0, '2022-07-22 10:55:15'),
(82, 'KYD', 'KYD', 'KYD', '1', 0, '2022-07-22 10:55:15'),
(83, 'KZT', 'KZT', 'KZT', '1', 0, '2022-07-22 10:55:15'),
(84, 'LAK', 'LAK', 'LAK', '1', 0, '2022-07-22 10:55:15'),
(85, 'LBP', 'LBP', 'LBP', '1', 0, '2022-07-22 10:55:15'),
(86, 'LKR', 'LKR', 'LKR', '1', 0, '2022-07-22 10:55:15'),
(87, 'LRD', 'LRD', 'LRD', '1', 0, '2022-07-22 10:55:15'),
(88, 'LSL', 'LSL', 'LSL', '1', 0, '2022-07-22 10:55:15'),
(89, 'LYD', 'LYD', 'LYD', '1', 0, '2022-07-22 10:55:15'),
(90, 'MAD', 'MAD', 'MAD', '1', 0, '2022-07-22 10:55:15'),
(91, 'MDL', 'MDL', 'MDL', '1', 0, '2022-07-22 10:55:15'),
(92, 'MGA', 'MGA', 'MGA', '1', 0, '2022-07-22 10:55:15'),
(93, 'MKD', 'MKD', 'MKD', '1', 0, '2022-07-22 10:55:15'),
(94, 'MMK', 'MMK', 'MMK', '1', 0, '2022-07-22 10:55:15'),
(95, 'MNT', 'MNT', 'MNT', '1', 0, '2022-07-22 10:55:15'),
(96, 'MOP', 'MOP', 'MOP', '1', 0, '2022-07-22 10:55:15'),
(97, 'MRO', 'MRO', 'MRO', '1', 0, '2022-07-22 10:55:15'),
(98, 'MUR', 'MUR', 'MUR', '1', 0, '2022-07-22 10:55:15'),
(99, 'MVR', 'MVR', 'MVR', '1', 0, '2022-07-22 10:55:15'),
(100, 'MWK', 'MWK', 'MWK', '1', 0, '2022-07-22 10:55:15'),
(101, 'MXN', 'MXN', 'MXN', '1', 0, '2022-07-22 10:55:15'),
(102, 'MXV', 'MXV', 'MXV', '1', 0, '2022-07-22 10:55:15'),
(103, 'MYR', 'MYR', 'MYR', '1', 0, '2022-07-22 10:55:15'),
(104, 'MZN', 'MZN', 'MZN', '1', 0, '2022-07-22 10:55:15'),
(105, 'NAD', 'NAD', 'NAD', '1', 0, '2022-07-30 09:32:37'),
(106, 'NGN', 'NGN', 'NGN', '1', 0, '2022-12-30 06:20:42'),
(107, 'NIO', 'NIO', 'NIO', '1', 0, '2022-07-22 10:55:15'),
(108, 'NOK', 'NOK', 'NOK', '1', 0, '2022-07-22 10:55:15'),
(109, 'NPR', 'NPR', 'NPR', '1', 0, '2022-07-22 10:55:15'),
(110, 'NZD', 'NZD', 'NZD', '1', 0, '2022-07-22 10:55:15'),
(111, 'OMR', 'OMR', 'OMR', '1', 0, '2022-07-22 10:55:15'),
(112, 'PAB', 'PAB', 'PAB', '1', 0, '2022-07-22 10:55:15'),
(113, 'PEN', 'PEN', 'PEN', '1', 0, '2022-07-22 10:55:15'),
(114, 'PGK', 'PGK', 'PGK', '1', 0, '2022-07-22 10:55:15'),
(115, 'PHP', 'PHP', 'PHP', '1', 0, '2022-07-22 10:55:15'),
(116, 'PKR', 'PKR', 'PKR', '1', 0, '2022-12-30 06:20:19'),
(117, 'PLN', 'PLN', 'PLN', '1', 0, '2022-07-22 10:55:15'),
(118, 'PYG', 'PYG', 'PYG', '1', 0, '2022-07-22 10:55:15'),
(119, 'QAR', 'QAR', 'QAR', '1', 0, '2022-07-22 10:55:15'),
(120, 'RON', 'RON', 'RON', '1', 0, '2022-07-22 10:55:15'),
(121, 'RSD', 'RSD', 'RSD', '1', 0, '2022-07-22 10:55:15'),
(122, 'RUB', 'RUB', 'RUB', '1', 0, '2022-12-30 06:20:16'),
(123, 'RWF', 'RWF', 'RWF', '1', 0, '2022-07-22 10:55:15'),
(124, 'SAR', 'SAR', 'SAR', '1', 0, '2022-07-22 10:55:15'),
(125, 'SBD', 'SBD', 'SBD', '1', 0, '2022-07-22 10:55:15'),
(126, 'SCR', 'SCR', 'SCR', '1', 0, '2022-07-22 10:55:15'),
(127, 'SDG', 'SDG', 'SDG', '1', 0, '2022-07-22 10:55:15'),
(128, 'SEK', 'SEK', 'SEK', '1', 0, '2022-07-22 10:55:15'),
(129, 'SGD', 'SGD', 'SGD', '1', 0, '2022-07-22 10:55:15'),
(130, 'SHP', 'SHP', 'SHP', '1', 0, '2022-07-22 10:55:15'),
(131, 'SLL', 'SLL', 'SLL', '1', 0, '2022-07-22 10:55:15'),
(132, 'SOS', 'SOS', 'SOS', '1', 0, '2022-07-22 10:55:15'),
(133, 'SRD', 'SRD', 'SRD', '1', 0, '2022-07-22 10:55:15'),
(134, 'SSP', 'SSP', 'SSP', '1', 0, '2022-07-22 10:55:15'),
(135, 'STD', 'STD', 'STD', '1', 0, '2022-07-22 10:55:15'),
(136, 'SVC', 'SVC', 'SVC', '1', 0, '2022-07-22 10:55:15'),
(137, 'SYP', 'SYP', 'SYP', '1', 0, '2022-07-22 10:55:15'),
(138, 'SZL', 'SZL', 'SZL', '1', 0, '2022-07-22 10:55:15'),
(139, 'THB', 'THB', 'THB', '1', 0, '2022-07-22 10:55:15'),
(140, 'TJS', 'TJS', 'TJS', '1', 0, '2022-07-22 10:55:15'),
(141, 'TMT', 'TMT', 'TMT', '1', 0, '2022-07-22 10:55:15'),
(142, 'TND', 'TND', 'TND', '1', 0, '2022-07-22 10:55:15'),
(143, 'TOP', 'TOP', 'TOP', '1', 0, '2022-07-22 10:55:15'),
(144, 'TRY', 'TRY', 'TRY', '1', 0, '2022-07-22 10:55:15'),
(145, 'TTD', 'TTD', 'TTD', '1', 0, '2022-07-22 10:55:15'),
(146, 'TWD', 'TWD', 'TWD', '1', 0, '2022-07-22 10:55:15'),
(147, 'TZS', 'TZS', 'TZS', '1', 0, '2022-07-22 10:55:15'),
(148, 'UAH', 'UAH', 'UAH', '1', 0, '2022-07-22 10:55:15'),
(149, 'UGX', 'UGX', 'UGX', '1', 0, '2022-07-22 10:55:15'),
(150, 'USD', 'USD', '$', '1', 0, '2023-03-13 07:20:59'),
(151, 'USN', 'USN', 'USN', '1', 0, '2022-12-30 06:20:03'),
(152, 'UYI', 'UYI', 'UYI', '1', 0, '2022-07-22 10:55:15'),
(153, 'UYU', 'UYU', 'UYU', '1', 0, '2022-07-22 10:55:15'),
(154, 'UZS', 'UZS', 'UZS', '1', 0, '2022-07-22 10:55:15'),
(155, 'VEF', 'VEF', 'VEF', '1', 0, '2022-07-22 10:55:15'),
(156, 'VND', 'VND', 'VND', '1', 0, '2022-07-22 10:55:15'),
(157, 'VUV', 'VUV', 'VUV', '1', 0, '2022-07-22 10:55:15'),
(158, 'WST', 'WST', 'WST', '1', 0, '2022-07-22 10:55:15'),
(159, 'XAF', 'XAF', 'XAF', '1', 0, '2022-07-22 10:55:15'),
(160, 'XAG', 'XAG', 'XAG', '1', 0, '2022-07-22 10:55:15'),
(161, 'XAU', 'XAU', 'XAU', '1', 0, '2022-07-22 10:55:15'),
(162, 'XBA', 'XBA', 'XBA', '1', 0, '2022-07-22 10:55:15'),
(163, 'XBB', 'XBB', 'XBB', '1', 0, '2022-07-22 10:55:15'),
(164, 'XBC', 'XBC', 'XBC', '1', 0, '2022-07-22 10:55:15'),
(165, 'XBD', 'XBD', 'XBD', '1', 0, '2022-07-22 10:55:15'),
(166, 'XCD', 'XCD', 'XCD', '1', 0, '2022-07-22 10:55:15'),
(167, 'XDR', 'XDR', 'XDR', '1', 0, '2022-07-22 10:55:15'),
(168, 'XOF', 'XOF', 'XOF', '1', 0, '2022-07-22 10:55:15'),
(169, 'XPD', 'XPD', 'XPD', '1', 0, '2022-07-22 10:55:15'),
(170, 'XPF', 'XPF', 'XPF', '1', 0, '2022-07-22 10:55:15'),
(171, 'XPT', 'XPT', 'XPT', '1', 0, '2022-07-22 10:55:15'),
(172, 'XSU', 'XSU', 'XSU', '1', 0, '2022-07-22 10:55:15'),
(173, 'XTS', 'XTS', 'XTS', '1', 0, '2022-07-22 10:55:15'),
(174, 'XUA', 'XUA', 'XUA', '1', 0, '2022-07-22 10:55:15'),
(175, 'XXX', 'XXX', 'XXX', '1', 0, '2022-07-22 10:55:15'),
(176, 'YER', 'YER', 'YER', '1', 0, '2022-07-22 10:55:15'),
(177, 'ZAR', 'ZAR', 'ZAR', '1', 0, '2022-12-30 06:20:07'),
(178, 'ZMW', 'ZMW', 'ZMW', '1', 0, '2022-07-30 07:34:00'),
(179, 'ZWL', 'ZWL', 'ZWL', '1', 0, '2022-07-22 10:55:15');

-- --------------------------------------------------------

--
-- Table structure for table `custom_fields`
--

CREATE TABLE `custom_fields` (
  `id` int(11) NOT NULL,
  `name` varchar(100) DEFAULT NULL,
  `belong_to` varchar(100) DEFAULT NULL,
  `type` varchar(100) DEFAULT NULL,
  `bs_column` int(11) DEFAULT NULL,
  `validation` int(11) DEFAULT 0,
  `field_values` text DEFAULT NULL,
  `show_table` varchar(100) DEFAULT NULL,
  `visible_on_table` int(11) NOT NULL,
  `weight` int(11) DEFAULT NULL,
  `is_active` int(11) DEFAULT 0,
  `created_at` timestamp NOT NULL DEFAULT current_timestamp() ON UPDATE current_timestamp(),
  `updated_at` date DEFAULT NULL
) ENGINE=InnoDB DEFAULT CHARSET=utf8mb3 COLLATE=utf8mb3_general_ci;

-- --------------------------------------------------------

--
-- Table structure for table `custom_field_values`
--

CREATE TABLE `custom_field_values` (
  `id` int(11) NOT NULL,
  `belong_table_id` int(11) DEFAULT NULL,
  `custom_field_id` int(11) DEFAULT NULL,
  `field_value` varchar(500) DEFAULT NULL,
  `created_at` timestamp NOT NULL DEFAULT current_timestamp() ON UPDATE current_timestamp(),
  `updated_at` date DEFAULT NULL
) ENGINE=InnoDB DEFAULT CHARSET=utf8mb3 COLLATE=utf8mb3_general_ci;

-- --------------------------------------------------------

--
-- Table structure for table `daily_assignment`
--

CREATE TABLE `daily_assignment` (
  `id` int(11) NOT NULL,
  `student_session_id` int(11) NOT NULL,
  `subject_group_subject_id` int(11) NOT NULL,
  `title` varchar(255) DEFAULT NULL,
  `description` text DEFAULT NULL,
  `attachment` varchar(255) DEFAULT NULL,
  `evaluated_by` int(11) DEFAULT NULL,
  `date` date DEFAULT NULL,
  `evaluation_date` date DEFAULT NULL,
  `remark` text NOT NULL,
  `created_at` timestamp NOT NULL DEFAULT current_timestamp()
) ENGINE=InnoDB DEFAULT CHARSET=utf8mb3 COLLATE=utf8mb3_general_ci;

-- --------------------------------------------------------

--
-- Table structure for table `department`
--

CREATE TABLE `department` (
  `id` int(11) NOT NULL,
  `department_name` varchar(200) NOT NULL,
  `is_active` varchar(100) NOT NULL
) ENGINE=InnoDB DEFAULT CHARSET=utf8mb3 COLLATE=utf8mb3_general_ci;

--
-- Dumping data for table `department`
--

INSERT INTO `department` (`id`, `department_name`, `is_active`) VALUES
(1, 'Lab', 'yes'),
(2, 'Acounts', 'yes'),
(3, 'Class', 'yes'),
(4, 'Office', 'yes'),
(5, 'Field', 'yes'),
(6, 'Outdoor', 'yes');

-- --------------------------------------------------------

--
-- Table structure for table `disable_reason`
--

CREATE TABLE `disable_reason` (
  `id` int(11) NOT NULL,
  `reason` varchar(255) NOT NULL,
  `created_at` timestamp NOT NULL DEFAULT current_timestamp() ON UPDATE current_timestamp()
) ENGINE=InnoDB DEFAULT CHARSET=utf8mb3 COLLATE=utf8mb3_general_ci;

-- --------------------------------------------------------

--
-- Table structure for table `dispatch_receive`
--

CREATE TABLE `dispatch_receive` (
  `id` int(11) NOT NULL,
  `reference_no` varchar(50) NOT NULL,
  `to_title` varchar(100) NOT NULL,
  `type` varchar(10) NOT NULL,
  `address` varchar(500) NOT NULL,
  `note` varchar(500) NOT NULL,
  `from_title` varchar(200) NOT NULL,
  `date` date DEFAULT NULL,
  `image` varchar(100) DEFAULT NULL,
  `created_at` timestamp NOT NULL DEFAULT current_timestamp() ON UPDATE current_timestamp()
) ENGINE=InnoDB DEFAULT CHARSET=utf8mb3 COLLATE=utf8mb3_general_ci;

-- --------------------------------------------------------

--
-- Table structure for table `email_attachments`
--

CREATE TABLE `email_attachments` (
  `id` int(11) NOT NULL,
  `message_id` int(11) NOT NULL,
  `directory` varchar(255) NOT NULL,
  `attachment` varchar(255) NOT NULL,
  `attachment_name` varchar(200) NOT NULL,
  `created_at` timestamp NULL DEFAULT current_timestamp()
) ENGINE=InnoDB DEFAULT CHARSET=utf8mb3 COLLATE=utf8mb3_general_ci;

-- --------------------------------------------------------

--
-- Table structure for table `email_config`
--

CREATE TABLE `email_config` (
  `id` int(10) UNSIGNED NOT NULL,
  `email_type` varchar(100) DEFAULT NULL,
  `smtp_server` varchar(100) DEFAULT NULL,
  `smtp_port` varchar(100) DEFAULT NULL,
  `smtp_username` varchar(100) DEFAULT NULL,
  `smtp_password` varchar(100) DEFAULT NULL,
  `ssl_tls` varchar(100) DEFAULT NULL,
  `smtp_auth` varchar(10) NOT NULL,
  `api_key` varchar(255) DEFAULT NULL,
  `api_secret` varchar(255) DEFAULT NULL,
  `region` varchar(255) DEFAULT NULL,
  `is_active` varchar(10) NOT NULL DEFAULT 'no',
  `created_at` timestamp NOT NULL DEFAULT current_timestamp() ON UPDATE current_timestamp()
) ENGINE=InnoDB DEFAULT CHARSET=utf8mb3 COLLATE=utf8mb3_general_ci;

--
-- Dumping data for table `email_config`
--

INSERT INTO `email_config` (`id`, `email_type`, `smtp_server`, `smtp_port`, `smtp_username`, `smtp_password`, `ssl_tls`, `smtp_auth`, `api_key`, `api_secret`, `region`, `is_active`, `created_at`) VALUES
(1, 'sendmail', '', '', NULL, '', '', 'true', '', '', '', 'yes', '2023-05-29 15:31:29');

-- --------------------------------------------------------

--
-- Table structure for table `email_template`
--

CREATE TABLE `email_template` (
  `id` int(11) NOT NULL,
  `title` varchar(100) NOT NULL,
  `message` text NOT NULL,
  `created_at` date NOT NULL
) ENGINE=InnoDB DEFAULT CHARSET=utf8mb3 COLLATE=utf8mb3_general_ci;

-- --------------------------------------------------------

--
-- Table structure for table `email_template_attachment`
--

CREATE TABLE `email_template_attachment` (
  `id` int(11) NOT NULL,
  `email_template_id` int(11) NOT NULL,
  `attachment` varchar(100) NOT NULL,
  `attachment_name` text NOT NULL
) ENGINE=InnoDB DEFAULT CHARSET=utf8mb3 COLLATE=utf8mb3_general_ci;

-- --------------------------------------------------------

--
-- Table structure for table `enquiry`
--

CREATE TABLE `enquiry` (
  `id` int(11) NOT NULL,
  `name` varchar(100) NOT NULL,
  `contact` varchar(20) NOT NULL,
  `address` text NOT NULL,
  `reference` varchar(20) NOT NULL,
  `date` date NOT NULL,
  `description` varchar(500) NOT NULL,
  `follow_up_date` date NOT NULL,
  `note` text NOT NULL,
  `source` varchar(50) NOT NULL,
  `email` varchar(50) DEFAULT NULL,
  `assigned` int(11) DEFAULT NULL,
  `class_id` int(11) DEFAULT NULL,
  `no_of_child` varchar(11) DEFAULT NULL,
  `status` varchar(100) NOT NULL,
  `created_by` int(11) NOT NULL,
  `created_at` timestamp NOT NULL DEFAULT current_timestamp()
) ENGINE=InnoDB DEFAULT CHARSET=utf8mb3 COLLATE=utf8mb3_general_ci;

-- --------------------------------------------------------

--
-- Table structure for table `enquiry_type`
--

CREATE TABLE `enquiry_type` (
  `id` int(11) NOT NULL,
  `enquiry_type` varchar(100) NOT NULL,
  `description` text NOT NULL
) ENGINE=InnoDB DEFAULT CHARSET=utf8mb3 COLLATE=utf8mb3_general_ci;

-- --------------------------------------------------------

--
-- Table structure for table `events`
--

CREATE TABLE `events` (
  `id` int(11) NOT NULL,
  `event_title` varchar(200) NOT NULL,
  `event_description` text NOT NULL,
  `start_date` datetime NOT NULL,
  `end_date` datetime NOT NULL,
  `event_type` varchar(100) NOT NULL,
  `event_color` varchar(200) NOT NULL,
  `event_for` varchar(100) NOT NULL,
  `role_id` int(11) DEFAULT NULL,
  `is_active` varchar(100) NOT NULL
) ENGINE=InnoDB DEFAULT CHARSET=utf8mb3 COLLATE=utf8mb3_general_ci;

-- --------------------------------------------------------

--
-- Table structure for table `exams`
--

CREATE TABLE `exams` (
  `id` int(11) NOT NULL,
  `name` varchar(200) DEFAULT NULL,
  `sesion_id` int(11) NOT NULL,
  `note` text DEFAULT NULL,
  `is_active` varchar(255) DEFAULT 'no',
  `created_at` timestamp NOT NULL DEFAULT current_timestamp() ON UPDATE current_timestamp(),
  `updated_at` date DEFAULT NULL
) ENGINE=InnoDB DEFAULT CHARSET=utf8mb3 COLLATE=utf8mb3_general_ci;

-- --------------------------------------------------------

--
-- Table structure for table `exam_groups`
--

CREATE TABLE `exam_groups` (
  `id` int(11) NOT NULL,
  `name` varchar(250) DEFAULT NULL,
  `exam_type` varchar(250) DEFAULT NULL,
  `description` text DEFAULT NULL,
  `is_active` int(11) DEFAULT 1,
  `created_at` timestamp NOT NULL DEFAULT current_timestamp() ON UPDATE current_timestamp(),
  `updated_at` date DEFAULT NULL
) ENGINE=InnoDB DEFAULT CHARSET=utf8mb3 COLLATE=utf8mb3_general_ci;

--
-- Dumping data for table `exam_groups`
--

INSERT INTO `exam_groups` (`id`, `name`, `exam_type`, `description`, `is_active`, `created_at`, `updated_at`) VALUES
(1, '1st Tutorial', 'basic_system', '', 0, '2023-03-17 14:49:47', NULL),
(2, '2nd tutorial', 'basic_system', '', 0, '2023-05-04 15:34:39', NULL);

-- --------------------------------------------------------

--
-- Table structure for table `exam_group_class_batch_exams`
--

CREATE TABLE `exam_group_class_batch_exams` (
  `id` int(11) NOT NULL,
  `exam` varchar(250) DEFAULT NULL,
  `passing_percentage` float(10,2) DEFAULT NULL,
  `session_id` int(11) NOT NULL,
  `date_from` date DEFAULT NULL,
  `date_to` date DEFAULT NULL,
  `exam_group_id` int(11) DEFAULT NULL,
  `use_exam_roll_no` int(11) NOT NULL DEFAULT 1,
  `is_publish` int(11) DEFAULT 0,
  `is_rank_generated` int(11) NOT NULL DEFAULT 0,
  `description` text DEFAULT NULL,
  `is_active` int(11) DEFAULT 0,
  `created_at` timestamp NOT NULL DEFAULT current_timestamp() ON UPDATE current_timestamp(),
  `updated_at` date DEFAULT NULL
) ENGINE=InnoDB DEFAULT CHARSET=utf8mb3 COLLATE=utf8mb3_general_ci;

--
-- Dumping data for table `exam_group_class_batch_exams`
--

INSERT INTO `exam_group_class_batch_exams` (`id`, `exam`, `passing_percentage`, `session_id`, `date_from`, `date_to`, `exam_group_id`, `use_exam_roll_no`, `is_publish`, `is_rank_generated`, `description`, `is_active`, `created_at`, `updated_at`) VALUES
(1, '1st Tutorial', NULL, 19, NULL, NULL, 1, 1, 0, 0, '', 1, '2023-03-17 14:51:21', NULL),
(2, '2nd tutorial', NULL, 19, NULL, NULL, 2, 1, 0, 1, '', 1, '2023-05-04 15:40:24', NULL);

-- --------------------------------------------------------

--
-- Table structure for table `exam_group_class_batch_exam_students`
--

CREATE TABLE `exam_group_class_batch_exam_students` (
  `id` int(11) NOT NULL,
  `exam_group_class_batch_exam_id` int(11) NOT NULL,
  `student_id` int(11) NOT NULL,
  `student_session_id` int(11) NOT NULL,
  `roll_no` int(11) DEFAULT NULL,
  `teacher_remark` text DEFAULT NULL,
  `rank` int(11) NOT NULL DEFAULT 0,
  `is_active` int(11) DEFAULT 0,
  `created_at` timestamp NOT NULL DEFAULT current_timestamp() ON UPDATE current_timestamp(),
  `updated_at` date DEFAULT NULL
) ENGINE=InnoDB DEFAULT CHARSET=utf8mb3 COLLATE=utf8mb3_general_ci;

--
-- Dumping data for table `exam_group_class_batch_exam_students`
--

INSERT INTO `exam_group_class_batch_exam_students` (`id`, `exam_group_class_batch_exam_id`, `student_id`, `student_session_id`, `roll_no`, `teacher_remark`, `rank`, `is_active`, `created_at`, `updated_at`) VALUES
(1, 1, 1, 1, 100001, NULL, 0, 0, '2023-09-27 06:38:15', NULL),
(2, 1, 2, 2, 100002, NULL, 0, 0, '2023-09-27 06:38:15', NULL),
(3, 1, 3, 3, 100003, NULL, 0, 0, '2023-09-27 06:38:15', NULL),
(4, 1, 4, 4, 100004, NULL, 0, 0, '2023-09-27 06:38:15', NULL),
(5, 1, 5, 5, 100005, NULL, 0, 0, '2023-09-27 06:38:15', NULL),
(6, 2, 1, 1, NULL, NULL, 4, 0, '2023-05-04 15:40:24', NULL),
(7, 2, 2, 2, NULL, NULL, 5, 0, '2023-05-04 15:40:24', NULL),
(8, 2, 3, 3, NULL, NULL, 3, 0, '2023-05-04 15:40:24', NULL),
(9, 2, 4, 4, NULL, NULL, 1, 0, '2023-05-04 15:40:24', NULL),
(10, 2, 5, 5, NULL, NULL, 2, 0, '2023-05-04 15:40:24', NULL);

-- --------------------------------------------------------

--
-- Table structure for table `exam_group_class_batch_exam_subjects`
--

CREATE TABLE `exam_group_class_batch_exam_subjects` (
  `id` int(11) NOT NULL,
  `exam_group_class_batch_exams_id` int(11) DEFAULT NULL,
  `subject_id` int(11) NOT NULL,
  `date_from` date NOT NULL,
  `time_from` time NOT NULL,
  `duration` varchar(50) NOT NULL,
  `room_no` varchar(100) DEFAULT NULL,
  `max_marks` float(10,2) DEFAULT NULL,
  `min_marks` float(10,2) DEFAULT NULL,
  `credit_hours` float(10,2) DEFAULT 0.00,
  `date_to` datetime DEFAULT NULL,
  `is_active` int(11) DEFAULT 0,
  `created_at` timestamp NOT NULL DEFAULT current_timestamp() ON UPDATE current_timestamp(),
  `updated_at` date DEFAULT NULL
) ENGINE=InnoDB DEFAULT CHARSET=utf8mb3 COLLATE=utf8mb3_general_ci;

--
-- Dumping data for table `exam_group_class_batch_exam_subjects`
--

INSERT INTO `exam_group_class_batch_exam_subjects` (`id`, `exam_group_class_batch_exams_id`, `subject_id`, `date_from`, `time_from`, `duration`, `room_no`, `max_marks`, `min_marks`, `credit_hours`, `date_to`, `is_active`, `created_at`, `updated_at`) VALUES
(1, 1, 1, '2023-03-17', '09:00:00', '60', '101', 100.00, 33.00, 1.00, NULL, 0, '2023-03-17 14:54:18', NULL),
(2, 1, 2, '2023-03-17', '10:00:00', '60', '101', 100.00, 33.00, 1.00, NULL, 0, '2023-03-17 14:54:18', NULL),
(3, 1, 4, '2023-03-17', '11:00:00', '60', '101', 100.00, 33.00, 1.00, NULL, 0, '2023-03-17 14:54:18', NULL),
(4, 2, 1, '2023-05-04', '09:00:00', '60', '101', 100.00, 33.00, 1.00, NULL, 0, '2023-05-04 15:37:12', NULL),
(5, 2, 2, '2023-05-04', '10:00:00', '60', '101', 100.00, 33.00, 1.00, NULL, 0, '2023-05-04 15:37:12', NULL),
(6, 2, 4, '2023-05-04', '11:00:00', '60', '101', 100.00, 33.00, 1.00, NULL, 0, '2023-05-04 15:37:12', NULL);

-- --------------------------------------------------------

--
-- Table structure for table `exam_group_exam_connections`
--

CREATE TABLE `exam_group_exam_connections` (
  `id` int(11) NOT NULL,
  `exam_group_id` int(11) DEFAULT NULL,
  `exam_group_class_batch_exams_id` int(11) DEFAULT NULL,
  `exam_weightage` float(10,2) DEFAULT 0.00,
  `is_active` int(11) DEFAULT 0,
  `created_at` timestamp NOT NULL DEFAULT current_timestamp() ON UPDATE current_timestamp(),
  `updated_at` date DEFAULT NULL
) ENGINE=InnoDB DEFAULT CHARSET=utf8mb3 COLLATE=utf8mb3_general_ci;

-- --------------------------------------------------------

--
-- Table structure for table `exam_group_exam_results`
--

CREATE TABLE `exam_group_exam_results` (
  `id` int(11) NOT NULL,
  `exam_group_class_batch_exam_student_id` int(11) NOT NULL,
  `exam_group_class_batch_exam_subject_id` int(11) DEFAULT NULL,
  `exam_group_student_id` int(11) DEFAULT NULL,
  `attendence` varchar(10) DEFAULT NULL,
  `get_marks` float(10,2) DEFAULT 0.00,
  `note` text DEFAULT NULL,
  `is_active` int(11) DEFAULT 0,
  `created_at` timestamp NOT NULL DEFAULT current_timestamp() ON UPDATE current_timestamp(),
  `updated_at` date DEFAULT NULL
) ENGINE=InnoDB DEFAULT CHARSET=utf8mb3 COLLATE=utf8mb3_general_ci;

--
-- Dumping data for table `exam_group_exam_results`
--

INSERT INTO `exam_group_exam_results` (`id`, `exam_group_class_batch_exam_student_id`, `exam_group_class_batch_exam_subject_id`, `exam_group_student_id`, `attendence`, `get_marks`, `note`, `is_active`, `created_at`, `updated_at`) VALUES
(1, 1, 1, NULL, 'present', 33.00, 'Good', 0, '2023-03-17 14:55:45', NULL),
(2, 2, 1, NULL, 'present', 85.00, 'Well', 0, '2023-03-17 14:55:45', NULL),
(3, 3, 1, NULL, 'present', 95.00, 'Very Good', 0, '2023-03-17 14:55:45', NULL),
(4, 4, 1, NULL, 'present', 100.00, 'V.V.Good', 0, '2023-03-17 14:55:45', NULL),
(5, 5, 1, NULL, 'present', 35.00, 'Bad', 0, '2023-03-17 14:55:45', NULL),
(6, 1, 2, NULL, 'absent', NULL, '', 0, '2023-03-17 14:56:44', NULL),
(7, 2, 2, NULL, 'present', 100.00, 'Very Good', 0, '2023-03-17 14:56:44', NULL),
(8, 3, 2, NULL, 'present', 95.00, 'Good', 0, '2023-03-17 14:56:44', NULL),
(9, 4, 2, NULL, 'present', 98.00, 'Very Good', 0, '2023-03-17 14:56:44', NULL),
(10, 5, 2, NULL, 'present', 20.00, 'Fail', 0, '2023-03-17 14:56:44', NULL),
(11, 1, 3, NULL, 'present', 100.00, 'Pass', 0, '2023-03-17 14:57:42', NULL),
(12, 2, 3, NULL, 'present', 100.00, 'Pass', 0, '2023-03-17 14:57:42', NULL),
(13, 3, 3, NULL, 'present', 100.00, 'Pass', 0, '2023-03-17 14:57:42', NULL),
(14, 4, 3, NULL, 'absent', NULL, 'Fail', 0, '2023-03-17 14:57:42', NULL),
(15, 5, 3, NULL, 'present', 95.00, 'Pass', 0, '2023-03-17 14:57:42', NULL),
(16, 6, 4, NULL, 'present', 50.00, '', 0, '2023-05-04 15:38:43', NULL),
(17, 7, 4, NULL, 'absent', NULL, '', 0, '2023-05-04 15:38:43', NULL),
(18, 8, 4, NULL, 'present', 33.00, '', 0, '2023-05-04 15:38:43', NULL),
(19, 9, 4, NULL, 'present', 100.00, '', 0, '2023-05-04 15:38:43', NULL),
(20, 10, 4, NULL, 'present', 100.00, '', 0, '2023-05-04 15:38:43', NULL),
(21, 6, 5, NULL, 'present', 100.00, '', 0, '2023-05-04 15:39:22', NULL),
(22, 7, 5, NULL, 'present', 35.00, '', 0, '2023-05-04 15:39:22', NULL),
(23, 8, 5, NULL, 'present', 50.00, '', 0, '2023-05-04 15:39:22', NULL),
(24, 9, 5, NULL, 'present', 90.00, '', 0, '2023-05-04 15:39:22', NULL),
(25, 10, 5, NULL, 'present', 100.00, '', 0, '2023-05-04 15:39:22', NULL),
(26, 6, 6, NULL, 'absent', NULL, '', 0, '2023-05-04 15:39:47', NULL),
(27, 7, 6, NULL, 'absent', NULL, '', 0, '2023-05-04 15:39:47', NULL),
(28, 8, 6, NULL, 'present', 50.00, '', 0, '2023-05-04 15:39:47', NULL),
(29, 9, 6, NULL, 'present', 100.00, '', 0, '2023-05-04 15:39:47', NULL),
(30, 10, 6, NULL, 'present', 33.00, '', 0, '2023-05-04 15:39:47', NULL);

-- --------------------------------------------------------

--
-- Table structure for table `exam_group_students`
--

CREATE TABLE `exam_group_students` (
  `id` int(11) NOT NULL,
  `exam_group_id` int(11) DEFAULT NULL,
  `student_id` int(11) DEFAULT NULL,
  `student_session_id` int(11) DEFAULT NULL,
  `is_active` int(11) DEFAULT 0,
  `created_at` timestamp NOT NULL DEFAULT current_timestamp() ON UPDATE current_timestamp(),
  `updated_at` date DEFAULT NULL
) ENGINE=InnoDB DEFAULT CHARSET=utf8mb3 COLLATE=utf8mb3_general_ci;

-- --------------------------------------------------------

--
-- Table structure for table `exam_schedules`
--

CREATE TABLE `exam_schedules` (
  `id` int(11) NOT NULL,
  `session_id` int(11) NOT NULL,
  `exam_id` int(11) DEFAULT NULL,
  `teacher_subject_id` int(11) DEFAULT NULL,
  `date_of_exam` date DEFAULT NULL,
  `start_to` varchar(50) DEFAULT NULL,
  `end_from` varchar(50) DEFAULT NULL,
  `room_no` varchar(50) DEFAULT NULL,
  `full_marks` int(11) DEFAULT NULL,
  `passing_marks` int(11) DEFAULT NULL,
  `note` text DEFAULT NULL,
  `is_active` varchar(255) DEFAULT 'no',
  `created_at` timestamp NOT NULL DEFAULT current_timestamp() ON UPDATE current_timestamp(),
  `updated_at` date DEFAULT NULL
) ENGINE=InnoDB DEFAULT CHARSET=utf8mb3 COLLATE=utf8mb3_general_ci;

-- --------------------------------------------------------

--
-- Table structure for table `expenses`
--

CREATE TABLE `expenses` (
  `id` int(11) NOT NULL,
  `exp_head_id` int(11) DEFAULT NULL,
  `name` varchar(50) DEFAULT NULL,
  `invoice_no` varchar(200) DEFAULT NULL,
  `date` date DEFAULT NULL,
  `amount` float(10,2) DEFAULT NULL,
  `documents` varchar(255) DEFAULT NULL,
  `note` text DEFAULT NULL,
  `is_active` varchar(255) DEFAULT 'yes',
  `is_deleted` varchar(255) DEFAULT 'no',
  `created_at` timestamp NOT NULL DEFAULT current_timestamp() ON UPDATE current_timestamp(),
  `updated_at` date DEFAULT NULL
) ENGINE=InnoDB DEFAULT CHARSET=utf8mb3 COLLATE=utf8mb3_general_ci;

--
-- Dumping data for table `expenses`
--

INSERT INTO `expenses` (`id`, `exp_head_id`, `name`, `invoice_no`, `date`, `amount`, `documents`, `note`, `is_active`, `is_deleted`, `created_at`, `updated_at`) VALUES
(1, 2, 'Covid-19 Sanitization', '3444', '2023-03-13', 4566.00, NULL, '', 'yes', 'no', '2023-03-13 17:52:07', NULL),
(2, 4, 'Lotus', '444', '2023-03-13', 666.00, NULL, '', 'yes', 'no', '2023-03-13 17:52:29', NULL),
(3, 1, 'Monthly Bill', '444', '2023-03-13', 8994.00, NULL, '', 'yes', 'no', '2023-03-13 17:54:37', NULL),
(4, 3, 'Monthy', '7665', '2023-03-13', 78990.00, NULL, '', 'yes', 'no', '2023-03-13 17:55:12', NULL);

-- --------------------------------------------------------

--
-- Table structure for table `expense_head`
--

CREATE TABLE `expense_head` (
  `id` int(11) NOT NULL,
  `exp_category` varchar(50) DEFAULT NULL,
  `description` text DEFAULT NULL,
  `is_active` varchar(255) DEFAULT 'yes',
  `is_deleted` varchar(255) DEFAULT 'no',
  `created_at` timestamp NOT NULL DEFAULT current_timestamp() ON UPDATE current_timestamp(),
  `updated_at` date DEFAULT NULL
) ENGINE=InnoDB DEFAULT CHARSET=utf8mb3 COLLATE=utf8mb3_general_ci;

--
-- Dumping data for table `expense_head`
--

INSERT INTO `expense_head` (`id`, `exp_category`, `description`, `is_active`, `is_deleted`, `created_at`, `updated_at`) VALUES
(1, 'Stationery Purchase', '', 'yes', 'no', '2023-03-13 17:50:04', NULL),
(2, 'Electricity Bill', '', 'yes', 'no', '2023-03-13 17:50:30', NULL),
(3, 'Telephone Bill', '', 'yes', 'no', '2023-03-13 17:50:39', NULL),
(4, 'Miscellaneous', '', 'yes', 'no', '2023-03-13 17:50:56', NULL),
(5, 'Flower', '', 'yes', 'no', '2023-03-13 17:51:14', NULL);

-- --------------------------------------------------------

--
-- Table structure for table `feemasters`
--

CREATE TABLE `feemasters` (
  `id` int(11) NOT NULL,
  `session_id` int(11) DEFAULT NULL,
  `feetype_id` int(11) NOT NULL,
  `class_id` int(11) DEFAULT NULL,
  `amount` float(10,2) DEFAULT NULL,
  `description` text DEFAULT NULL,
  `is_active` varchar(255) DEFAULT 'no',
  `created_at` timestamp NOT NULL DEFAULT current_timestamp() ON UPDATE current_timestamp(),
  `updated_at` date DEFAULT NULL
) ENGINE=InnoDB DEFAULT CHARSET=utf8mb3 COLLATE=utf8mb3_general_ci;

-- --------------------------------------------------------

--
-- Table structure for table `fees_discounts`
--

CREATE TABLE `fees_discounts` (
  `id` int(11) NOT NULL,
  `session_id` int(11) DEFAULT NULL,
  `name` varchar(100) DEFAULT NULL,
  `code` varchar(100) DEFAULT NULL,
  `type` varchar(20) DEFAULT NULL,
  `percentage` float(10,2) DEFAULT NULL,
  `amount` decimal(10,2) DEFAULT NULL,
  `description` text DEFAULT NULL,
  `is_active` varchar(10) NOT NULL DEFAULT 'no',
  `created_at` timestamp NOT NULL DEFAULT current_timestamp() ON UPDATE current_timestamp()
) ENGINE=InnoDB DEFAULT CHARSET=utf8mb3 COLLATE=utf8mb3_general_ci;

-- --------------------------------------------------------

--
-- Table structure for table `fees_reminder`
--

CREATE TABLE `fees_reminder` (
  `id` int(11) NOT NULL,
  `reminder_type` varchar(10) DEFAULT NULL,
  `day` int(11) DEFAULT NULL,
  `is_active` int(11) DEFAULT 0,
  `created_at` timestamp NOT NULL DEFAULT current_timestamp() ON UPDATE current_timestamp(),
  `updated_at` date DEFAULT NULL
) ENGINE=InnoDB DEFAULT CHARSET=utf8mb3 COLLATE=utf8mb3_general_ci;

--
-- Dumping data for table `fees_reminder`
--

INSERT INTO `fees_reminder` (`id`, `reminder_type`, `day`, `is_active`, `created_at`, `updated_at`) VALUES
(1, 'before', 2, 0, '2020-02-28 13:38:32', NULL),
(2, 'before', 5, 0, '2020-02-28 13:38:36', NULL),
(3, 'after', 2, 0, '2020-02-28 13:38:40', NULL),
(4, 'after', 5, 0, '2020-02-28 13:38:44', NULL);

-- --------------------------------------------------------

--
-- Table structure for table `feetype`
--

CREATE TABLE `feetype` (
  `id` int(11) NOT NULL,
  `is_system` int(11) NOT NULL DEFAULT 0,
  `feecategory_id` int(11) DEFAULT NULL,
  `type` varchar(50) DEFAULT NULL,
  `code` varchar(100) NOT NULL,
  `is_active` varchar(255) DEFAULT 'no',
  `description` text DEFAULT NULL,
  `created_at` timestamp NOT NULL DEFAULT current_timestamp() ON UPDATE current_timestamp(),
  `updated_at` date DEFAULT NULL
) ENGINE=InnoDB DEFAULT CHARSET=utf8mb3 COLLATE=utf8mb3_general_ci;

--
-- Dumping data for table `feetype`
--

INSERT INTO `feetype` (`id`, `is_system`, `feecategory_id`, `type`, `code`, `is_active`, `description`, `created_at`, `updated_at`) VALUES
(1, 0, NULL, 'ID card Fee', '1', 'no', '', '2023-03-13 17:56:44', NULL),
(2, 0, NULL, 'Admission Fee', '2', 'no', '', '2023-03-13 17:57:07', NULL),
(3, 0, NULL, 'Tution Fees', '3', 'no', '', '2023-03-13 17:57:24', NULL),
(4, 0, NULL, 'Exam Fee', '4', 'no', '', '2023-03-13 17:57:39', NULL),
(5, 0, NULL, 'Vechle Fee', '5', 'no', '', '2023-03-13 17:57:58', NULL),
(6, 0, NULL, 'Admit card Fee', '6', 'no', '', '2023-03-13 17:58:15', NULL);

-- --------------------------------------------------------

--
-- Table structure for table `fee_groups`
--

CREATE TABLE `fee_groups` (
  `id` int(11) NOT NULL,
  `name` varchar(200) DEFAULT NULL,
  `is_system` int(11) NOT NULL DEFAULT 0,
  `description` text DEFAULT NULL,
  `is_active` varchar(10) NOT NULL DEFAULT 'no',
  `created_at` timestamp NOT NULL DEFAULT current_timestamp() ON UPDATE current_timestamp()
) ENGINE=InnoDB DEFAULT CHARSET=utf8mb3 COLLATE=utf8mb3_general_ci;

--
-- Dumping data for table `fee_groups`
--

INSERT INTO `fee_groups` (`id`, `name`, `is_system`, `description`, `is_active`, `created_at`) VALUES
(1, 'ID', 0, '', 'no', '2023-03-13 17:58:48'),
(2, 'Admission', 0, '', 'no', '2023-03-13 17:58:56'),
(3, 'Tution', 0, '', 'no', '2023-03-13 17:59:34'),
(4, 'Vechicle', 0, '', 'no', '2023-03-13 17:59:40'),
(5, 'Exam', 0, '', 'no', '2023-03-13 17:59:55'),
(6, 'Admit Card', 0, '', 'no', '2023-03-13 18:00:05'),
(7, 'Others', 0, '', 'no', '2023-03-13 18:00:14');

-- --------------------------------------------------------

--
-- Table structure for table `fee_groups_feetype`
--

CREATE TABLE `fee_groups_feetype` (
  `id` int(11) NOT NULL,
  `fee_session_group_id` int(11) DEFAULT NULL,
  `fee_groups_id` int(11) DEFAULT NULL,
  `feetype_id` int(11) DEFAULT NULL,
  `session_id` int(11) DEFAULT NULL,
  `amount` decimal(10,2) DEFAULT NULL,
  `fine_type` varchar(50) NOT NULL DEFAULT 'none',
  `due_date` date DEFAULT NULL,
  `fine_percentage` float(10,2) NOT NULL DEFAULT 0.00,
  `fine_amount` float(10,2) NOT NULL DEFAULT 0.00,
  `is_active` varchar(10) NOT NULL DEFAULT 'no',
  `created_at` timestamp NOT NULL DEFAULT current_timestamp() ON UPDATE current_timestamp()
) ENGINE=InnoDB DEFAULT CHARSET=utf8mb3 COLLATE=utf8mb3_general_ci;

--
-- Dumping data for table `fee_groups_feetype`
--

INSERT INTO `fee_groups_feetype` (`id`, `fee_session_group_id`, `fee_groups_id`, `feetype_id`, `session_id`, `amount`, `fine_type`, `due_date`, `fine_percentage`, `fine_amount`, `is_active`, `created_at`) VALUES
(1, 1, 1, 1, 19, 300.00, 'fix', '2023-03-11', 0.00, 45.00, 'no', '2023-03-13 18:00:57'),
(2, 2, 3, 3, 19, 600.00, 'fix', '2023-03-15', 0.00, 34.00, 'no', '2023-03-13 18:01:24'),
(3, 3, 2, 2, 19, 4565.00, 'none', '2023-03-21', 0.00, 0.00, 'no', '2023-03-13 18:01:46'),
(4, 4, 5, 4, 19, 456.00, 'none', '2023-03-13', 0.00, 0.00, 'no', '2023-03-13 18:02:01'),
(5, 5, 6, 6, 19, 345.00, 'none', '2023-03-20', 0.00, 0.00, 'no', '2023-03-13 18:02:42');

-- --------------------------------------------------------

--
-- Table structure for table `fee_receipt_no`
--

CREATE TABLE `fee_receipt_no` (
  `id` int(11) NOT NULL,
  `payment` int(11) NOT NULL
) ENGINE=InnoDB DEFAULT CHARSET=utf8mb3 COLLATE=utf8mb3_general_ci;

-- --------------------------------------------------------

--
-- Table structure for table `fee_session_groups`
--

CREATE TABLE `fee_session_groups` (
  `id` int(11) NOT NULL,
  `fee_groups_id` int(11) DEFAULT NULL,
  `session_id` int(11) DEFAULT NULL,
  `is_active` varchar(10) NOT NULL DEFAULT 'no',
  `created_at` timestamp NOT NULL DEFAULT current_timestamp() ON UPDATE current_timestamp()
) ENGINE=InnoDB DEFAULT CHARSET=utf8mb3 COLLATE=utf8mb3_general_ci;

--
-- Dumping data for table `fee_session_groups`
--

INSERT INTO `fee_session_groups` (`id`, `fee_groups_id`, `session_id`, `is_active`, `created_at`) VALUES
(1, 1, 19, 'no', '2023-03-13 18:00:57'),
(2, 3, 19, 'no', '2023-03-13 18:01:24'),
(3, 2, 19, 'no', '2023-03-13 18:01:46'),
(4, 5, 19, 'no', '2023-03-13 18:02:01'),
(5, 6, 19, 'no', '2023-03-13 18:02:42');

-- --------------------------------------------------------

--
-- Table structure for table `filetypes`
--

CREATE TABLE `filetypes` (
  `id` int(11) NOT NULL,
  `file_extension` text DEFAULT NULL,
  `file_mime` text DEFAULT NULL,
  `file_size` int(11) NOT NULL,
  `image_extension` text DEFAULT NULL,
  `image_mime` text DEFAULT NULL,
  `image_size` int(11) NOT NULL,
  `created_at` timestamp NOT NULL DEFAULT current_timestamp() ON UPDATE current_timestamp()
) ENGINE=InnoDB DEFAULT CHARSET=utf8mb3 COLLATE=utf8mb3_general_ci;

--
-- Dumping data for table `filetypes`
--

INSERT INTO `filetypes` (`id`, `file_extension`, `file_mime`, `file_size`, `image_extension`, `image_mime`, `image_size`, `created_at`) VALUES
(1, 'pdf, zip, jpg, jpeg, png, txt, 7z, gif, csv, docx, mp3, mp4, accdb, odt, ods, ppt, pptx, xlsx, wmv, jfif, apk, ppt, bmp, jpe, mdb, rar, xls, svg', 'application/pdf, image/zip, image/jpg, image/png, image/jpeg, text/plain, application/x-zip-compressed, application/zip, image/gif, text/csv, application/vnd.openxmlformats-officedocument.wordprocessingml.document, audio/mpeg, application/msaccess, application/vnd.oasis.opendocument.text, application/vnd.oasis.opendocument.spreadsheet, application/vnd.ms-powerpoint, application/vnd.openxmlformats-officedocument.presentationml.presentation, application/vnd.openxmlformats-officedocument.spreadsheetml.sheet, video/x-ms-wmv, video/mp4, image/jpeg, application/vnd.android.package-archive, application/x-msdownload, application/vnd.ms-powerpoint, image/bmp, image/jpeg, application/msaccess, application/vnd.ms-excel, image/svg+xml', 100048576, 'jfif, png, jpe, jpeg, jpg, bmp, gif, svg', 'image/jpeg, image/png, image/jpeg, image/jpeg, image/bmp, image/gif, image/x-ms-bmp, image/svg+xml', 10048576, '2021-01-30 13:03:03');

-- --------------------------------------------------------

--
-- Table structure for table `follow_up`
--

CREATE TABLE `follow_up` (
  `id` int(11) NOT NULL,
  `enquiry_id` int(11) NOT NULL,
  `date` date NOT NULL,
  `next_date` date NOT NULL,
  `response` text NOT NULL,
  `note` text NOT NULL,
  `followup_by` int(11) NOT NULL,
  `created_at` timestamp NOT NULL DEFAULT current_timestamp() ON UPDATE current_timestamp()
) ENGINE=InnoDB DEFAULT CHARSET=utf8mb3 COLLATE=utf8mb3_general_ci;

-- --------------------------------------------------------

--
-- Table structure for table `front_cms_media_gallery`
--

CREATE TABLE `front_cms_media_gallery` (
  `id` int(11) NOT NULL,
  `image` varchar(300) DEFAULT NULL,
  `thumb_path` varchar(300) DEFAULT NULL,
  `dir_path` varchar(300) DEFAULT NULL,
  `img_name` varchar(300) DEFAULT NULL,
  `thumb_name` varchar(300) DEFAULT NULL,
  `created_at` timestamp NOT NULL DEFAULT current_timestamp() ON UPDATE current_timestamp(),
  `file_type` varchar(100) NOT NULL,
  `file_size` varchar(100) NOT NULL,
  `vid_url` text NOT NULL,
  `vid_title` varchar(250) NOT NULL
) ENGINE=InnoDB DEFAULT CHARSET=utf8mb3 COLLATE=utf8mb3_general_ci;

--
-- Dumping data for table `front_cms_media_gallery`
--

INSERT INTO `front_cms_media_gallery` (`id`, `image`, `thumb_path`, `dir_path`, `img_name`, `thumb_name`, `created_at`, `file_type`, `file_size`, `vid_url`, `vid_title`) VALUES
(46, 'scholarship-icon.png', 'uploads/gallery/media/thumb/', 'uploads/gallery/media/', '1678697176-468481062640ee2d8153e9!scholarship-icon.png', '1678697176-468481062640ee2d8153e9!thumb_scholarship-icon.png', '2023-03-13 18:46:16', 'image/png', '5295', '', ''),
(47, '1648197262_20220325_123442.jpg', 'uploads/gallery/media/thumb/', 'uploads/gallery/media/', '1678697346-2066407429640ee382a6ec2!1648197262_20220325_123442.jpg', '1678697346-2066407429640ee382a6ec2!thumb_1648197262_20220325_123442.jpg', '2023-03-13 18:49:06', 'image/jpeg', '2402358', '', ''),
(48, '1648284758_20220326_110009.jpg', 'uploads/gallery/media/thumb/', 'uploads/gallery/media/', '1678697370-1690731587640ee39a3d723!1648284758_20220326_110009.jpg', '1678697370-1690731587640ee39a3d723!thumb_1648284758_20220326_110009.jpg', '2023-03-13 18:49:30', 'image/jpeg', '2846466', '', ''),
(49, '1648284823_20220326_110238.jpg', 'uploads/gallery/media/thumb/', 'uploads/gallery/media/', '1678697397-1584256757640ee3b5a1ebb!1648284823_20220326_110238.jpg', '1678697397-1584256757640ee3b5a1ebb!thumb_1648284823_20220326_110238.jpg', '2023-03-13 18:49:57', 'image/jpeg', '3303401', '', ''),
(50, 'book-icon.png', 'uploads/gallery/media/thumb/', 'uploads/gallery/media/', '1678697500-1309366546640ee41cb8895!book-icon.png', '1678697500-1309366546640ee41cb8895!thumb_book-icon.png', '2023-03-13 18:51:40', 'image/png', '4961', '', ''),
(51, 'teacher-icon.png', 'uploads/gallery/media/thumb/', 'uploads/gallery/media/', '1678697557-116488702640ee45526040!teacher-icon.png', '1678697557-116488702640ee45526040!thumb_teacher-icon.png', '2023-03-13 18:52:37', 'image/png', '3992', '', ''),
(52, '1654155484_IMG_2998.jpeg', 'uploads/gallery/media/thumb/', 'uploads/gallery/media/', '1678697727-517601950640ee4ff9bef8!1654155484_IMG_2998.jpeg', '1678697727-517601950640ee4ff9bef8!thumb_1654155484_IMG_2998.jpeg', '2023-03-13 18:55:27', 'image/jpeg', '1907135', '', ''),
(53, 'science.png', 'uploads/gallery/media/thumb/', 'uploads/gallery/media/', '1678697825-852845828640ee5611ec94!science.png', '1678697825-852845828640ee5611ec94!thumb_science.png', '2023-03-13 18:57:05', 'image/png', '436880', '', ''),
(54, 'computer.png', 'uploads/gallery/media/thumb/', 'uploads/gallery/media/', '1678697888-560127750640ee5a05c31d!computer.png', '1678697888-560127750640ee5a05c31d!thumb_computer.png', '2023-03-13 18:58:08', 'image/png', '631795', '', ''),
(55, 'desktop-wallpaper-natural-scenery-of-bangladesh-scenery-drawing.jpg', 'uploads/gallery/media/thumb/', 'uploads/gallery/media/', '1678698059-412166297640ee64b0c2c9!desktop-wallpaper-natural-scenery-of-bangladesh-scenery-drawing.jpg', '1678698059-412166297640ee64b0c2c9!thumb_desktop-wallpaper-natural-scenery-of-bangladesh-scenery-drawing.jpg', '2023-03-13 19:00:59', 'image/jpeg', '99746', '', ''),
(56, 'lia.png', 'uploads/gallery/media/thumb/', 'uploads/gallery/media/', '1678698268-1508809210640ee71ce15e5!lia.png', '1678698268-1508809210640ee71ce15e5!thumb_lia.png', '2023-03-13 19:04:28', 'image/png', '659927', '', ''),
(57, 'ac.png', 'uploads/gallery/media/thumb/', 'uploads/gallery/media/', '1678698408-101828323640ee7a81a95a!ac.png', '1678698408-101828323640ee7a81a95a!thumb_ac.png', '2023-03-13 19:06:48', 'image/png', '611915', '', ''),
(58, 'award.svg', 'uploads/gallery/media/thumb/', 'uploads/gallery/media/', '1678698770-1318292849640ee9120388d!award.svg', '', '2023-03-13 19:12:50', 'image/svg+xml', '3779', '', ''),
(59, 'building-o.svg', 'uploads/gallery/media/thumb/', 'uploads/gallery/media/', '1678698780-857215631640ee91c28a32!building-o.svg', '', '2023-03-13 19:13:00', 'image/svg+xml', '5104', '', ''),
(60, 'cap.svg', 'uploads/gallery/media/thumb/', 'uploads/gallery/media/', '1678698788-1533167939640ee924a0944!cap.svg', '', '2023-03-13 19:13:08', 'image/svg+xml', '1683', '', ''),
(61, 'people.svg', 'uploads/gallery/media/thumb/', 'uploads/gallery/media/', '1678698813-510998108640ee93dc9076!people.svg', '', '2023-03-13 19:13:33', 'image/svg+xml', '2761', '', ''),
(62, 'art.png', 'uploads/gallery/media/thumb/', 'uploads/gallery/media/', '1678699058-1223460948640eea3277e1f!art.png', '1678699058-1223460948640eea3277e1f!thumb_art.png', '2023-03-13 19:17:38', 'image/png', '249133', '', ''),
(63, 'head.png', 'uploads/gallery/media/thumb/', 'uploads/gallery/media/', '1678699068-626639321640eea3cf101e!head.png', '1678699068-626639321640eea3cf101e!thumb_head.png', '2023-03-13 19:17:49', 'image/png', '183036', '', ''),
(64, 'md-nayeem.png', 'uploads/gallery/media/thumb/', 'uploads/gallery/media/', '1678699081-1923280563640eea49158a0!md-nayeem.png', '1678699081-1923280563640eea49158a0!thumb_md-nayeem.png', '2023-03-13 19:18:01', 'image/png', '174877', '', ''),
(65, 'md-kalam.png', 'uploads/gallery/media/thumb/', 'uploads/gallery/media/', '1678699216-1091871022640eead073def!md-kalam.png', '1678699216-1091871022640eead073def!thumb_md-kalam.png', '2023-03-13 19:20:16', 'image/png', '418189', '', ''),
(66, 'md-shamim.png', 'uploads/gallery/media/thumb/', 'uploads/gallery/media/', '1678699228-1780110277640eeadcbfe7d!md-shamim.png', '1678699228-1780110277640eeadcbfe7d!thumb_md-shamim.png', '2023-03-13 19:20:28', 'image/png', '518891', '', ''),
(67, 'par.png', 'uploads/gallery/media/thumb/', 'uploads/gallery/media/', '1678699242-1178213694640eeaea9f73d!par.png', '1678699242-1178213694640eeaea9f73d!thumb_par.png', '2023-03-13 19:20:42', 'image/png', '701004', '', ''),
(68, 'sadia.png', 'uploads/gallery/media/thumb/', 'uploads/gallery/media/', '1678699254-595089953640eeaf6f1caa!sadia.png', '1678699254-595089953640eeaf6f1caa!thumb_sadia.png', '2023-03-13 19:20:55', 'image/png', '609758', '', ''),
(69, '5.jpg', 'uploads/gallery/media/thumb/', 'uploads/gallery/media/', '1678699485-1075442213640eebdde1d1a!5.jpg', '1678699485-1075442213640eebdde1d1a!thumb_5.jpg', '2023-03-13 19:24:45', 'image/jpeg', '50213', '', ''),
(70, 'md-shamim.png', 'uploads/gallery/media/thumb/', 'uploads/gallery/media/', '1678699586-275173517640eec4202b83!md-shamim.png', '1678699586-275173517640eec4202b83!thumb_md-shamim.png', '2023-03-13 19:26:26', 'image/png', '518891', '', '');

-- --------------------------------------------------------

--
-- Table structure for table `front_cms_menus`
--

CREATE TABLE `front_cms_menus` (
  `id` int(11) NOT NULL,
  `menu` varchar(100) DEFAULT NULL,
  `slug` varchar(200) DEFAULT NULL,
  `description` text DEFAULT NULL,
  `open_new_tab` int(11) NOT NULL DEFAULT 0,
  `ext_url` text NOT NULL,
  `ext_url_link` text NOT NULL,
  `publish` int(11) NOT NULL DEFAULT 0,
  `content_type` varchar(10) NOT NULL DEFAULT 'manual',
  `is_active` varchar(10) DEFAULT 'no',
  `created_at` timestamp NOT NULL DEFAULT current_timestamp() ON UPDATE current_timestamp()
) ENGINE=InnoDB DEFAULT CHARSET=utf8mb3 COLLATE=utf8mb3_general_ci;

--
-- Dumping data for table `front_cms_menus`
--

INSERT INTO `front_cms_menus` (`id`, `menu`, `slug`, `description`, `open_new_tab`, `ext_url`, `ext_url_link`, `publish`, `content_type`, `is_active`, `created_at`) VALUES
(1, 'Main Menu', 'main-menu', 'Main menu', 0, '', '', 0, 'default', 'no', '2018-04-20 14:54:49'),
(2, 'Bottom Menu', 'bottom-menu', 'Bottom Menu', 0, '', '', 0, 'default', 'no', '2018-04-20 14:54:55');

-- --------------------------------------------------------

--
-- Table structure for table `front_cms_menu_items`
--

CREATE TABLE `front_cms_menu_items` (
  `id` int(11) NOT NULL,
  `menu_id` int(11) NOT NULL,
  `menu` varchar(100) DEFAULT NULL,
  `page_id` int(11) NOT NULL,
  `parent_id` int(11) NOT NULL,
  `ext_url` text DEFAULT NULL,
  `open_new_tab` int(11) DEFAULT 0,
  `ext_url_link` text DEFAULT NULL,
  `slug` varchar(200) DEFAULT NULL,
  `weight` int(11) DEFAULT NULL,
  `publish` int(11) NOT NULL DEFAULT 0,
  `description` text DEFAULT NULL,
  `is_active` varchar(10) DEFAULT 'no',
  `created_at` timestamp NOT NULL DEFAULT current_timestamp() ON UPDATE current_timestamp()
) ENGINE=InnoDB DEFAULT CHARSET=utf8mb3 COLLATE=utf8mb3_general_ci;

--
-- Dumping data for table `front_cms_menu_items`
--

INSERT INTO `front_cms_menu_items` (`id`, `menu_id`, `menu`, `page_id`, `parent_id`, `ext_url`, `open_new_tab`, `ext_url_link`, `slug`, `weight`, `publish`, `description`, `is_active`, `created_at`) VALUES
(1, 1, 'হোম পেইজ', 1, 0, NULL, NULL, NULL, 'হম-পইজ', 1, 0, NULL, 'no', '2023-03-13 07:22:07'),
(2, 1, 'আমাদের সাথে যোগাযোগ করুন', 4, 0, NULL, NULL, NULL, 'আমদর-সথ-যগযগ-করন', 5, 0, NULL, 'no', '2023-03-13 07:24:48'),
(3, 1, 'অভিযোগ', 2, 0, NULL, NULL, NULL, 'অভযগ', 4, 0, NULL, 'no', '2023-03-13 07:24:51'),
(4, 1, 'অনলাইন এডমিশন', 0, 0, '1', NULL, '/online_admission', 'অনলইন-এডমশন', 2, 0, NULL, 'no', '2023-03-13 07:24:50'),
(5, 1, 'নোটিশ', 6, 0, NULL, NULL, NULL, 'নটশ', 3, 0, NULL, 'no', '2023-03-13 07:24:51'),
(6, 2, 'ট্রামস অ্যান্ড কন্ডিশন', 0, 0, NULL, NULL, NULL, 'টরমস-অযনড-কনডশন', NULL, 0, NULL, 'no', '2023-03-13 07:26:14'),
(7, 2, 'প্রাইভেসি অ্যান্ড পলিসি', 0, 0, NULL, NULL, NULL, 'পরইভস-অযনড-পলস', NULL, 0, NULL, 'no', '2023-03-13 07:26:31'),
(8, 2, 'নোটিশ', 6, 0, NULL, NULL, NULL, 'নটশ-1', NULL, 0, NULL, 'no', '2023-03-13 07:26:50'),
(9, 2, 'আমাদের সাথে যোগাযোগ করুন', 4, 0, NULL, NULL, NULL, 'আমদর-সথ-যগযগ-করন-1', NULL, 0, NULL, 'no', '2023-03-13 07:27:22');

-- --------------------------------------------------------

--
-- Table structure for table `front_cms_pages`
--

CREATE TABLE `front_cms_pages` (
  `id` int(11) NOT NULL,
  `page_type` varchar(10) NOT NULL DEFAULT 'manual',
  `is_homepage` int(11) DEFAULT 0,
  `title` varchar(250) DEFAULT NULL,
  `url` varchar(250) DEFAULT NULL,
  `type` varchar(50) DEFAULT NULL,
  `slug` varchar(200) DEFAULT NULL,
  `meta_title` text DEFAULT NULL,
  `meta_description` text DEFAULT NULL,
  `meta_keyword` text DEFAULT NULL,
  `feature_image` varchar(200) NOT NULL,
  `description` longtext DEFAULT NULL,
  `publish_date` date DEFAULT NULL,
  `publish` int(11) DEFAULT 0,
  `sidebar` int(11) DEFAULT 0,
  `is_active` varchar(10) DEFAULT 'no',
  `created_at` timestamp NOT NULL DEFAULT current_timestamp() ON UPDATE current_timestamp()
) ENGINE=InnoDB DEFAULT CHARSET=utf8mb3 COLLATE=utf8mb3_general_ci;

--
-- Dumping data for table `front_cms_pages`
--

INSERT INTO `front_cms_pages` (`id`, `page_type`, `is_homepage`, `title`, `url`, `type`, `slug`, `meta_title`, `meta_description`, `meta_keyword`, `feature_image`, `description`, `publish_date`, `publish`, `sidebar`, `is_active`, `created_at`) VALUES
(1, 'default', 1, 'রূপনগর আবাসিক হাই স্কুল', 'page/রপনগর-আবসক-হই-সকল', 'page', 'রপনগর-আবসক-হই-সকল', '', '', '', '', '<section class=\"services\">\r\n<div class=\"service-inner\">\r\n<div class=\"container\">\r\n<div class=\"row\">\r\n<div class=\"col-md-4 col-sm-4 service-box\">\r\n<div class=\"service-box-content\">\r\n<h3><a href=\"#\">বৃত্তির সুবিধা</a></h3>\r\n\r\n<p>আমাদের রয়েছে বিশেষ কিছু স্টুডেন্টদের জন্য বৃত্তির সুবিধা।</p>\r\n\r\n<div class=\"service-box-icon\"><img src=\"/uploads/gallery/media/1678697176-468481062640ee2d8153e9!scholarship-icon.png\" /></div>\r\n</div>\r\n</div>\r\n<!--./col-md-4-->\r\n\r\n<div class=\"col-md-4 col-sm-4 service-box\">\r\n<div class=\"service-box-content\">\r\n<h3><a href=\"#\">বই ও লাইব্রেরী</a></h3>\r\n\r\n<p>আমাদের রয়েছে হরেকরকম বইয়ের বিশাল সমাহার ও লাইব্রেরী</p>\r\n\r\n<div class=\"service-box-icon\"><img src=\"/uploads/gallery/media/1678697500-1309366546640ee41cb8895!book-icon.png\" /></div>\r\n</div>\r\n</div>\r\n<!--./col-md-4-->\r\n\r\n<div class=\"col-md-4 col-sm-4 service-box\">\r\n<div class=\"service-box-content\">\r\n<h3><a href=\"#\">অভিজ্ঞ শিক্ষক</a></h3>\r\n\r\n<p>আমাদের রয়েছে ২৫০ জন অভিজ্ঞ শিক্ষক মণ্ডলীদের অভিজ্ঞ দল</p>\r\n\r\n<div class=\"service-box-icon\"><img src=\"/uploads/gallery/media/1678697557-116488702640ee45526040!teacher-icon.png\" /></div>\r\n</div>\r\n</div>\r\n<!--./col-md-4--></div>\r\n</div>\r\n</div>\r\n</section>\r\n<!--./container-->\r\n\r\n<section class=\"bg-gray fullwidth spaceb40 spacet40\">\r\n<div class=\"container\">\r\n<div class=\"row\">\r\n<div class=\"col-md-8 col-sm-12 col-md-offset-2 text-center\">\r\n<h2 class=\"head-title\">আমাদের সম্পর্কে</h2>\r\n\r\n<div class=\"divider\">&nbsp;</div>\r\n</div>\r\n\r\n<div class=\"col-md-6 col-sm-6\">\r\n<div class=\"about_img\"><img class=\"img-responsive img-rounded\" src=\"/uploads/gallery/media/1678697727-517601950640ee4ff9bef8!1654155484_IMG_2998.jpeg\" /></div>\r\n</div>\r\n<!--./col-md-6-->\r\n\r\n<div class=\"col-md-6 col-sm-6\">\r\n<div class=\"about-right\">\r\n<h3>রূপনগর আবাসিক হাই স্কুল</h3>\r\n\r\n<p class=\"pt10 pb10\">রূপনগর আবাসিক হাই স্কুল হল একটি স্বনামধন্য শিক্ষা প্রতিষ্ঠান।আমাদের রয়েছে ২৫০ এর চেয়ে বেশি অভিজ্ঞ শিক্ষকমণ্ডলী।এছারা রয়েছে আধুনিক ক্লাশরুম।</p>\r\n</div>\r\n\r\n<div class=\"panel-group accrodion2\" id=\"accordion\">\r\n<div class=\"panel panel-default\">\r\n<div class=\"panel-heading\">\r\n<h4 class=\"panel-title\"><a class=\"accordion-toggle\" data-parent=\"#accordion\" data-toggle=\"collapse\" href=\"#collapseOne\">আপনাদের কি ডিজাটাল মাল্টি-মিডিয়া ক্লাসরুম আছে? </a></h4>\r\n</div>\r\n\r\n<div class=\"panel-collapse collapse in\" id=\"collapseOne\">\r\n<div class=\"panel-body\">আমাদের প্রতিষ্ঠানে মোট ১৩০টি ক্লাস রুম রয়েছে,আমাদের প্রত্যেকটি ক্লাশ রুম আধুনিক ভাবে বানানো।আমাদের প্রত্যেকটি ক্লাশ রুমে রয়েছে ডিজিটাল মাল্টি মিডিয়া সিস্টেম।</div>\r\n</div>\r\n</div>\r\n\r\n<div class=\"panel panel-default\">\r\n<div class=\"panel-heading\">\r\n<h4 class=\"panel-title\"><a class=\"accordion-toggle\" data-parent=\"#accordion\" data-toggle=\"collapse\" href=\"#collapseTwo\">আপনাদের স্কুলে কি লাইব্রেরী আছে? </a></h4>\r\n</div>\r\n\r\n<div class=\"panel-collapse collapse\" id=\"collapseTwo\">\r\n<div class=\"panel-body\">আমাদের স্কুলে মোট ৪টি আধুনিক লাইব্রেরী রয়েছে।</div>\r\n</div>\r\n</div>\r\n\r\n<div class=\"panel panel-default\">\r\n<div class=\"panel-heading\">\r\n<h4 class=\"panel-title\"><a class=\"accordion-toggle\" data-parent=\"#accordion\" data-toggle=\"collapse\" href=\"#collapseThree\">আপনাদের স্কুলে কি কম্পিউটার ল্যাব আছে? </a></h4>\r\n</div>\r\n\r\n<div class=\"panel-collapse collapse\" id=\"collapseThree\">\r\n<div class=\"panel-body\">আমাদের স্কুলে আধুনিক কম্পিউটার সহ মোট ৮টি কম্পিউটার ল্যাব রয়েছে।</div>\r\n</div>\r\n</div>\r\n</div>\r\n</div>\r\n<!--./col-md-6--></div>\r\n<!--./row--></div>\r\n<!--./container--></section>\r\n\r\n<section class=\"spaceb40 spacet40\">\r\n<div class=\"container\">\r\n<div class=\"row\">\r\n<div class=\"col-md-8 col-sm-12 col-md-offset-2 text-center pb30\">\r\n<h2 class=\"head-title\">আমাদের কিছু কোর্স</h2>\r\n\r\n<p>আমাদের স্কুলের কিছু সেরা কোর্স সমূহ নিচে দেওয়া হল</p>\r\n\r\n<div class=\"divider\">&nbsp;</div>\r\n</div>\r\n\r\n<div class=\"row\">\r\n<div class=\"owl-carousel courses-carousel\">\r\n<div class=\"col-md-12 col-sm-12\">\r\n<div class=\"courses-box\">\r\n<div class=\"courses-box-img\"><img src=\"/uploads/gallery/media/1678698059-412166297640ee64b0c2c9!desktop-wallpaper-natural-scenery-of-bangladesh-scenery-drawing.jpg\" /></div>\r\n<!--./courses-box-img-->\r\n\r\n<div class=\"course-inner\"><a class=\"course-subject\" href=\"#\">আর্ট</a>\r\n\r\n<h4>ড্রয়িং কোর্স</h4>\r\n\r\n<p>আমাদের স্কুলের সেরা ড্রয়িং কোর্সটি আপনি গ্রহণ করুন।</p>\r\n<a class=\"btn-read\" href=\"#\">এখনি আবেদন করুন</a></div>\r\n</div>\r\n<!--./courses-box--></div>\r\n<!--./col-md-12-->\r\n\r\n<div class=\"col-md-12 col-sm-12\">\r\n<div class=\"courses-box\">\r\n<div class=\"courses-box-img\"><img src=\"/uploads/gallery/media/1678697825-852845828640ee5611ec94!science.png\" /></div>\r\n<!--./courses-box-img-->\r\n\r\n<div class=\"course-inner\"><a class=\"course-subject\" href=\"#\">বিজ্ঞান</a>\r\n\r\n<h4>সাইন্স এক্সপ্রেরিমেন্ট</h4>\r\n\r\n<p>আমাদের স্কুলের বিজ্ঞান কোর্সটি আপনি গ্রহণ করুন।</p>\r\n<a class=\"btn-read\" href=\"#\">এখনি আবেদন করুন</a></div>\r\n</div>\r\n<!--./courses-box--></div>\r\n<!--./col-md-12-->\r\n\r\n<div class=\"col-md-12 col-sm-12\">\r\n<div class=\"courses-box\">\r\n<div class=\"courses-box-img\"><img src=\"/uploads/gallery/media/1678697888-560127750640ee5a05c31d!computer.png\" /></div>\r\n<!--./courses-box-img-->\r\n\r\n<div class=\"course-inner\"><a class=\"course-subject\" href=\"#\">কম্পিউটার</a>\r\n\r\n<h4>কম্পিউটার প্রশিক্ষণ</h4>\r\n\r\n<p>আমাদের স্কুলের সেরা কম্পিউটার কোর্সটি গ্রহণ করুন।</p>\r\n<a class=\"btn-read\" href=\"#\">এখনি আবেদন করুন</a></div>\r\n</div>\r\n<!--./courses-box--></div>\r\n<!--./col-md-12-->\r\n\r\n<div class=\"col-md-12 col-sm-12\">\r\n<div class=\"courses-box\">\r\n<div class=\"courses-box-img\"><img src=\"/uploads/gallery/media/1678698268-1508809210640ee71ce15e5!lia.png\" /></div>\r\n<!--./courses-box-img-->\r\n\r\n<div class=\"course-inner\"><a class=\"course-subject\" href=\"#\">লাইব্রেরী</a>\r\n\r\n<h4>লাইব্রেরিয়ান</h4>\r\n\r\n<p>আমাদের স্কুলের সেরা লাইব্রেরিয়ান কোর্সটি গ্রহণ করুন।</p>\r\n<a class=\"btn-read\" href=\"#\">এখনি আবেদন করুন</a></div>\r\n</div>\r\n<!--./courses-box--></div>\r\n<!--./col-md-12--></div>\r\n</div>\r\n<!--./courses-carousel--></div>\r\n<!--./row--></div>\r\n<!--./container--></section>\r\n\r\n<section class=\"countdown_bg fullwidth counter\">\r\n<div class=\"container\">\r\n<div class=\"row\">\r\n<div class=\"col-md-6 col-lg-6 col-sm-6\">\r\n<div class=\"counter-content\">\r\n<h2 class=\"counter-title mt0\">আমাদের অর্জন</h2>\r\n\r\n<div class=\"counter-text\">\r\n<p>নিচে আমাদের কিছু অর্জন দেওয়া হল।দীর্ঘ ১০ বছরের আমাদের সকল প্রাপ্তি নিচে দেওয়া আছে, দয়া করে দেখে নিন।</p>\r\n</div>\r\n\r\n<div class=\"counter-img\">\r\n<div class=\"about_img\"><img class=\"img-responsive img-rounded\" src=\"/uploads/gallery/media/1678698408-101828323640ee7a81a95a!ac.png\" /></div>\r\n</div>\r\n</div>\r\n</div>\r\n<!--./col-md-6-->\r\n\r\n<div class=\"col-md-6 col-lg-6 col-sm-6\">\r\n<div class=\"row\">\r\n<div class=\"col-md-6 col-lg-6 col-sm-6\">\r\n<div class=\"counter-main\"><img class=\"svg\" src=\"/uploads/gallery/media/1678698788-1533167939640ee924a0944!cap.svg\" />\r\n<h3 class=\"counter-value\" data-count=\"10000\">10000</h3>\r\n<span>পাশকৃত স্টুডেন্ট</span></div>\r\n</div>\r\n\r\n<div class=\"col-md-6 col-lg-6 col-sm-6\">\r\n<div class=\"counter-main\"><img class=\"svg\" src=\"/uploads/gallery/media/1678698770-1318292849640ee9120388d!award.svg\" />\r\n<h3 class=\"counter-value\" data-count=\"125\">125</h3>\r\n<span>অভিজ্ঞ শিক্ষকগন</span></div>\r\n</div>\r\n\r\n<div class=\"col-md-6 col-lg-6 col-sm-6\">\r\n<div class=\"counter-main\"><img class=\"svg\" src=\"/uploads/gallery/media/1678698780-857215631640ee91c28a32!building-o.svg\" />\r\n<h3 class=\"counter-value\" data-count=\"25\">25</h3>\r\n<span>স্টুডেন্ট ক্যাম্পাস</span></div>\r\n</div>\r\n\r\n<div class=\"col-md-6 col-lg-6 col-sm-6\">\r\n<div class=\"counter-main\"><img class=\"svg\" src=\"/uploads/gallery/media/1678698813-510998108640ee93dc9076!people.svg\" />\r\n<h3 class=\"counter-value\" data-count=\"586200\">586200</h3>\r\n<span>স্টুডেন্ট</span></div>\r\n</div>\r\n<!--./col-md-6--></div>\r\n<!--./row--></div>\r\n<!--./col-md-6--></div>\r\n<!--./row--></div>\r\n<!--./container--></section>\r\n\r\n<section class=\"spaceb40 spacet40\">\r\n<div class=\"container\">\r\n<div class=\"row\">\r\n<div class=\"col-md-8 col-sm-12 col-md-offset-2 text-center\">\r\n<h2 class=\"head-title\">আমাদের শিক্ষকগন</h2>\r\n\r\n<p>আমাদের সকল অভিজ্ঞ শিক্ষকগনদের তালিকা নিচে দেওয়া হল</p>\r\n\r\n<div class=\"divider\">&nbsp;</div>\r\n</div>\r\n<!--./col-md-8-->\r\n\r\n<div class=\"teamstaff\">\r\n<div class=\"row\">\r\n<div class=\"owl-carousel staff-carousel\">\r\n<div class=\"col-md-12 col-sm-12\">\r\n<div class=\"staffteam\">\r\n<div class=\"staffteamimg\"><img alt=\"\" src=\"/uploads/gallery/media/1678699068-626639321640eea3cf101e!head.png\" />\r\n<ul class=\"social-links\">\r\n	<li>Facebook</li>\r\n	<li>Twitter</li>\r\n	<li>Linkedin</li>\r\n	<li>Google Plus</li>\r\n</ul>\r\n</div>\r\n\r\n<div class=\"staff-content\">\r\n<h3>মোঃ শামিম খান</h3>\r\n<span class=\"post\">প্রিন্সিপাল</span></div>\r\n</div>\r\n</div>\r\n\r\n<div class=\"col-md-12 col-sm-12\">\r\n<div class=\"staffteam\">\r\n<div class=\"staffteamimg\"><img src=\"/uploads/gallery/media/1678699485-1075442213640eebdde1d1a!5.jpg\" />\r\n<ul class=\"social-links\">\r\n	<li>Facebook</li>\r\n	<li>Twitter</li>\r\n	<li>Linkedin</li>\r\n	<li>Google Plus</li>\r\n</ul>\r\n</div>\r\n\r\n<div class=\"staff-content\">\r\n<h3>জাহানারা বেগম</h3>\r\n<span class=\"post\">এসিস্টেন্ট টিচার</span></div>\r\n</div>\r\n</div>\r\n\r\n<div class=\"col-md-12 col-sm-12\">\r\n<div class=\"staffteam\">\r\n<div class=\"staffteamimg\"><img src=\"/uploads/gallery/media/1678699081-1923280563640eea49158a0!md-nayeem.png\" />\r\n<ul class=\"social-links\">\r\n	<li>Facebook</li>\r\n	<li>Twitter</li>\r\n	<li>Linkedin</li>\r\n	<li>Google Plus</li>\r\n</ul>\r\n</div>\r\n\r\n<div class=\"staff-content\">\r\n<h3>জাহানারা বেগম</h3>\r\n<span class=\"post\">এসিস্টেন্ট টিচার</span></div>\r\n</div>\r\n</div>\r\n\r\n<div class=\"col-md-12 col-sm-12\">\r\n<div class=\"staffteam\">\r\n<div class=\"staffteamimg\"><img src=\"/uploads/gallery/media/1678699081-1923280563640eea49158a0!md-nayeem.png\" />\r\n<ul class=\"social-links\">\r\n	<li>Facebook</li>\r\n	<li>Twitter</li>\r\n	<li>Linkedin</li>\r\n	<li>Google Plus</li>\r\n</ul>\r\n</div>\r\n\r\n<div class=\"staff-content\">\r\n<h3>জাহানারা বেগম</h3>\r\n<span class=\"post\">এসিস্টেন্ট টিচার</span></div>\r\n</div>\r\n</div>\r\n\r\n<div class=\"col-md-12 col-sm-12\">\r\n<div class=\"staffteam\">\r\n<div class=\"staffteamimg\"><img src=\"/uploads/gallery/media/1678699081-1923280563640eea49158a0!md-nayeem.png\" />\r\n<ul class=\"social-links\">\r\n	<li>Facebook</li>\r\n	<li>Twitter</li>\r\n	<li>Linkedin</li>\r\n	<li>Google Plus</li>\r\n</ul>\r\n</div>\r\n\r\n<div class=\"staff-content\">\r\n<h3>জাহানারা বেগম</h3>\r\n<span class=\"post\">এসিস্টেন্ট টিচার</span></div>\r\n</div>\r\n</div>\r\n\r\n<div class=\"col-md-12 col-sm-12\">\r\n<div class=\"staffteam\">\r\n<div class=\"staffteamimg\"><img src=\"/uploads/gallery/media/1678699081-1923280563640eea49158a0!md-nayeem.png\" />\r\n<ul class=\"social-links\">\r\n	<li>Facebook</li>\r\n	<li>Twitter</li>\r\n	<li>Linkedin</li>\r\n	<li>Google Plus</li>\r\n</ul>\r\n</div>\r\n\r\n<div class=\"staff-content\">\r\n<h3>জাহানারা বেগম</h3>\r\n<span class=\"post\">এসিস্টেন্ট টিচার</span></div>\r\n</div>\r\n</div>\r\n\r\n<div class=\"col-md-12 col-sm-12\">\r\n<div class=\"staffteam\">\r\n<div class=\"staffteamimg\"><img src=\"/uploads/gallery/media/1678699081-1923280563640eea49158a0!md-nayeem.png\" />\r\n<ul class=\"social-links\">\r\n	<li>Facebook</li>\r\n	<li>Twitter</li>\r\n	<li>Linkedin</li>\r\n	<li>Google Plus</li>\r\n</ul>\r\n</div>\r\n\r\n<div class=\"staff-content\">\r\n<h3>জাহানারা বেগম</h3>\r\n<span class=\"post\">এসিস্টেন্ট টিচার</span></div>\r\n</div>\r\n</div>\r\n\r\n<div class=\"col-md-12 col-sm-12\">\r\n<div class=\"staffteam\">\r\n<div class=\"staffteamimg\"><img src=\"/uploads/gallery/media/1678699081-1923280563640eea49158a0!md-nayeem.png\" />\r\n<ul class=\"social-links\">\r\n	<li>Facebook</li>\r\n	<li>Twitter</li>\r\n	<li>Linkedin</li>\r\n	<li>Google Plus</li>\r\n</ul>\r\n</div>\r\n\r\n<div class=\"staff-content\">\r\n<h3>জাহানারা বেগম</h3>\r\n<span class=\"post\">এসিস্টেন্ট টিচার</span></div>\r\n</div>\r\n</div>\r\n\r\n<div class=\"col-md-12 col-sm-12\">\r\n<div class=\"staffteam\">\r\n<div class=\"staffteamimg\"><img src=\"/uploads/gallery/media/1678699081-1923280563640eea49158a0!md-nayeem.png\" />\r\n<ul class=\"social-links\">\r\n	<li>Facebook</li>\r\n	<li>Twitter</li>\r\n	<li>Linkedin</li>\r\n	<li>Google Plus</li>\r\n</ul>\r\n</div>\r\n\r\n<div class=\"staff-content\">\r\n<h3>জাহানারা বেগম</h3>\r\n<span class=\"post\">এসিস্টেন্ট টিচার</span></div>\r\n</div>\r\n</div>\r\n\r\n<div class=\"col-md-12 col-sm-12\">\r\n<div class=\"staffteam\">\r\n<div class=\"staffteamimg\"><img src=\"/uploads/gallery/media/1678699081-1923280563640eea49158a0!md-nayeem.png\" />\r\n<ul class=\"social-links\">\r\n	<li>Facebook</li>\r\n	<li>Twitter</li>\r\n	<li>Linkedin</li>\r\n	<li>Google Plus</li>\r\n</ul>\r\n</div>\r\n\r\n<div class=\"staff-content\">\r\n<h3>জাহানারা বেগম</h3>\r\n<span class=\"post\">এসিস্টেন্ট টিচার</span></div>\r\n</div>\r\n</div>\r\n\r\n<div class=\"col-md-12 col-sm-12\">\r\n<div class=\"staffteam\">\r\n<div class=\"staffteamimg\"><img src=\"/uploads/gallery/media/1678699081-1923280563640eea49158a0!md-nayeem.png\" />\r\n<ul class=\"social-links\">\r\n	<li>Facebook</li>\r\n	<li>Twitter</li>\r\n	<li>Linkedin</li>\r\n	<li>Google Plus</li>\r\n</ul>\r\n</div>\r\n\r\n<div class=\"staff-content\">\r\n<h3 class=\"title\">মোঃ নাইম হোসেন</h3>\r\n<span class=\"post\">সিনিয়র ক্লাস টিচার</span></div>\r\n</div>\r\n</div>\r\n\r\n<div class=\"col-md-12 col-sm-12\">\r\n<div class=\"staffteam\">\r\n<div class=\"staffteamimg\"><img src=\"/uploads/gallery/media/1678699058-1223460948640eea3277e1f!art.png\" />\r\n<ul class=\"social-links\">\r\n	<li>Facebook</li>\r\n	<li>Twitter</li>\r\n	<li>Linkedin</li>\r\n	<li>Google Plus</li>\r\n</ul>\r\n</div>\r\n\r\n<div class=\"staff-content\">\r\n<h3 class=\"title\">শাহিদা আক্তার</h3>\r\n<span class=\"post\">গণিত শিক্ষক</span></div>\r\n</div>\r\n</div>\r\n</div>\r\n</div>\r\n<!--./staff--></div>\r\n<!--./teamstaff--></div>\r\n<!--./row--></div>\r\n<!--./container--></section>\r\n\r\n<section class=\"spaceb40 spacet40 testimonial_bg fullwidth text-white\">\r\n<div class=\"container\">\r\n<div class=\"row\">\r\n<div class=\"col-md-8 col-sm-12 col-md-offset-2 text-center\">\r\n<h2 class=\"text-white\">প্রশংসা</h2>\r\n\r\n<p>রূপনগর আবাসিক হাই স্কুল সম্পর্কে অভিভাবকগন কি বলে, আসুন আমরা তা দেখেনি!</p>\r\n\r\n<div class=\"divider\">&nbsp;</div>\r\n</div>\r\n<!--./col-md-8-->\r\n\r\n<div class=\"owl-carousel testimonial-carousel\">\r\n<div class=\"col-md-12 col-sm-12\">\r\n<div class=\"testimonial\">\r\n<div class=\"testimonialimg\"><img src=\"/uploads/gallery/media/thumb/1678699228-1780110277640eeadcbfe7d!thumb_md-shamim.png\" /></div>\r\n\r\n<div class=\"testi_description\">\r\n<h4>মোঃ জাহিদুর রহমান</h4>\r\n\r\n<h5>ম্যানেজার</h5>\r\n\r\n<p>আমরা আমাদের সন্তানের ভবিষ্যৎ নিয়ে এখন আর চিন্তিত নয়, কারন এই স্কুলে আমাদের সন্তানকে ভর্তি করানোর পর থেকে আমরা চিন্তা মুক্ত।</p>\r\n</div>\r\n<!--./testi_description--></div>\r\n<!--./testimonial--></div>\r\n<!--./col-md-12-->\r\n\r\n<div class=\"col-md-12 col-sm-12\">\r\n<div class=\"testimonial\">\r\n<div class=\"testimonialimg\"><img src=\"/uploads/gallery/media/1678699216-1091871022640eead073def!md-kalam.png\" /></div>\r\n\r\n<div class=\"testi_description\">\r\n<h4>মোঃ কালাম আলি</h4>\r\n\r\n<h5>কৃষক</h5>\r\n\r\n<p>আমরা খুব আনন্দিত যে আমাদের সন্তান এই স্কুলে পড়ে।ধন্যবাদ রুপনগর আবাসিক স্কুলকে।</p>\r\n</div>\r\n<!--./testi_description--></div>\r\n<!--./testimonial--></div>\r\n<!--./col-md-12-->\r\n\r\n<div class=\"col-md-12 col-sm-12\">\r\n<div class=\"testimonial\">\r\n<div class=\"testimonialimg\"><img src=\"/uploads/gallery/media/1678699254-595089953640eeaf6f1caa!sadia.png\" /></div>\r\n\r\n<div class=\"testi_description\">\r\n<h4>সাদিয়া আক্তার</h4>\r\n\r\n<h5>স্টুডেন্ট</h5>\r\n\r\n<p>আমি খুবই গর্বিত এই স্কুলে লেখা পড়া করার জন্য।আমি এই স্কুল থেকে এসএসসি কমপ্লিট করেছি।</p>\r\n</div>\r\n<!--./testi_description--></div>\r\n<!--./testimonial--></div>\r\n<!--./col-md-12-->\r\n\r\n<div class=\"col-md-12 col-sm-12\">\r\n<div class=\"testimonial\">\r\n<div class=\"testimonialimg\"><img src=\"/uploads/gallery/media/1678699242-1178213694640eeaea9f73d!par.png\" /></div>\r\n\r\n<div class=\"testi_description\">\r\n<h4>জমিলা বেগম</h4>\r\n\r\n<h5>গৃহিণী</h5>\r\n\r\n<p>আমি আমার নাতি নাতনির শিক্ষা নেওয়ার বিষয়টি নিয়ে এখন আর চিন্তিত নই, ধন্যবাদ রূপনগর আবাসিক হাই স্কুলকে।</p>\r\n</div>\r\n<!--./testi_description--></div>\r\n<!--./testimonial--></div>\r\n<!--./col-md-12--></div>\r\n<!--./testimonial-carousel--></div>\r\n<!--./row--></div>\r\n<!--./container--></section>', '0000-00-00', 1, NULL, 'no', '2024-03-26 16:26:24'),
(2, 'default', 0, 'Complain', 'page/complain', 'page', 'complain', 'Complain form', '                                                                                                                                                                                    complain form                                                                                                                                                                                                                                ', 'complain form', '', '<p>[form-builder:complain]</p>', '0000-00-00', 1, NULL, 'no', '2019-11-13 10:16:36'),
(3, 'default', 0, '404 page', 'page/404-page', 'page', '404-page', '', '                                ', '', '', '<html>\r\n<head>\r\n <title></title>\r\n</head>\r\n<body>\r\n<p>404 page found</p>\r\n</body>\r\n</html>', '0000-00-00', 0, NULL, 'no', '2018-05-18 14:46:04'),
(4, 'default', 0, 'Contact us', 'page/contact-us', 'page', 'contact-us', '', '', '', '', '<section class=\"contact\">\r\n<div class=\"container\">\r\n<div class=\"row\">\r\n<h2 class=\"col-md-12 col-sm-12\">Send In Your Query</h2>\r\n\r\n<p>&nbsp;</p>\r\n\r\n<div class=\"col-md-12 col-sm-12\">[form-builder:contact_us]<!--./row--></div>\r\n<!--./col-md-12--></div>\r\n<!--./row--></div>\r\n<!--./container--></section>\r\n\r\n<div class=\"col-md-4 col-sm-4\">\r\n<div class=\"contact-item\"><img src=\"http://192.168.1.81/repos/smartschool/uploads/gallery/media/pin.svg\" />\r\n<h3>Our Location</h3>\r\n\r\n<p>350 Fifth Avenue, 34th floor New York NY 10118-3299 USA</p>\r\n</div>\r\n<!--./contact-item--></div>\r\n<!--./col-md-4-->\r\n\r\n<div class=\"col-md-4 col-sm-4\">\r\n<div class=\"contact-item\"><img src=\"http://192.168.1.81/repos/smartschool/uploads/gallery/media/phone.svg\" />\r\n<h3>CALL US</h3>\r\n\r\n<p>E-mail : info@abcschool.com</p>\r\n\r\n<p>Mobile : +91-9009987654</p>\r\n</div>\r\n<!--./contact-item--></div>\r\n<!--./col-md-4-->\r\n\r\n<div class=\"col-md-4 col-sm-4\">\r\n<div class=\"contact-item\"><img src=\"http://192.168.1.81/repos/smartschool/uploads/gallery/media/clock.svg\" />\r\n<h3>Working Hours</h3>\r\n\r\n<p>Mon-Fri : 9 am to 5 pm</p>\r\n\r\n<p>Sat : 9 am to 3 pm</p>\r\n</div>\r\n<!--./contact-item--></div>\r\n<!--./col-md-4-->\r\n\r\n<div class=\"col-md-12 col-sm-12\">\r\n<div class=\"mapWrapper fullwidth\"><iframe frameborder=\"0\" height=\"500\" marginheight=\"0\" marginwidth=\"0\" scrolling=\"no\" src=\"http://maps.google.com/maps?f=q&source=s_q&hl=EN&q=time+square&aq=&sll=40.716558,-73.931122&sspn=0.40438,1.056747&ie=UTF8&rq=1&ev=p&split=1&radius=33.22&hq=time+square&hnear=&ll=37.061753,-95.677185&spn=0.438347,0.769043&z=9&output=embed\" width=\"100%\"></iframe></div>\r\n</div>', '0000-00-00', 0, NULL, 'no', '2019-05-04 15:46:41'),
(6, 'manual', 0, 'Notice', 'page/notice', 'page', 'notice', '', '', '', '', 'Notice', NULL, 0, NULL, 'no', '2023-03-13 07:24:15');

-- --------------------------------------------------------

--
-- Table structure for table `front_cms_page_contents`
--

CREATE TABLE `front_cms_page_contents` (
  `id` int(11) NOT NULL,
  `page_id` int(11) DEFAULT NULL,
  `content_type` varchar(50) DEFAULT NULL,
  `created_at` timestamp NOT NULL DEFAULT current_timestamp() ON UPDATE current_timestamp()
) ENGINE=InnoDB DEFAULT CHARSET=utf8mb3 COLLATE=utf8mb3_general_ci;

--
-- Dumping data for table `front_cms_page_contents`
--

INSERT INTO `front_cms_page_contents` (`id`, `page_id`, `content_type`, `created_at`) VALUES
(1, 6, 'news', '2023-03-13 07:24:15');

-- --------------------------------------------------------

--
-- Table structure for table `front_cms_programs`
--

CREATE TABLE `front_cms_programs` (
  `id` int(11) NOT NULL,
  `type` varchar(50) DEFAULT NULL,
  `slug` varchar(255) DEFAULT NULL,
  `url` text DEFAULT NULL,
  `title` varchar(200) DEFAULT NULL,
  `date` date DEFAULT NULL,
  `event_start` date DEFAULT NULL,
  `event_end` date DEFAULT NULL,
  `event_venue` text DEFAULT NULL,
  `description` text DEFAULT NULL,
  `is_active` varchar(10) DEFAULT 'no',
  `created_at` timestamp NOT NULL DEFAULT current_timestamp() ON UPDATE current_timestamp(),
  `meta_title` text NOT NULL,
  `meta_description` text NOT NULL,
  `meta_keyword` text NOT NULL,
  `feature_image` text NOT NULL,
  `publish_date` date DEFAULT NULL,
  `publish` varchar(10) DEFAULT '0',
  `sidebar` int(11) DEFAULT 0
) ENGINE=InnoDB DEFAULT CHARSET=utf8mb3 COLLATE=utf8mb3_general_ci;

--
-- Dumping data for table `front_cms_programs`
--

INSERT INTO `front_cms_programs` (`id`, `type`, `slug`, `url`, `title`, `date`, `event_start`, `event_end`, `event_venue`, `description`, `is_active`, `created_at`, `meta_title`, `meta_description`, `meta_keyword`, `feature_image`, `publish_date`, `publish`, `sidebar`) VALUES
(1, 'banner', NULL, NULL, 'Banner Images', NULL, NULL, NULL, NULL, NULL, 'no', '2023-03-13 06:09:47', '', '', '', '', NULL, '0', 0);

-- --------------------------------------------------------

--
-- Table structure for table `front_cms_program_photos`
--

CREATE TABLE `front_cms_program_photos` (
  `id` int(11) NOT NULL,
  `program_id` int(11) DEFAULT NULL,
  `media_gallery_id` int(11) NOT NULL,
  `created_at` timestamp NOT NULL DEFAULT current_timestamp() ON UPDATE current_timestamp()
) ENGINE=InnoDB DEFAULT CHARSET=utf8mb3 COLLATE=utf8mb3_general_ci;

--
-- Dumping data for table `front_cms_program_photos`
--

INSERT INTO `front_cms_program_photos` (`id`, `program_id`, `media_gallery_id`, `created_at`) VALUES
(1, 1, 7, '2023-03-13 06:09:47'),
(2, 1, 5, '2023-03-13 06:10:25'),
(3, 1, 6, '2023-03-13 06:11:05'),
(6, 1, 48, '2023-03-13 08:50:31'),
(7, 1, 47, '2023-03-13 08:50:36'),
(8, 1, 49, '2023-03-18 13:36:26');

-- --------------------------------------------------------

--
-- Table structure for table `front_cms_settings`
--

CREATE TABLE `front_cms_settings` (
  `id` int(11) NOT NULL,
  `theme` varchar(50) DEFAULT NULL,
  `is_active_rtl` int(11) DEFAULT 0,
  `is_active_front_cms` int(11) DEFAULT 0,
  `is_active_sidebar` int(11) DEFAULT 0,
  `logo` varchar(200) DEFAULT NULL,
  `contact_us_email` varchar(100) DEFAULT NULL,
  `complain_form_email` varchar(100) DEFAULT NULL,
  `sidebar_options` text NOT NULL,
  `whatsapp_url` varchar(255) NOT NULL,
  `fb_url` varchar(200) NOT NULL,
  `twitter_url` varchar(200) NOT NULL,
  `youtube_url` varchar(200) NOT NULL,
  `google_plus` varchar(200) NOT NULL,
  `instagram_url` varchar(200) NOT NULL,
  `pinterest_url` varchar(200) NOT NULL,
  `linkedin_url` varchar(200) NOT NULL,
  `google_analytics` text DEFAULT NULL,
  `footer_text` varchar(500) DEFAULT NULL,
  `cookie_consent` varchar(255) NOT NULL,
  `fav_icon` varchar(250) DEFAULT NULL,
  `created_at` timestamp NOT NULL DEFAULT current_timestamp() ON UPDATE current_timestamp()
) ENGINE=InnoDB DEFAULT CHARSET=utf8mb3 COLLATE=utf8mb3_general_ci;

--
-- Dumping data for table `front_cms_settings`
--

INSERT INTO `front_cms_settings` (`id`, `theme`, `is_active_rtl`, `is_active_front_cms`, `is_active_sidebar`, `logo`, `contact_us_email`, `complain_form_email`, `sidebar_options`, `whatsapp_url`, `fb_url`, `twitter_url`, `youtube_url`, `google_plus`, `instagram_url`, `pinterest_url`, `linkedin_url`, `google_analytics`, `footer_text`, `cookie_consent`, `fav_icon`, `created_at`) VALUES
(1, 'default', NULL, 1, NULL, './uploads/school_content/logo/1711470333-4154680496602f6fd2b83c!1678689719-2115230064640ec5b7e072f!new.png', '', '', '[]', 'https://www.whatsapp.com', 'https://www.facebook.com', 'https://twitter.com/', 'https://www.youtube.com', 'https://plus.google.com', 'https://www.instagram.com', '', 'https://www.linkedin.com', '', '© রূপনগর আবাসিক হাই স্কুল  ২০২৩ সকল কিছুর স্বত্বাধিকার', '', './uploads/school_content/logo/1711470333-1938188646602f6fd2ba66!1678689719-73727948640ec5b7e294f!icon.png', '2024-03-26 16:25:33');

-- --------------------------------------------------------

--
-- Table structure for table `gateway_ins`
--

CREATE TABLE `gateway_ins` (
  `id` int(11) NOT NULL,
  `online_admission_id` int(11) DEFAULT NULL,
  `gateway_name` varchar(50) NOT NULL,
  `module_type` varchar(255) NOT NULL,
  `unique_id` varchar(255) NOT NULL,
  `parameter_details` mediumtext NOT NULL,
  `payment_status` varchar(255) NOT NULL,
  `created_at` timestamp NOT NULL DEFAULT current_timestamp() ON UPDATE current_timestamp()
) ENGINE=InnoDB DEFAULT CHARSET=utf8mb3 COLLATE=utf8mb3_general_ci;

-- --------------------------------------------------------

--
-- Table structure for table `gateway_ins_response`
--

CREATE TABLE `gateway_ins_response` (
  `id` int(11) NOT NULL,
  `gateway_ins_id` int(11) DEFAULT NULL,
  `posted_data` text DEFAULT NULL,
  `response` text DEFAULT NULL,
  `created_at` timestamp NOT NULL DEFAULT current_timestamp() ON UPDATE current_timestamp()
) ENGINE=InnoDB DEFAULT CHARSET=utf8mb3 COLLATE=utf8mb3_general_ci;

-- --------------------------------------------------------

--
-- Table structure for table `general_calls`
--

CREATE TABLE `general_calls` (
  `id` int(11) NOT NULL,
  `name` varchar(100) NOT NULL,
  `contact` varchar(12) NOT NULL,
  `date` date NOT NULL,
  `description` varchar(500) NOT NULL,
  `follow_up_date` date NOT NULL,
  `call_duration` varchar(50) NOT NULL,
  `note` text NOT NULL,
  `call_type` varchar(20) NOT NULL,
  `created_at` timestamp NOT NULL DEFAULT current_timestamp()
) ENGINE=InnoDB DEFAULT CHARSET=utf8mb3 COLLATE=utf8mb3_general_ci;

-- --------------------------------------------------------

--
-- Table structure for table `gmeet`
--

CREATE TABLE `gmeet` (
  `id` int(11) NOT NULL,
  `purpose` varchar(20) NOT NULL DEFAULT 'class',
  `staff_id` int(11) DEFAULT NULL,
  `created_id` int(11) NOT NULL,
  `title` text DEFAULT NULL,
  `date` datetime DEFAULT NULL,
  `type` varchar(20) NOT NULL DEFAULT 'manual',
  `api_data` text DEFAULT NULL,
  `duration` int(11) DEFAULT NULL,
  `subject` varchar(50) DEFAULT NULL,
  `url` text NOT NULL,
  `session_id` int(11) NOT NULL,
  `description` varchar(50) DEFAULT NULL,
  `timezone` varchar(100) DEFAULT NULL,
  `status` int(11) NOT NULL DEFAULT 0,
  `created_at` timestamp NOT NULL DEFAULT current_timestamp() ON UPDATE current_timestamp()
) ENGINE=InnoDB DEFAULT CHARSET=utf8mb3 COLLATE=utf8mb3_general_ci;

-- --------------------------------------------------------

--
-- Table structure for table `gmeet_history`
--

CREATE TABLE `gmeet_history` (
  `id` int(11) NOT NULL,
  `gmeet_id` int(11) NOT NULL,
  `staff_id` int(11) DEFAULT NULL,
  `student_id` int(11) DEFAULT NULL,
  `total_hit` int(11) NOT NULL DEFAULT 1,
  `created_at` timestamp NOT NULL DEFAULT current_timestamp() ON UPDATE current_timestamp()
) ENGINE=InnoDB DEFAULT CHARSET=utf8mb3 COLLATE=utf8mb3_general_ci;

-- --------------------------------------------------------

--
-- Table structure for table `gmeet_sections`
--

CREATE TABLE `gmeet_sections` (
  `id` int(11) NOT NULL,
  `gmeet_id` int(11) NOT NULL,
  `cls_section_id` int(11) NOT NULL,
  `created_at` timestamp NOT NULL DEFAULT current_timestamp() ON UPDATE current_timestamp()
) ENGINE=InnoDB DEFAULT CHARSET=utf8mb3 COLLATE=utf8mb3_general_ci;

-- --------------------------------------------------------

--
-- Table structure for table `gmeet_settings`
--

CREATE TABLE `gmeet_settings` (
  `id` int(11) NOT NULL,
  `api_key` varchar(200) DEFAULT NULL,
  `api_secret` varchar(200) DEFAULT NULL,
  `use_api` int(11) DEFAULT 1,
  `created_at` timestamp NOT NULL DEFAULT current_timestamp() ON UPDATE current_timestamp()
) ENGINE=InnoDB DEFAULT CHARSET=utf8mb3 COLLATE=utf8mb3_general_ci;

-- --------------------------------------------------------

--
-- Table structure for table `gmeet_staff`
--

CREATE TABLE `gmeet_staff` (
  `id` int(11) NOT NULL,
  `gmeet_id` int(11) NOT NULL,
  `staff_id` int(11) NOT NULL,
  `created_at` timestamp NOT NULL DEFAULT current_timestamp() ON UPDATE current_timestamp()
) ENGINE=InnoDB DEFAULT CHARSET=utf8mb3 COLLATE=utf8mb3_general_ci;

-- --------------------------------------------------------

--
-- Table structure for table `grades`
--

CREATE TABLE `grades` (
  `id` int(11) NOT NULL,
  `exam_type` varchar(250) DEFAULT NULL,
  `name` varchar(100) DEFAULT NULL,
  `point` float(10,1) DEFAULT NULL,
  `mark_from` float(10,2) DEFAULT NULL,
  `mark_upto` float(10,2) DEFAULT NULL,
  `description` text DEFAULT NULL,
  `is_active` varchar(255) DEFAULT 'no',
  `created_at` timestamp NOT NULL DEFAULT current_timestamp() ON UPDATE current_timestamp(),
  `updated_at` date DEFAULT NULL
) ENGINE=InnoDB DEFAULT CHARSET=utf8mb3 COLLATE=utf8mb3_general_ci;

-- --------------------------------------------------------

--
-- Table structure for table `homework`
--

CREATE TABLE `homework` (
  `id` int(11) NOT NULL,
  `class_id` int(11) NOT NULL,
  `section_id` int(11) NOT NULL,
  `session_id` int(11) NOT NULL,
  `staff_id` int(11) NOT NULL,
  `subject_group_subject_id` int(11) DEFAULT NULL,
  `subject_id` int(11) DEFAULT NULL,
  `homework_date` date NOT NULL,
  `submit_date` date NOT NULL,
  `marks` float(10,2) DEFAULT NULL,
  `description` text DEFAULT NULL,
  `create_date` date NOT NULL,
  `evaluation_date` date DEFAULT NULL,
  `document` varchar(200) DEFAULT NULL,
  `created_by` int(11) NOT NULL,
  `evaluated_by` int(11) DEFAULT NULL,
  `created_at` timestamp NULL DEFAULT current_timestamp()
) ENGINE=InnoDB DEFAULT CHARSET=utf8mb3 COLLATE=utf8mb3_general_ci;

-- --------------------------------------------------------

--
-- Table structure for table `homework_evaluation`
--

CREATE TABLE `homework_evaluation` (
  `id` int(11) NOT NULL,
  `homework_id` int(11) NOT NULL,
  `student_id` int(11) NOT NULL,
  `student_session_id` int(11) DEFAULT NULL,
  `marks` float(10,2) DEFAULT NULL,
  `note` varchar(255) NOT NULL,
  `date` date NOT NULL,
  `status` varchar(100) NOT NULL,
  `created_at` timestamp NOT NULL DEFAULT current_timestamp() ON UPDATE current_timestamp()
) ENGINE=InnoDB DEFAULT CHARSET=utf8mb3 COLLATE=utf8mb3_general_ci;

-- --------------------------------------------------------

--
-- Table structure for table `hostel`
--

CREATE TABLE `hostel` (
  `id` int(11) NOT NULL,
  `hostel_name` varchar(100) DEFAULT NULL,
  `type` varchar(50) DEFAULT NULL,
  `address` text DEFAULT NULL,
  `intake` int(11) DEFAULT NULL,
  `description` text DEFAULT NULL,
  `is_active` varchar(255) DEFAULT 'no',
  `created_at` timestamp NOT NULL DEFAULT current_timestamp() ON UPDATE current_timestamp(),
  `updated_at` date DEFAULT NULL
) ENGINE=InnoDB DEFAULT CHARSET=utf8mb3 COLLATE=utf8mb3_general_ci;

-- --------------------------------------------------------

--
-- Table structure for table `hostel_rooms`
--

CREATE TABLE `hostel_rooms` (
  `id` int(11) NOT NULL,
  `hostel_id` int(11) DEFAULT NULL,
  `room_type_id` int(11) DEFAULT NULL,
  `room_no` varchar(200) DEFAULT NULL,
  `no_of_bed` int(11) DEFAULT NULL,
  `cost_per_bed` float(10,2) DEFAULT 0.00,
  `title` varchar(200) DEFAULT NULL,
  `description` text DEFAULT NULL,
  `created_at` timestamp NOT NULL DEFAULT current_timestamp() ON UPDATE current_timestamp()
) ENGINE=InnoDB DEFAULT CHARSET=utf8mb3 COLLATE=utf8mb3_general_ci;

-- --------------------------------------------------------

--
-- Table structure for table `id_card`
--

CREATE TABLE `id_card` (
  `id` int(11) NOT NULL,
  `title` varchar(100) NOT NULL,
  `school_name` varchar(100) NOT NULL,
  `school_address` varchar(500) NOT NULL,
  `background` varchar(100) NOT NULL,
  `logo` varchar(100) NOT NULL,
  `sign_image` varchar(100) NOT NULL,
  `enable_vertical_card` int(11) NOT NULL DEFAULT 0,
  `header_color` varchar(100) NOT NULL,
  `enable_admission_no` tinyint(1) NOT NULL COMMENT '0=disable,1=enable',
  `enable_student_name` tinyint(1) NOT NULL COMMENT '0=disable,1=enable',
  `enable_class` tinyint(1) NOT NULL COMMENT '0=disable,1=enable',
  `enable_fathers_name` tinyint(1) NOT NULL COMMENT '0=disable,1=enable',
  `enable_mothers_name` tinyint(1) NOT NULL COMMENT '0=disable,1=enable',
  `enable_address` tinyint(1) NOT NULL COMMENT '0=disable,1=enable',
  `enable_phone` tinyint(1) NOT NULL COMMENT '0=disable,1=enable',
  `enable_dob` tinyint(1) NOT NULL COMMENT '0=disable,1=enable',
  `enable_blood_group` tinyint(1) NOT NULL COMMENT '0=disable,1=enable',
  `enable_student_barcode` tinyint(4) NOT NULL DEFAULT 1 COMMENT '0=disable,1=enable',
  `status` tinyint(1) NOT NULL COMMENT '0=disable,1=enable'
) ENGINE=InnoDB DEFAULT CHARSET=utf8mb3 COLLATE=utf8mb3_general_ci;

--
-- Dumping data for table `id_card`
--

INSERT INTO `id_card` (`id`, `title`, `school_name`, `school_address`, `background`, `logo`, `sign_image`, `enable_vertical_card`, `header_color`, `enable_admission_no`, `enable_student_name`, `enable_class`, `enable_fathers_name`, `enable_mothers_name`, `enable_address`, `enable_phone`, `enable_dob`, `enable_blood_group`, `enable_student_barcode`, `status`) VALUES
(1, 'Sample Student Identity Card Horizontal', 'Roupnagar High School', 'Munshi Bari,Beside Noyar Hat High School  Phone: 01775457008 Email: info@elitedesign.com.bd', '1678712629-2018657443640f1f358d30c!1.png', '1678712603-2098730297640f1f1b89061!1.png', '1678712603-816777109640f1f1b894b8!sign.png', 0, '#595959', 1, 1, 1, 1, 0, 1, 1, 1, 1, 1, 1),
(2, 'Sample Student Identity Card Vertical', 'Roupnagor High School', 'Munshi Bari, Beside Nayar Hat High School  Phone: 01775457008 Email: info@elitedesign.com.bd', '1678712744-1717035281640f1fa859db5!1.png', '1678712744-301435126640f1fa85a022!1.png', '1678712744-607931189640f1fa85a188!sign.png', 1, '#595959', 1, 1, 1, 1, 0, 1, 1, 1, 1, 1, 1);

-- --------------------------------------------------------

--
-- Table structure for table `income`
--

CREATE TABLE `income` (
  `id` int(11) NOT NULL,
  `income_head_id` int(11) DEFAULT NULL,
  `name` varchar(50) DEFAULT NULL,
  `invoice_no` varchar(200) DEFAULT NULL,
  `date` date DEFAULT NULL,
  `amount` float(10,2) DEFAULT 0.00,
  `note` text DEFAULT NULL,
  `is_active` varchar(255) DEFAULT 'yes',
  `documents` varchar(255) DEFAULT NULL,
  `is_deleted` varchar(255) DEFAULT 'no',
  `created_at` timestamp NOT NULL DEFAULT current_timestamp() ON UPDATE current_timestamp(),
  `updated_at` date DEFAULT NULL
) ENGINE=InnoDB DEFAULT CHARSET=utf8mb3 COLLATE=utf8mb3_general_ci;

-- --------------------------------------------------------

--
-- Table structure for table `income_head`
--

CREATE TABLE `income_head` (
  `id` int(11) NOT NULL,
  `income_category` varchar(255) DEFAULT NULL,
  `description` varchar(255) DEFAULT NULL,
  `is_active` varchar(255) NOT NULL DEFAULT 'yes',
  `is_deleted` varchar(255) NOT NULL DEFAULT 'no',
  `created_at` timestamp NOT NULL DEFAULT current_timestamp() ON UPDATE current_timestamp(),
  `updated_at` date DEFAULT NULL
) ENGINE=InnoDB DEFAULT CHARSET=utf8mb3 COLLATE=utf8mb3_general_ci;

-- --------------------------------------------------------

--
-- Table structure for table `item`
--

CREATE TABLE `item` (
  `id` int(11) NOT NULL,
  `item_category_id` int(11) DEFAULT NULL,
  `item_store_id` int(11) DEFAULT NULL,
  `item_supplier_id` int(11) DEFAULT NULL,
  `name` varchar(255) NOT NULL,
  `unit` varchar(100) NOT NULL,
  `item_photo` varchar(225) DEFAULT NULL,
  `description` text NOT NULL,
  `quantity` int(11) NOT NULL,
  `date` date DEFAULT NULL,
  `created_at` timestamp NOT NULL DEFAULT current_timestamp() ON UPDATE current_timestamp(),
  `updated_at` date DEFAULT NULL
) ENGINE=InnoDB DEFAULT CHARSET=utf8mb3 COLLATE=utf8mb3_general_ci;

-- --------------------------------------------------------

--
-- Table structure for table `item_category`
--

CREATE TABLE `item_category` (
  `id` int(11) NOT NULL,
  `item_category` varchar(255) NOT NULL,
  `is_active` varchar(255) NOT NULL DEFAULT 'yes',
  `description` varchar(255) NOT NULL,
  `created_at` timestamp NOT NULL DEFAULT current_timestamp() ON UPDATE current_timestamp(),
  `updated_at` date DEFAULT NULL
) ENGINE=InnoDB DEFAULT CHARSET=utf8mb3 COLLATE=utf8mb3_general_ci;

-- --------------------------------------------------------

--
-- Table structure for table `item_issue`
--

CREATE TABLE `item_issue` (
  `id` int(11) NOT NULL,
  `issue_type` varchar(15) DEFAULT NULL,
  `issue_to` int(11) NOT NULL,
  `issue_by` int(11) DEFAULT NULL,
  `issue_date` date DEFAULT NULL,
  `return_date` date DEFAULT NULL,
  `item_category_id` int(11) DEFAULT NULL,
  `item_id` int(11) DEFAULT NULL,
  `quantity` int(11) NOT NULL,
  `note` text NOT NULL,
  `is_returned` int(11) NOT NULL DEFAULT 1,
  `created_at` timestamp NOT NULL DEFAULT current_timestamp() ON UPDATE current_timestamp(),
  `is_active` varchar(10) DEFAULT 'no'
) ENGINE=InnoDB DEFAULT CHARSET=utf8mb3 COLLATE=utf8mb3_general_ci;

-- --------------------------------------------------------

--
-- Table structure for table `item_stock`
--

CREATE TABLE `item_stock` (
  `id` int(11) NOT NULL,
  `item_id` int(11) DEFAULT NULL,
  `supplier_id` int(11) DEFAULT NULL,
  `store_id` int(11) DEFAULT NULL,
  `symbol` varchar(10) NOT NULL DEFAULT '+',
  `quantity` int(11) DEFAULT NULL,
  `purchase_price` float(10,2) NOT NULL,
  `date` date NOT NULL,
  `attachment` varchar(250) DEFAULT NULL,
  `description` text NOT NULL,
  `is_active` varchar(10) DEFAULT 'yes',
  `created_at` timestamp NOT NULL DEFAULT current_timestamp() ON UPDATE current_timestamp()
) ENGINE=InnoDB DEFAULT CHARSET=utf8mb3 COLLATE=utf8mb3_general_ci;

-- --------------------------------------------------------

--
-- Table structure for table `item_store`
--

CREATE TABLE `item_store` (
  `id` int(11) NOT NULL,
  `item_store` varchar(255) NOT NULL,
  `code` varchar(255) NOT NULL,
  `description` text NOT NULL,
  `created_at` timestamp NOT NULL DEFAULT current_timestamp()
) ENGINE=InnoDB DEFAULT CHARSET=utf8mb3 COLLATE=utf8mb3_general_ci;

-- --------------------------------------------------------

--
-- Table structure for table `item_supplier`
--

CREATE TABLE `item_supplier` (
  `id` int(11) NOT NULL,
  `item_supplier` varchar(255) NOT NULL,
  `phone` varchar(255) NOT NULL,
  `email` varchar(255) NOT NULL,
  `address` varchar(255) NOT NULL,
  `contact_person_name` varchar(255) NOT NULL,
  `contact_person_phone` varchar(255) NOT NULL,
  `contact_person_email` varchar(255) NOT NULL,
  `description` text NOT NULL
) ENGINE=InnoDB DEFAULT CHARSET=utf8mb3 COLLATE=utf8mb3_general_ci;

-- --------------------------------------------------------

--
-- Table structure for table `languages`
--

CREATE TABLE `languages` (
  `id` int(11) NOT NULL,
  `language` varchar(50) DEFAULT NULL,
  `short_code` varchar(255) NOT NULL,
  `country_code` varchar(255) NOT NULL,
  `is_rtl` int(11) NOT NULL,
  `is_deleted` varchar(10) NOT NULL DEFAULT 'yes',
  `is_active` varchar(255) DEFAULT 'no',
  `created_at` timestamp NOT NULL DEFAULT current_timestamp() ON UPDATE current_timestamp(),
  `updated_at` date DEFAULT NULL
) ENGINE=InnoDB DEFAULT CHARSET=utf8mb3 COLLATE=utf8mb3_general_ci;

--
-- Dumping data for table `languages`
--

INSERT INTO `languages` (`id`, `language`, `short_code`, `country_code`, `is_rtl`, `is_deleted`, `is_active`, `created_at`, `updated_at`) VALUES
(1, 'Azerbaijan', 'az', 'az', 0, 'no', 'no', '2019-11-20 11:23:12', '0000-00-00'),
(2, 'Albanian', 'sq', 'al', 0, 'no', 'no', '2019-11-20 11:42:42', '0000-00-00'),
(3, 'Amharic', 'am', 'am', 0, 'no', 'no', '2019-11-20 11:24:23', '0000-00-00'),
(4, 'English', 'en', 'us', 0, 'no', 'no', '2019-11-20 11:38:50', '0000-00-00'),
(5, 'Arabic', 'ar', 'sa', 0, 'no', 'no', '2019-11-20 11:47:28', '0000-00-00'),
(7, 'Afrikaans', 'af', 'af', 0, 'no', 'no', '2023-03-13 05:52:50', '0000-00-00'),
(8, 'Basque', 'eu', 'es', 0, 'no', 'no', '2019-11-20 11:54:10', '0000-00-00'),
(11, 'Bengali', 'bn', 'bd', 0, 'no', 'no', '2023-03-13 18:21:34', '0000-00-00'),
(13, 'Bosnian', 'bs', 'bs', 0, 'no', 'no', '2019-11-20 11:24:23', '0000-00-00'),
(14, 'Welsh', 'cy', 'cy', 0, 'no', 'no', '2019-11-20 11:24:23', '0000-00-00'),
(15, 'Hungarian', 'hu', 'hu', 0, 'no', 'no', '2019-11-20 11:24:23', '0000-00-00'),
(16, 'Vietnamese', 'vi', 'vi', 0, 'no', 'no', '2019-11-20 11:24:23', '0000-00-00'),
(17, 'Haitian', 'ht', 'ht', 0, 'no', 'no', '2021-01-23 07:09:32', '0000-00-00'),
(18, 'Galician', 'gl', 'gl', 0, 'no', 'no', '2019-11-20 11:24:23', '0000-00-00'),
(19, 'Dutch', 'nl', 'nl', 0, 'no', 'no', '2019-11-20 11:24:23', '0000-00-00'),
(21, 'Greek', 'el', 'gr', 0, 'no', 'no', '2019-11-20 12:12:08', '0000-00-00'),
(22, 'Georgian', 'ka', 'ge', 0, 'no', 'no', '2019-11-20 12:11:40', '0000-00-00'),
(23, 'Gujarati', 'gu', 'in', 0, 'no', 'no', '2019-11-20 11:39:16', '0000-00-00'),
(24, 'Danish', 'da', 'dk', 0, 'no', 'no', '2019-11-20 12:03:25', '0000-00-00'),
(25, 'Hebrew', 'he', 'il', 0, 'no', 'no', '2019-11-20 12:13:50', '0000-00-00'),
(26, 'Yiddish', 'yi', 'il', 0, 'no', 'no', '2019-11-20 12:25:33', '0000-00-00'),
(27, 'Indonesian', 'id', 'id', 0, 'no', 'no', '2019-11-20 11:24:23', '0000-00-00'),
(28, 'Irish', 'ga', 'ga', 0, 'no', 'no', '2019-11-20 11:24:23', '0000-00-00'),
(29, 'Italian', 'it', 'it', 0, 'no', 'no', '2019-11-20 11:24:23', '0000-00-00'),
(30, 'Icelandic', 'is', 'is', 0, 'no', 'no', '2019-11-20 11:24:23', '0000-00-00'),
(31, 'Spanish', 'es', 'es', 0, 'no', 'no', '2019-11-20 11:24:23', '0000-00-00'),
(33, 'Kannada', 'kn', 'kn', 0, 'no', 'no', '2019-11-20 11:24:23', '0000-00-00'),
(34, 'Catalan', 'ca', 'ca', 0, 'no', 'no', '2019-11-20 11:24:23', '0000-00-00'),
(36, 'Chinese', 'zh', 'cn', 0, 'no', 'no', '2019-11-20 12:01:48', '0000-00-00'),
(37, 'Korean', 'ko', 'kr', 0, 'no', 'no', '2019-11-20 12:19:09', '0000-00-00'),
(38, 'Xhosa', 'xh', 'ls', 0, 'no', 'no', '2019-11-20 12:24:39', '0000-00-00'),
(39, 'Latin', 'la', 'it', 0, 'no', 'no', '2021-01-23 07:09:32', '0000-00-00'),
(40, 'Latvian', 'lv', 'lv', 0, 'no', 'no', '2019-11-20 11:24:23', '0000-00-00'),
(41, 'Lithuanian', 'lt', 'lt', 0, 'no', 'no', '2019-11-20 11:24:23', '0000-00-00'),
(43, 'Malagasy', 'mg', 'mg', 0, 'no', 'no', '2019-11-20 11:24:23', '0000-00-00'),
(44, 'Malay', 'ms', 'ms', 0, 'no', 'no', '2019-11-20 11:24:23', '0000-00-00'),
(45, 'Malayalam', 'ml', 'ml', 0, 'no', 'no', '2019-11-20 11:24:23', '0000-00-00'),
(46, 'Maltese', 'mt', 'mt', 0, 'no', 'no', '2019-11-20 11:24:23', '0000-00-00'),
(47, 'Macedonian', 'mk', 'mk', 0, 'no', 'no', '2019-11-20 11:24:23', '0000-00-00'),
(48, 'Maori', 'mi', 'nz', 0, 'no', 'no', '2019-11-20 12:20:27', '0000-00-00'),
(49, 'Marathi', 'mr', 'in', 0, 'no', 'no', '2019-11-20 11:39:51', '0000-00-00'),
(51, 'Mongolian', 'mn', 'mn', 0, 'no', 'no', '2019-11-20 11:24:23', '0000-00-00'),
(52, 'German', 'de', 'de', 0, 'no', 'no', '2019-11-20 11:24:23', '0000-00-00'),
(53, 'Nepali', 'ne', 'ne', 0, 'no', 'no', '2019-11-20 11:24:23', '0000-00-00'),
(54, 'Norwegian', 'no', 'no', 0, 'no', 'no', '2019-11-20 11:24:23', '0000-00-00'),
(55, 'Punjabi', 'pa', 'in', 0, 'no', 'no', '2019-11-20 11:40:16', '0000-00-00'),
(57, 'Persian', 'fa', 'ir', 0, 'no', 'no', '2019-11-20 12:21:17', '0000-00-00'),
(59, 'Portuguese', 'pt', 'pt', 0, 'no', 'no', '2019-11-20 11:24:23', '0000-00-00'),
(60, 'Romanian', 'ro', 'ro', 0, 'no', 'no', '2019-11-20 11:24:23', '0000-00-00'),
(61, 'Russian', 'ru', 'ru', 0, 'no', 'no', '2019-11-20 11:24:23', '0000-00-00'),
(62, 'Cebuano', 'ceb', 'ph', 0, 'no', 'no', '2019-11-20 11:59:12', '0000-00-00'),
(64, 'Sinhala', 'si', 'lk ', 0, 'no', 'no', '2021-01-23 07:09:32', '0000-00-00'),
(65, 'Slovakian', 'sk', 'sk', 0, 'no', 'no', '2019-11-20 11:24:23', '0000-00-00'),
(66, 'Slovenian', 'sl', 'sl', 0, 'no', 'no', '2019-11-20 11:24:23', '0000-00-00'),
(67, 'Swahili', 'sw', 'ke', 0, 'no', 'no', '2019-11-20 12:21:57', '0000-00-00'),
(68, 'Sundanese', 'su', 'sd', 0, 'no', 'no', '2019-12-03 11:06:57', '0000-00-00'),
(70, 'Thai', 'th', 'th', 0, 'no', 'no', '2019-11-20 11:24:23', '0000-00-00'),
(71, 'Tagalog', 'tl', 'tl', 0, 'no', 'no', '2019-11-20 11:24:23', '0000-00-00'),
(72, 'Tamil', 'ta', 'in', 0, 'no', 'no', '2019-11-20 11:40:53', '0000-00-00'),
(74, 'Telugu', 'te', 'in', 0, 'no', 'no', '2019-11-20 11:41:15', '0000-00-00'),
(75, 'Turkish', 'tr', 'tr', 0, 'no', 'no', '2019-11-20 11:24:23', '0000-00-00'),
(77, 'Uzbek', 'uz', 'uz', 0, 'no', 'no', '2019-11-20 11:24:23', '0000-00-00'),
(79, 'Urdu', 'ur', 'pk', 0, 'no', 'no', '2019-11-20 12:23:57', '0000-00-00'),
(80, 'Finnish', 'fi', 'fi', 0, 'no', 'no', '2019-11-20 11:24:23', '0000-00-00'),
(81, 'French', 'fr', 'fr', 0, 'no', 'no', '2019-11-20 11:24:23', '0000-00-00'),
(82, 'Hindi', 'hi', 'in', 0, 'no', 'no', '2019-11-20 11:36:34', '0000-00-00'),
(84, 'Czech', 'cs', 'cz', 0, 'no', 'no', '2019-11-20 12:02:36', '0000-00-00'),
(85, 'Swedish', 'sv', 'sv', 0, 'no', 'no', '2019-11-20 11:24:23', '0000-00-00'),
(86, 'Scottish', 'gd', 'gd', 0, 'no', 'no', '2019-11-20 11:24:23', '0000-00-00'),
(87, 'Estonian', 'et', 'et', 0, 'no', 'no', '2019-11-20 11:24:23', '0000-00-00'),
(88, 'Esperanto', 'eo', 'br', 0, 'no', 'no', '2019-11-21 04:49:18', '0000-00-00'),
(89, 'Javanese', 'jv', 'id', 0, 'no', 'no', '2019-11-20 12:18:29', '0000-00-00'),
(90, 'Japanese', 'ja', 'jp', 0, 'no', 'no', '2019-11-20 12:14:39', '0000-00-00'),
(91, 'Polish', 'pl', 'pl', 0, 'no', 'no', '2020-06-15 03:25:27', '0000-00-00'),
(92, 'Kurdish', 'ku', 'iq', 0, 'no', 'no', '2020-12-21 00:15:31', '0000-00-00'),
(93, 'Lao', 'lo', 'la', 0, 'no', 'no', '2020-12-21 00:15:36', '0000-00-00'),
(94, 'Croatia', 'hr', 'hr', 0, 'no', 'no', '2022-06-07 11:48:21', '0000-00-00');

-- --------------------------------------------------------

--
-- Table structure for table `leave_types`
--

CREATE TABLE `leave_types` (
  `id` int(11) NOT NULL,
  `type` varchar(200) NOT NULL,
  `is_active` varchar(50) NOT NULL
) ENGINE=InnoDB DEFAULT CHARSET=utf8mb3 COLLATE=utf8mb3_general_ci;

--
-- Dumping data for table `leave_types`
--

INSERT INTO `leave_types` (`id`, `type`, `is_active`) VALUES
(1, 'Pregnent Leave', 'yes'),
(2, 'Sick Leave', 'yes'),
(3, 'maraige Leave', 'yes');

-- --------------------------------------------------------

--
-- Table structure for table `lesson`
--

CREATE TABLE `lesson` (
  `id` int(11) NOT NULL,
  `session_id` int(11) NOT NULL,
  `subject_group_subject_id` int(11) NOT NULL,
  `subject_group_class_sections_id` int(11) NOT NULL,
  `name` varchar(255) NOT NULL,
  `created_at` timestamp NOT NULL DEFAULT current_timestamp() ON UPDATE current_timestamp()
) ENGINE=InnoDB DEFAULT CHARSET=utf8mb3 COLLATE=utf8mb3_general_ci;

-- --------------------------------------------------------

--
-- Table structure for table `lesson_plan_forum`
--

CREATE TABLE `lesson_plan_forum` (
  `id` int(11) NOT NULL,
  `subject_syllabus_id` int(11) NOT NULL,
  `type` varchar(20) NOT NULL COMMENT 'staff,student',
  `staff_id` int(11) DEFAULT NULL,
  `student_id` int(11) DEFAULT NULL,
  `message` text NOT NULL,
  `created_date` datetime DEFAULT NULL
) ENGINE=InnoDB DEFAULT CHARSET=utf8mb3 COLLATE=utf8mb3_general_ci;

-- --------------------------------------------------------

--
-- Table structure for table `libarary_members`
--

CREATE TABLE `libarary_members` (
  `id` int(11) NOT NULL,
  `library_card_no` varchar(50) DEFAULT NULL,
  `member_type` varchar(50) DEFAULT NULL,
  `member_id` int(11) DEFAULT NULL,
  `is_active` varchar(10) NOT NULL DEFAULT 'no',
  `created_at` timestamp NOT NULL DEFAULT current_timestamp() ON UPDATE current_timestamp()
) ENGINE=InnoDB DEFAULT CHARSET=utf8mb3 COLLATE=utf8mb3_general_ci;

-- --------------------------------------------------------

--
-- Table structure for table `logs`
--

CREATE TABLE `logs` (
  `id` int(11) NOT NULL,
  `message` text DEFAULT NULL,
  `record_id` text DEFAULT NULL,
  `user_id` int(11) DEFAULT NULL,
  `action` varchar(50) DEFAULT NULL,
  `ip_address` varchar(50) DEFAULT NULL,
  `platform` varchar(50) DEFAULT NULL,
  `agent` varchar(50) DEFAULT NULL,
  `time` timestamp NOT NULL DEFAULT current_timestamp(),
  `created_at` date DEFAULT NULL
) ENGINE=InnoDB DEFAULT CHARSET=utf8mb3 COLLATE=utf8mb3_general_ci;

--
-- Dumping data for table `logs`
--

INSERT INTO `logs` (`id`, `message`, `record_id`, `user_id`, `action`, `ip_address`, `platform`, `agent`, `time`, `created_at`) VALUES
(1, 'Record updated On settings id 1', '1', 1, 'Update', '103.25.249.225', 'Windows 10', 'Chrome 109.0.0.0', '2023-03-13 09:36:40', NULL),
(2, 'Record updated On settings id 1', '1', 1, 'Update', '103.25.249.225', 'Windows 10', 'Chrome 109.0.0.0', '2023-03-13 09:45:54', NULL),
(3, 'New Record inserted On event id 1', '1', 1, 'Insert', '103.25.249.225', 'Windows 10', 'Chrome 109.0.0.0', '2023-03-13 10:09:47', NULL),
(4, 'Record updated On Front CMS Setting id 1', '1', 1, 'Update', '103.25.249.225', 'Windows 10', 'Chrome 109.0.0.0', '2023-03-13 10:13:11', NULL),
(5, 'Record updated On  Page List id 1', '1', 1, 'Update', '103.25.249.225', 'Windows 10', 'Chrome 109.0.0.0', '2023-03-13 10:16:06', NULL),
(6, 'Record updated On  Page List id 1', '1', 1, 'Update', '103.25.249.225', 'Windows 10', 'Chrome 109.0.0.0', '2023-03-13 10:22:26', NULL),
(7, 'Record updated On settings id 1', '1', 1, 'Update', '103.25.249.225', 'Windows 10', 'Chrome 109.0.0.0', '2023-03-13 10:30:21', NULL),
(8, 'Record updated On settings id 1', '1', 1, 'Update', '103.25.249.225', 'Windows 10', 'Chrome 109.0.0.0', '2023-03-13 16:32:46', NULL),
(9, 'Record updated On Front CMS Setting id 1', '1', 1, 'Update', '103.25.249.225', 'Windows 10', 'Chrome 109.0.0.0', '2023-03-13 16:41:59', NULL),
(10, 'Record updated On Front CMS Setting id 1', '1', 1, 'Update', '103.25.249.225', 'Windows 10', 'Chrome 109.0.0.0', '2023-03-13 16:43:14', NULL),
(11, 'Record updated On settings id 1', '1', 1, 'Update', '103.25.249.225', 'Windows 10', 'Chrome 109.0.0.0', '2023-03-13 17:18:10', NULL),
(12, 'Record updated On settings id 1', '1', 1, 'Update', '103.25.249.225', 'Windows 10', 'Chrome 109.0.0.0', '2023-03-13 17:18:28', NULL),
(13, 'Record updated On settings id 1', '1', 1, 'Update', '103.25.249.225', 'Windows 10', 'Chrome 109.0.0.0', '2023-03-13 17:18:54', NULL),
(14, 'Record updated On Menu id 1', '1', 1, 'Update', '103.25.249.225', 'Windows 10', 'Chrome 109.0.0.0', '2023-03-13 17:22:07', NULL),
(15, 'Record updated On Menu id 4', '4', 1, 'Update', '103.25.249.225', 'Windows 10', 'Chrome 109.0.0.0', '2023-03-13 17:22:33', NULL),
(16, 'Record updated On Menu id 3', '3', 1, 'Update', '103.25.249.225', 'Windows 10', 'Chrome 109.0.0.0', '2023-03-13 17:23:02', NULL),
(17, 'Record updated On Menu id 2', '2', 1, 'Update', '103.25.249.225', 'Windows 10', 'Chrome 109.0.0.0', '2023-03-13 17:23:19', NULL),
(18, 'Record updated On Menu id 2', '2', 1, 'Update', '103.25.249.225', 'Windows 10', 'Chrome 109.0.0.0', '2023-03-13 17:23:28', NULL),
(19, 'New Record inserted On Page List id 6', '6', 1, 'Insert', '103.25.249.225', 'Windows 10', 'Chrome 109.0.0.0', '2023-03-13 17:24:15', NULL),
(20, 'New Record inserted On Menu id 5', '5', 1, 'Insert', '103.25.249.225', 'Windows 10', 'Chrome 109.0.0.0', '2023-03-13 17:24:43', NULL),
(21, 'New Record inserted On Menu id 6', '6', 1, 'Insert', '103.25.249.225', 'Windows 10', 'Chrome 109.0.0.0', '2023-03-13 17:26:14', NULL),
(22, 'New Record inserted On Menu id 7', '7', 1, 'Insert', '103.25.249.225', 'Windows 10', 'Chrome 109.0.0.0', '2023-03-13 17:26:31', NULL),
(23, 'New Record inserted On Menu id 8', '8', 1, 'Insert', '103.25.249.225', 'Windows 10', 'Chrome 109.0.0.0', '2023-03-13 17:26:50', NULL),
(24, 'New Record inserted On Menu id 9', '9', 1, 'Insert', '103.25.249.225', 'Windows 10', 'Chrome 109.0.0.0', '2023-03-13 17:27:10', NULL),
(25, 'Record updated On Menu id 9', '9', 1, 'Update', '103.25.249.225', 'Windows 10', 'Chrome 109.0.0.0', '2023-03-13 17:27:22', NULL),
(26, 'Record updated On  Page List id 1', '1', 1, 'Update', '103.25.249.225', 'Windows 10', 'Chrome 109.0.0.0', '2023-03-13 18:39:42', NULL),
(27, 'Record updated On  Page List id 1', '1', 1, 'Update', '103.25.249.225', 'Windows 10', 'Chrome 109.0.0.0', '2023-03-13 18:47:38', NULL),
(28, 'Record updated On  Page List id 1', '1', 1, 'Update', '103.25.249.225', 'Windows 10', 'Chrome 109.0.0.0', '2023-03-13 18:48:17', NULL),
(29, 'Record deleted On banner delete id 1', '1', 1, 'Delete', '103.25.249.225', 'Windows 10', 'Chrome 109.0.0.0', '2023-03-13 18:50:18', NULL),
(30, 'Record updated On  Page List id 1', '1', 1, 'Update', '103.25.249.225', 'Windows 10', 'Chrome 109.0.0.0', '2023-03-13 18:53:21', NULL),
(31, 'Record updated On  Page List id 1', '1', 1, 'Update', '103.25.249.225', 'Windows 10', 'Chrome 109.0.0.0', '2023-03-13 18:54:33', NULL),
(32, 'Record updated On  Page List id 1', '1', 1, 'Update', '103.25.249.225', 'Windows 10', 'Chrome 109.0.0.0', '2023-03-13 18:56:19', NULL),
(33, 'Record updated On  Page List id 1', '1', 1, 'Update', '103.25.249.225', 'Windows 10', 'Chrome 109.0.0.0', '2023-03-13 19:04:56', NULL),
(34, 'Record updated On  Page List id 1', '1', 1, 'Update', '103.25.249.225', 'Windows 10', 'Chrome 109.0.0.0', '2023-03-13 19:06:13', NULL),
(35, 'Record updated On  Page List id 1', '1', 1, 'Update', '103.25.249.225', 'Windows 10', 'Chrome 109.0.0.0', '2023-03-13 19:08:48', NULL),
(36, 'Record updated On  Page List id 1', '1', 1, 'Update', '103.25.249.225', 'Windows 10', 'Chrome 109.0.0.0', '2023-03-13 19:16:42', NULL),
(37, 'Record updated On  Page List id 1', '1', 1, 'Update', '103.25.249.225', 'Windows 10', 'Chrome 109.0.0.0', '2023-03-13 19:23:09', NULL),
(38, 'Record updated On  Page List id 1', '1', 1, 'Update', '103.25.249.225', 'Windows 10', 'Chrome 109.0.0.0', '2023-03-13 19:25:13', NULL),
(39, 'Record updated On staff id 1', '1', 1, 'Update', '103.25.248.241', 'Windows 10', 'Chrome 109.0.0.0', '2023-03-13 22:40:00', NULL),
(40, 'Record updated On staff id 1', '1', 1, 'Update', '103.25.248.241', 'Windows 10', 'Chrome 109.0.0.0', '2023-03-13 22:40:00', NULL),
(41, 'New Record inserted On payment settings id 1', '1', 1, 'Insert', '103.25.248.241', 'Windows 10', 'Chrome 109.0.0.0', '2023-03-13 22:42:06', NULL),
(42, 'Record updated On  certificates id 1', '1', 1, 'Update', '103.25.248.241', 'Windows 10', 'Chrome 109.0.0.0', '2023-03-13 22:53:58', NULL),
(43, 'Record updated On  id card id 1', '1', 1, 'Update', '103.25.248.241', 'Windows 10', 'Chrome 109.0.0.0', '2023-03-13 23:03:23', NULL),
(44, 'Record updated On  id card id 1', '1', 1, 'Update', '103.25.248.241', 'Windows 10', 'Chrome 109.0.0.0', '2023-03-13 23:03:49', NULL),
(45, 'Record updated On  id card id 2', '2', 1, 'Update', '103.25.248.241', 'Windows 10', 'Chrome 109.0.0.0', '2023-03-13 23:05:44', NULL),
(46, 'Record updated On  id card id 1', '1', 1, 'Update', '103.25.248.241', 'Windows 10', 'Chrome 109.0.0.0', '2023-03-13 23:07:30', NULL),
(47, 'Record updated On  id card id 2', '2', 1, 'Update', '103.25.248.241', 'Windows 10', 'Chrome 109.0.0.0', '2023-03-13 23:08:51', NULL),
(48, 'Record updated On  id card id 2', '2', 1, 'Update', '103.25.248.241', 'Windows 10', 'Chrome 109.0.0.0', '2023-03-13 23:09:37', NULL),
(49, 'Record updated On staff id 2', '2', 1, 'Update', '103.25.248.241', 'Windows 10', 'Chrome 109.0.0.0', '2023-03-14 00:22:58', NULL),
(50, 'Record updated On staff id 3', '3', 1, 'Update', '103.25.248.241', 'Windows 10', 'Chrome 109.0.0.0', '2023-03-14 00:28:01', NULL),
(51, 'Record updated On staff id 4', '4', 1, 'Update', '103.25.248.241', 'Windows 10', 'Chrome 109.0.0.0', '2023-03-14 00:33:19', NULL),
(52, 'Record updated On staff id 5', '5', 1, 'Update', '103.25.248.241', 'Windows 10', 'Chrome 109.0.0.0', '2023-03-14 00:38:05', NULL),
(53, 'Record updated On staff id 6', '6', 1, 'Update', '103.25.248.241', 'Windows 10', 'Chrome 109.0.0.0', '2023-03-14 00:41:54', NULL),
(54, 'Record updated On staff id 7', '7', 1, 'Update', '103.25.248.241', 'Windows 10', 'Chrome 109.0.0.0', '2023-03-14 00:49:24', NULL),
(55, 'Record updated On staff id 8', '8', 1, 'Update', '103.25.248.241', 'Windows 10', 'Chrome 109.0.0.0', '2023-03-14 00:52:50', NULL),
(56, 'Record updated On staff id 9', '9', 1, 'Update', '103.25.248.241', 'Windows 10', 'Chrome 109.0.0.0', '2023-03-14 00:57:06', NULL),
(57, 'Record updated On staff id 10', '10', 1, 'Update', '103.25.248.241', 'Windows 10', 'Chrome 109.0.0.0', '2023-03-14 01:00:40', NULL),
(58, 'New Record inserted On  staff designation id 1', '1', 1, 'Insert', '103.25.248.241', 'Windows 10', 'Chrome 109.0.0.0', '2023-03-14 01:06:28', NULL),
(59, 'New Record inserted On  staff designation id 2', '2', 1, 'Insert', '103.25.248.241', 'Windows 10', 'Chrome 109.0.0.0', '2023-03-14 01:06:45', NULL),
(60, 'New Record inserted On  staff designation id 3', '3', 1, 'Insert', '103.25.248.241', 'Windows 10', 'Chrome 109.0.0.0', '2023-03-14 01:07:01', NULL),
(61, 'New Record inserted On  staff designation id 4', '4', 1, 'Insert', '103.25.248.241', 'Windows 10', 'Chrome 109.0.0.0', '2023-03-14 01:07:24', NULL),
(62, 'New Record inserted On  staff designation id 5', '5', 1, 'Insert', '103.25.248.241', 'Windows 10', 'Chrome 109.0.0.0', '2023-03-14 01:08:26', NULL),
(63, 'New Record inserted On  staff designation id 6', '6', 1, 'Insert', '103.25.248.241', 'Windows 10', 'Chrome 109.0.0.0', '2023-03-14 01:08:43', NULL),
(64, 'New Record inserted On  staff designation id 7', '7', 1, 'Insert', '103.25.248.241', 'Windows 10', 'Chrome 109.0.0.0', '2023-03-14 01:09:28', NULL),
(65, 'New Record inserted On  staff designation id 8', '8', 1, 'Insert', '103.25.248.241', 'Windows 10', 'Chrome 109.0.0.0', '2023-03-14 01:10:41', NULL),
(66, 'New Record inserted On  staff designation id 9', '9', 1, 'Insert', '103.25.248.241', 'Windows 10', 'Chrome 109.0.0.0', '2023-03-14 01:12:18', NULL),
(67, 'Record updated On staff id 2', '2', 1, 'Update', '103.25.248.241', 'Windows 10', 'Chrome 109.0.0.0', '2023-03-14 01:14:37', NULL),
(68, 'Record updated On staff id 2', '2', 1, 'Update', '103.25.248.241', 'Windows 10', 'Chrome 109.0.0.0', '2023-03-14 01:14:37', NULL),
(69, 'Record updated On staff id 3', '3', 1, 'Update', '103.25.248.241', 'Windows 10', 'Chrome 109.0.0.0', '2023-03-14 01:15:45', NULL),
(70, 'Record updated On staff id 3', '3', 1, 'Update', '103.25.248.241', 'Windows 10', 'Chrome 109.0.0.0', '2023-03-14 01:15:45', NULL),
(71, 'Record updated On staff id 4', '4', 1, 'Update', '103.25.248.241', 'Windows 10', 'Chrome 109.0.0.0', '2023-03-14 01:18:25', NULL),
(72, 'Record updated On staff id 4', '4', 1, 'Update', '103.25.248.241', 'Windows 10', 'Chrome 109.0.0.0', '2023-03-14 01:18:25', NULL),
(73, 'Record updated On staff id 4', '4', 1, 'Update', '103.25.248.241', 'Windows 10', 'Chrome 109.0.0.0', '2023-03-14 01:27:43', NULL),
(74, 'Record updated On staff id 4', '4', 1, 'Update', '103.25.248.241', 'Windows 10', 'Chrome 109.0.0.0', '2023-03-14 01:27:43', NULL),
(75, 'New Record inserted On department id 1', '1', 1, 'Insert', '103.25.248.241', 'Windows 10', 'Chrome 109.0.0.0', '2023-03-14 01:28:33', NULL),
(76, 'New Record inserted On department id 2', '2', 1, 'Insert', '103.25.248.241', 'Windows 10', 'Chrome 109.0.0.0', '2023-03-14 01:28:45', NULL),
(77, 'New Record inserted On department id 3', '3', 1, 'Insert', '103.25.248.241', 'Windows 10', 'Chrome 109.0.0.0', '2023-03-14 01:28:52', NULL),
(78, 'New Record inserted On department id 4', '4', 1, 'Insert', '103.25.248.241', 'Windows 10', 'Chrome 109.0.0.0', '2023-03-14 01:29:04', NULL),
(79, 'New Record inserted On department id 5', '5', 1, 'Insert', '103.25.248.241', 'Windows 10', 'Chrome 109.0.0.0', '2023-03-14 01:29:17', NULL),
(80, 'New Record inserted On department id 6', '6', 1, 'Insert', '103.25.248.241', 'Windows 10', 'Chrome 109.0.0.0', '2023-03-14 01:29:31', NULL),
(81, 'Record updated On staff id 2', '2', 1, 'Update', '103.25.248.241', 'Windows 10', 'Chrome 109.0.0.0', '2023-03-14 01:30:27', NULL),
(82, 'Record updated On staff id 2', '2', 1, 'Update', '103.25.248.241', 'Windows 10', 'Chrome 109.0.0.0', '2023-03-14 01:30:27', NULL),
(83, 'Record updated On staff id 3', '3', 1, 'Update', '103.25.248.241', 'Windows 10', 'Chrome 109.0.0.0', '2023-03-14 01:30:57', NULL),
(84, 'Record updated On staff id 3', '3', 1, 'Update', '103.25.248.241', 'Windows 10', 'Chrome 109.0.0.0', '2023-03-14 01:30:57', NULL),
(85, 'Record updated On staff id 5', '5', 1, 'Update', '103.25.248.241', 'Windows 10', 'Chrome 109.0.0.0', '2023-03-14 01:32:05', NULL),
(86, 'Record updated On staff id 5', '5', 1, 'Update', '103.25.248.241', 'Windows 10', 'Chrome 109.0.0.0', '2023-03-14 01:32:05', NULL),
(87, 'Record updated On staff id 6', '6', 1, 'Update', '103.25.248.241', 'Windows 10', 'Chrome 109.0.0.0', '2023-03-14 01:32:41', NULL),
(88, 'Record updated On staff id 6', '6', 1, 'Update', '103.25.248.241', 'Windows 10', 'Chrome 109.0.0.0', '2023-03-14 01:32:41', NULL),
(89, 'Record updated On staff id 7', '7', 1, 'Update', '103.25.248.241', 'Windows 10', 'Chrome 109.0.0.0', '2023-03-14 01:33:45', NULL),
(90, 'Record updated On staff id 7', '7', 1, 'Update', '103.25.248.241', 'Windows 10', 'Chrome 109.0.0.0', '2023-03-14 01:33:45', NULL),
(91, 'Record updated On staff id 8', '8', 1, 'Update', '103.25.248.241', 'Windows 10', 'Chrome 109.0.0.0', '2023-03-14 01:34:28', NULL),
(92, 'Record updated On staff id 8', '8', 1, 'Update', '103.25.248.241', 'Windows 10', 'Chrome 109.0.0.0', '2023-03-14 01:34:28', NULL),
(93, 'Record updated On staff id 9', '9', 1, 'Update', '103.25.248.241', 'Windows 10', 'Chrome 109.0.0.0', '2023-03-14 01:35:15', NULL),
(94, 'Record updated On staff id 9', '9', 1, 'Update', '103.25.248.241', 'Windows 10', 'Chrome 109.0.0.0', '2023-03-14 01:35:15', NULL),
(95, 'Record updated On staff id 10', '10', 1, 'Update', '103.25.248.241', 'Windows 10', 'Chrome 109.0.0.0', '2023-03-14 01:36:14', NULL),
(96, 'Record updated On staff id 10', '10', 1, 'Update', '103.25.248.241', 'Windows 10', 'Chrome 109.0.0.0', '2023-03-14 01:36:14', NULL),
(97, 'Record updated On staff id 9', '9', 1, 'Update', '103.25.248.241', 'Windows 10', 'Chrome 109.0.0.0', '2023-03-14 01:36:43', NULL),
(98, 'Record updated On staff id 9', '9', 1, 'Update', '103.25.248.241', 'Windows 10', 'Chrome 109.0.0.0', '2023-03-14 01:36:43', NULL),
(99, 'New Record inserted On sections id 1', '1', 1, 'Insert', '103.25.248.241', 'Windows 10', 'Chrome 109.0.0.0', '2023-03-14 01:38:58', NULL),
(100, 'New Record inserted On sections id 2', '2', 1, 'Insert', '103.25.248.241', 'Windows 10', 'Chrome 109.0.0.0', '2023-03-14 01:39:06', NULL),
(101, 'New Record inserted On sections id 3', '3', 1, 'Insert', '103.25.248.241', 'Windows 10', 'Chrome 109.0.0.0', '2023-03-14 01:39:11', NULL),
(102, 'New Record inserted On subject groups id 1', '1', 1, 'Insert', '103.25.248.241', 'Windows 10', 'Chrome 109.0.0.0', '2023-03-14 01:39:29', NULL),
(103, 'New Record inserted On subject groups id 2', '2', 1, 'Insert', '103.25.248.241', 'Windows 10', 'Chrome 109.0.0.0', '2023-03-14 01:39:35', NULL),
(104, 'New Record inserted On subject groups id 3', '3', 1, 'Insert', '103.25.248.241', 'Windows 10', 'Chrome 109.0.0.0', '2023-03-14 01:39:39', NULL),
(105, 'New Record inserted On subject groups id 4', '4', 1, 'Insert', '103.25.248.241', 'Windows 10', 'Chrome 109.0.0.0', '2023-03-14 01:39:44', NULL),
(106, 'New Record inserted On subject groups id 5', '5', 1, 'Insert', '103.25.248.241', 'Windows 10', 'Chrome 109.0.0.0', '2023-03-14 01:39:49', NULL),
(107, 'New Record inserted On subject groups id 6', '6', 1, 'Insert', '103.25.248.241', 'Windows 10', 'Chrome 109.0.0.0', '2023-03-14 01:39:54', NULL),
(108, 'New Record inserted On subject groups id 7', '7', 1, 'Insert', '103.25.248.241', 'Windows 10', 'Chrome 109.0.0.0', '2023-03-14 01:39:59', NULL),
(109, 'New Record inserted On subject groups id 8', '8', 1, 'Insert', '103.25.248.241', 'Windows 10', 'Chrome 109.0.0.0', '2023-03-14 01:40:05', NULL),
(110, 'New Record inserted On subject groups id 9', '9', 1, 'Insert', '103.25.248.241', 'Windows 10', 'Chrome 109.0.0.0', '2023-03-14 01:40:15', NULL),
(111, 'New Record inserted On subject groups id 10', '10', 1, 'Insert', '103.25.248.241', 'Windows 10', 'Chrome 109.0.0.0', '2023-03-14 01:40:35', NULL),
(112, 'New Record inserted On subjects id 1', '1', 1, 'Insert', '103.25.248.241', 'Windows 10', 'Chrome 109.0.0.0', '2023-03-14 01:41:29', NULL),
(113, 'New Record inserted On subjects id 2', '2', 1, 'Insert', '103.25.248.241', 'Windows 10', 'Chrome 109.0.0.0', '2023-03-14 01:41:49', NULL),
(114, 'New Record inserted On subjects id 3', '3', 1, 'Insert', '103.25.248.241', 'Windows 10', 'Chrome 109.0.0.0', '2023-03-14 01:42:14', NULL),
(115, 'New Record inserted On subjects id 4', '4', 1, 'Insert', '103.25.248.241', 'Windows 10', 'Chrome 109.0.0.0', '2023-03-14 01:42:30', NULL),
(116, 'New Record inserted On subjects id 5', '5', 1, 'Insert', '103.25.248.241', 'Windows 10', 'Chrome 109.0.0.0', '2023-03-14 01:42:57', NULL),
(117, 'New Record inserted On subjects id 6', '6', 1, 'Insert', '103.25.248.241', 'Windows 10', 'Chrome 109.0.0.0', '2023-03-14 01:43:18', NULL),
(118, 'New Record inserted On subjects id 7', '7', 1, 'Insert', '103.25.248.241', 'Windows 10', 'Chrome 109.0.0.0', '2023-03-14 01:43:53', NULL),
(119, 'New Record inserted On subjects id 8', '8', 1, 'Insert', '103.25.248.241', 'Windows 10', 'Chrome 109.0.0.0', '2023-03-14 01:44:12', NULL),
(120, 'New Record inserted On subjects id 9', '9', 1, 'Insert', '103.25.248.241', 'Windows 10', 'Chrome 109.0.0.0', '2023-03-14 01:44:28', NULL),
(121, 'New Record inserted On subjects id 10', '10', 1, 'Insert', '103.25.248.241', 'Windows 10', 'Chrome 109.0.0.0', '2023-03-14 01:44:40', NULL),
(122, 'New Record inserted On subjects id 11', '11', 1, 'Insert', '103.25.248.241', 'Windows 10', 'Chrome 109.0.0.0', '2023-03-14 01:44:54', NULL),
(123, 'New Record inserted On subjects id 12', '12', 1, 'Insert', '103.25.248.241', 'Windows 10', 'Chrome 109.0.0.0', '2023-03-14 01:45:11', NULL),
(124, 'New Record inserted On subject groups id 1', '1', 1, 'Insert', '103.25.248.241', 'Windows 10', 'Chrome 109.0.0.0', '2023-03-14 01:46:21', NULL),
(125, 'New Record inserted On subject groups id 2', '2', 1, 'Insert', '103.25.248.241', 'Windows 10', 'Chrome 109.0.0.0', '2023-03-14 01:46:40', NULL),
(126, 'New Record inserted On subject groups id 3', '3', 1, 'Insert', '103.25.248.241', 'Windows 10', 'Chrome 109.0.0.0', '2023-03-14 01:47:26', NULL),
(127, 'New Record inserted On subject groups id 4', '4', 1, 'Insert', '103.25.248.241', 'Windows 10', 'Chrome 109.0.0.0', '2023-03-14 01:48:06', NULL),
(128, 'New Record inserted On subject groups id 5', '5', 1, 'Insert', '103.25.248.241', 'Windows 10', 'Chrome 109.0.0.0', '2023-03-14 01:48:47', NULL),
(129, 'New Record inserted On subject groups id 6', '6', 1, 'Insert', '103.25.248.241', 'Windows 10', 'Chrome 109.0.0.0', '2023-03-14 01:49:51', NULL),
(130, 'New Record inserted On subject groups id 7', '7', 1, 'Insert', '103.25.248.241', 'Windows 10', 'Chrome 109.0.0.0', '2023-03-14 01:53:16', NULL),
(131, 'New Record inserted On subject groups id 8', '8', 1, 'Insert', '103.25.248.241', 'Windows 10', 'Chrome 109.0.0.0', '2023-03-14 01:53:59', NULL),
(132, 'New Record inserted On subject groups id 9', '9', 1, 'Insert', '103.25.248.241', 'Windows 10', 'Chrome 109.0.0.0', '2023-03-14 01:54:29', NULL),
(133, 'New Record inserted On subject groups id 10', '10', 1, 'Insert', '103.25.248.241', 'Windows 10', 'Chrome 109.0.0.0', '2023-03-14 01:55:42', NULL),
(134, 'New Record inserted On class teacher id 1', '1', 1, 'Insert', '103.25.248.241', 'Windows 10', 'Chrome 109.0.0.0', '2023-03-14 01:59:20', NULL),
(135, 'New Record inserted On class teacher id 2', '2', 1, 'Insert', '103.25.248.241', 'Windows 10', 'Chrome 109.0.0.0', '2023-03-14 01:59:20', NULL),
(136, 'New Record inserted On class teacher id 3', '3', 1, 'Insert', '103.25.248.241', 'Windows 10', 'Chrome 109.0.0.0', '2023-03-14 01:59:20', NULL),
(137, 'New Record inserted On class teacher id 4', '4', 1, 'Insert', '103.25.248.241', 'Windows 10', 'Chrome 109.0.0.0', '2023-03-14 01:59:33', NULL),
(138, 'New Record inserted On class teacher id 5', '5', 1, 'Insert', '103.25.248.241', 'Windows 10', 'Chrome 109.0.0.0', '2023-03-14 01:59:33', NULL),
(139, 'New Record inserted On class teacher id 6', '6', 1, 'Insert', '103.25.248.241', 'Windows 10', 'Chrome 109.0.0.0', '2023-03-14 01:59:33', NULL),
(140, 'New Record inserted On class teacher id 7', '7', 1, 'Insert', '103.25.248.241', 'Windows 10', 'Chrome 109.0.0.0', '2023-03-14 01:59:43', NULL),
(141, 'New Record inserted On class teacher id 8', '8', 1, 'Insert', '103.25.248.241', 'Windows 10', 'Chrome 109.0.0.0', '2023-03-14 01:59:43', NULL),
(142, 'New Record inserted On class teacher id 9', '9', 1, 'Insert', '103.25.248.241', 'Windows 10', 'Chrome 109.0.0.0', '2023-03-14 01:59:43', NULL),
(143, 'New Record inserted On class teacher id 10', '10', 1, 'Insert', '103.25.248.241', 'Windows 10', 'Chrome 109.0.0.0', '2023-03-14 01:59:43', NULL),
(144, 'New Record inserted On class teacher id 11', '11', 1, 'Insert', '103.25.248.241', 'Windows 10', 'Chrome 109.0.0.0', '2023-03-14 01:59:43', NULL),
(145, 'New Record inserted On class teacher id 12', '12', 1, 'Insert', '103.25.248.241', 'Windows 10', 'Chrome 109.0.0.0', '2023-03-14 01:59:43', NULL),
(146, 'New Record inserted On class teacher id 13', '13', 1, 'Insert', '103.25.248.241', 'Windows 10', 'Chrome 109.0.0.0', '2023-03-14 01:59:57', NULL),
(147, 'New Record inserted On class teacher id 14', '14', 1, 'Insert', '103.25.248.241', 'Windows 10', 'Chrome 109.0.0.0', '2023-03-14 01:59:57', NULL),
(148, 'New Record inserted On class teacher id 15', '15', 1, 'Insert', '103.25.248.241', 'Windows 10', 'Chrome 109.0.0.0', '2023-03-14 01:59:57', NULL),
(149, 'New Record inserted On class teacher id 16', '16', 1, 'Insert', '103.25.248.241', 'Windows 10', 'Chrome 109.0.0.0', '2023-03-14 01:59:57', NULL),
(150, 'New Record inserted On class teacher id 17', '17', 1, 'Insert', '103.25.248.241', 'Windows 10', 'Chrome 109.0.0.0', '2023-03-14 01:59:57', NULL),
(151, 'New Record inserted On class teacher id 18', '18', 1, 'Insert', '103.25.248.241', 'Windows 10', 'Chrome 109.0.0.0', '2023-03-14 01:59:57', NULL),
(152, 'New Record inserted On class teacher id 19', '19', 1, 'Insert', '103.25.248.241', 'Windows 10', 'Chrome 109.0.0.0', '2023-03-14 02:00:06', NULL),
(153, 'New Record inserted On class teacher id 20', '20', 1, 'Insert', '103.25.248.241', 'Windows 10', 'Chrome 109.0.0.0', '2023-03-14 02:00:06', NULL),
(154, 'New Record inserted On class teacher id 21', '21', 1, 'Insert', '103.25.248.241', 'Windows 10', 'Chrome 109.0.0.0', '2023-03-14 02:00:06', NULL),
(155, 'New Record inserted On class teacher id 22', '22', 1, 'Insert', '103.25.248.241', 'Windows 10', 'Chrome 109.0.0.0', '2023-03-14 02:00:06', NULL),
(156, 'New Record inserted On class teacher id 23', '23', 1, 'Insert', '103.25.248.241', 'Windows 10', 'Chrome 109.0.0.0', '2023-03-14 02:00:06', NULL),
(157, 'New Record inserted On class teacher id 24', '24', 1, 'Insert', '103.25.248.241', 'Windows 10', 'Chrome 109.0.0.0', '2023-03-14 02:00:06', NULL),
(158, 'New Record inserted On class teacher id 25', '25', 1, 'Insert', '103.25.248.241', 'Windows 10', 'Chrome 109.0.0.0', '2023-03-14 02:00:21', NULL),
(159, 'New Record inserted On class teacher id 26', '26', 1, 'Insert', '103.25.248.241', 'Windows 10', 'Chrome 109.0.0.0', '2023-03-14 02:00:21', NULL),
(160, 'New Record inserted On class teacher id 27', '27', 1, 'Insert', '103.25.248.241', 'Windows 10', 'Chrome 109.0.0.0', '2023-03-14 02:00:21', NULL),
(161, 'New Record inserted On class teacher id 28', '28', 1, 'Insert', '103.25.248.241', 'Windows 10', 'Chrome 109.0.0.0', '2023-03-14 02:00:21', NULL),
(162, 'New Record inserted On class teacher id 29', '29', 1, 'Insert', '103.25.248.241', 'Windows 10', 'Chrome 109.0.0.0', '2023-03-14 02:00:21', NULL),
(163, 'New Record inserted On class teacher id 30', '30', 1, 'Insert', '103.25.248.241', 'Windows 10', 'Chrome 109.0.0.0', '2023-03-14 02:00:21', NULL),
(164, 'New Record inserted On class teacher id 31', '31', 1, 'Insert', '103.25.248.241', 'Windows 10', 'Chrome 109.0.0.0', '2023-03-14 02:00:36', NULL),
(165, 'New Record inserted On class teacher id 32', '32', 1, 'Insert', '103.25.248.241', 'Windows 10', 'Chrome 109.0.0.0', '2023-03-14 02:00:36', NULL),
(166, 'New Record inserted On class teacher id 33', '33', 1, 'Insert', '103.25.248.241', 'Windows 10', 'Chrome 109.0.0.0', '2023-03-14 02:00:36', NULL),
(167, 'New Record inserted On class teacher id 34', '34', 1, 'Insert', '103.25.248.241', 'Windows 10', 'Chrome 109.0.0.0', '2023-03-14 02:00:36', NULL),
(168, 'New Record inserted On class teacher id 35', '35', 1, 'Insert', '103.25.248.241', 'Windows 10', 'Chrome 109.0.0.0', '2023-03-14 02:00:36', NULL),
(169, 'New Record inserted On class teacher id 36', '36', 1, 'Insert', '103.25.248.241', 'Windows 10', 'Chrome 109.0.0.0', '2023-03-14 02:00:36', NULL),
(170, 'New Record inserted On class teacher id 37', '37', 1, 'Insert', '103.25.248.241', 'Windows 10', 'Chrome 109.0.0.0', '2023-03-14 02:01:03', NULL),
(171, 'New Record inserted On class teacher id 38', '38', 1, 'Insert', '103.25.248.241', 'Windows 10', 'Chrome 109.0.0.0', '2023-03-14 02:01:03', NULL),
(172, 'New Record inserted On class teacher id 39', '39', 1, 'Insert', '103.25.248.241', 'Windows 10', 'Chrome 109.0.0.0', '2023-03-14 02:01:03', NULL),
(173, 'New Record inserted On class teacher id 40', '40', 1, 'Insert', '103.25.248.241', 'Windows 10', 'Chrome 109.0.0.0', '2023-03-14 02:01:03', NULL),
(174, 'New Record inserted On class teacher id 41', '41', 1, 'Insert', '103.25.248.241', 'Windows 10', 'Chrome 109.0.0.0', '2023-03-14 02:01:03', NULL),
(175, 'New Record inserted On class teacher id 42', '42', 1, 'Insert', '103.25.248.241', 'Windows 10', 'Chrome 109.0.0.0', '2023-03-14 02:01:03', NULL),
(176, 'New Record inserted On class teacher id 43', '43', 1, 'Insert', '103.25.248.241', 'Windows 10', 'Chrome 109.0.0.0', '2023-03-14 02:01:19', NULL),
(177, 'New Record inserted On class teacher id 44', '44', 1, 'Insert', '103.25.248.241', 'Windows 10', 'Chrome 109.0.0.0', '2023-03-14 02:01:19', NULL),
(178, 'New Record inserted On class teacher id 45', '45', 1, 'Insert', '103.25.248.241', 'Windows 10', 'Chrome 109.0.0.0', '2023-03-14 02:01:19', NULL),
(179, 'New Record inserted On class teacher id 46', '46', 1, 'Insert', '103.25.248.241', 'Windows 10', 'Chrome 109.0.0.0', '2023-03-14 02:01:19', NULL),
(180, 'New Record inserted On class teacher id 47', '47', 1, 'Insert', '103.25.248.241', 'Windows 10', 'Chrome 109.0.0.0', '2023-03-14 02:01:19', NULL),
(181, 'New Record inserted On class teacher id 48', '48', 1, 'Insert', '103.25.248.241', 'Windows 10', 'Chrome 109.0.0.0', '2023-03-14 02:01:19', NULL),
(182, 'New Record inserted On class teacher id 49', '49', 1, 'Insert', '103.25.248.241', 'Windows 10', 'Chrome 109.0.0.0', '2023-03-14 02:01:45', NULL),
(183, 'New Record inserted On class teacher id 50', '50', 1, 'Insert', '103.25.248.241', 'Windows 10', 'Chrome 109.0.0.0', '2023-03-14 02:01:45', NULL),
(184, 'New Record inserted On class teacher id 51', '51', 1, 'Insert', '103.25.248.241', 'Windows 10', 'Chrome 109.0.0.0', '2023-03-14 02:01:45', NULL),
(185, 'New Record inserted On class teacher id 52', '52', 1, 'Insert', '103.25.248.241', 'Windows 10', 'Chrome 109.0.0.0', '2023-03-14 02:01:45', NULL),
(186, 'New Record inserted On class teacher id 53', '53', 1, 'Insert', '103.25.248.241', 'Windows 10', 'Chrome 109.0.0.0', '2023-03-14 02:01:45', NULL),
(187, 'New Record inserted On class teacher id 54', '54', 1, 'Insert', '103.25.248.241', 'Windows 10', 'Chrome 109.0.0.0', '2023-03-14 02:01:45', NULL),
(188, 'New Record inserted On class teacher id 55', '55', 1, 'Insert', '103.25.248.241', 'Windows 10', 'Chrome 109.0.0.0', '2023-03-14 02:02:30', NULL),
(189, 'New Record inserted On class teacher id 56', '56', 1, 'Insert', '103.25.248.241', 'Windows 10', 'Chrome 109.0.0.0', '2023-03-14 02:02:30', NULL),
(190, 'New Record inserted On class teacher id 57', '57', 1, 'Insert', '103.25.248.241', 'Windows 10', 'Chrome 109.0.0.0', '2023-03-14 02:02:30', NULL),
(191, 'New Record inserted On class teacher id 58', '58', 1, 'Insert', '103.25.248.241', 'Windows 10', 'Chrome 109.0.0.0', '2023-03-14 02:02:30', NULL),
(192, 'New Record inserted On class teacher id 59', '59', 1, 'Insert', '103.25.248.241', 'Windows 10', 'Chrome 109.0.0.0', '2023-03-14 02:02:30', NULL),
(193, 'New Record inserted On class teacher id 60', '60', 1, 'Insert', '103.25.248.241', 'Windows 10', 'Chrome 109.0.0.0', '2023-03-14 02:02:30', NULL),
(194, 'New Record inserted On  subject timetable id 1', '1', 1, 'Insert', '103.25.248.241', 'Windows 10', 'Chrome 109.0.0.0', '2023-03-14 02:10:32', NULL),
(195, 'New Record inserted On  subject timetable id 0', '0', 1, 'Insert', '103.25.248.241', 'Windows 10', 'Chrome 109.0.0.0', '2023-03-14 02:10:32', NULL),
(196, 'New Record inserted On  subject timetable id -1', '-1', 1, 'Insert', '103.25.248.241', 'Windows 10', 'Chrome 109.0.0.0', '2023-03-14 02:10:32', NULL),
(197, 'New Record inserted On  subject timetable id 4', '4', 1, 'Insert', '103.25.248.241', 'Windows 10', 'Chrome 109.0.0.0', '2023-03-14 02:10:32', NULL),
(198, 'New Record inserted On  subject timetable id 3', '3', 1, 'Insert', '103.25.248.241', 'Windows 10', 'Chrome 109.0.0.0', '2023-03-14 02:10:32', NULL),
(199, 'New Record inserted On  subject timetable id 2', '2', 1, 'Insert', '103.25.248.241', 'Windows 10', 'Chrome 109.0.0.0', '2023-03-14 02:10:32', NULL),
(200, 'New Record inserted On  subject timetable id 7', '7', 1, 'Insert', '103.25.248.241', 'Windows 10', 'Chrome 109.0.0.0', '2023-03-14 02:10:32', NULL),
(201, 'New Record inserted On  subject timetable id 6', '6', 1, 'Insert', '103.25.248.241', 'Windows 10', 'Chrome 109.0.0.0', '2023-03-14 02:10:32', NULL),
(202, 'New Record inserted On  subject timetable id 5', '5', 1, 'Insert', '103.25.248.241', 'Windows 10', 'Chrome 109.0.0.0', '2023-03-14 02:10:32', NULL),
(203, 'New Record inserted On  subject timetable id 10', '10', 1, 'Insert', '103.25.248.241', 'Windows 10', 'Chrome 109.0.0.0', '2023-03-14 02:12:17', NULL),
(204, 'New Record inserted On  subject timetable id 9', '9', 1, 'Insert', '103.25.248.241', 'Windows 10', 'Chrome 109.0.0.0', '2023-03-14 02:12:17', NULL),
(205, 'New Record inserted On  subject timetable id 8', '8', 1, 'Insert', '103.25.248.241', 'Windows 10', 'Chrome 109.0.0.0', '2023-03-14 02:12:17', NULL),
(206, 'New Record inserted On  subject timetable id 13', '13', 1, 'Insert', '103.25.248.241', 'Windows 10', 'Chrome 109.0.0.0', '2023-03-14 02:18:31', NULL),
(207, 'New Record inserted On  subject timetable id 12', '12', 1, 'Insert', '103.25.248.241', 'Windows 10', 'Chrome 109.0.0.0', '2023-03-14 02:18:31', NULL),
(208, 'New Record inserted On  subject timetable id 11', '11', 1, 'Insert', '103.25.248.241', 'Windows 10', 'Chrome 109.0.0.0', '2023-03-14 02:18:31', NULL),
(209, 'New Record inserted On  subject timetable id 16', '16', 1, 'Insert', '103.25.248.241', 'Windows 10', 'Chrome 109.0.0.0', '2023-03-14 02:19:01', NULL),
(210, 'New Record inserted On  subject timetable id 15', '15', 1, 'Insert', '103.25.248.241', 'Windows 10', 'Chrome 109.0.0.0', '2023-03-14 02:19:01', NULL),
(211, 'New Record inserted On  subject timetable id 14', '14', 1, 'Insert', '103.25.248.241', 'Windows 10', 'Chrome 109.0.0.0', '2023-03-14 02:19:01', NULL),
(212, 'New Record inserted On  subject timetable id 19', '19', 1, 'Insert', '103.25.248.241', 'Windows 10', 'Chrome 109.0.0.0', '2023-03-14 02:19:29', NULL),
(213, 'New Record inserted On  subject timetable id 18', '18', 1, 'Insert', '103.25.248.241', 'Windows 10', 'Chrome 109.0.0.0', '2023-03-14 02:19:29', NULL),
(214, 'New Record inserted On  subject timetable id 17', '17', 1, 'Insert', '103.25.248.241', 'Windows 10', 'Chrome 109.0.0.0', '2023-03-14 02:19:29', NULL),
(215, 'New Record inserted On  subject timetable id 22', '22', 1, 'Insert', '103.25.248.241', 'Windows 10', 'Chrome 109.0.0.0', '2023-03-14 02:19:55', NULL),
(216, 'New Record inserted On  subject timetable id 21', '21', 1, 'Insert', '103.25.248.241', 'Windows 10', 'Chrome 109.0.0.0', '2023-03-14 02:19:55', NULL),
(217, 'New Record inserted On  subject timetable id 20', '20', 1, 'Insert', '103.25.248.241', 'Windows 10', 'Chrome 109.0.0.0', '2023-03-14 02:19:55', NULL),
(218, 'New Record inserted On  subject timetable id 25', '25', 1, 'Insert', '103.25.248.241', 'Windows 10', 'Chrome 109.0.0.0', '2023-03-14 02:21:07', NULL),
(219, 'New Record inserted On  subject timetable id 24', '24', 1, 'Insert', '103.25.248.241', 'Windows 10', 'Chrome 109.0.0.0', '2023-03-14 02:21:07', NULL),
(220, 'New Record inserted On  subject timetable id 23', '23', 1, 'Insert', '103.25.248.241', 'Windows 10', 'Chrome 109.0.0.0', '2023-03-14 02:21:07', NULL),
(221, 'New Record inserted On  subject timetable id 28', '28', 1, 'Insert', '103.25.248.241', 'Windows 10', 'Chrome 109.0.0.0', '2023-03-14 02:21:32', NULL),
(222, 'New Record inserted On  subject timetable id 27', '27', 1, 'Insert', '103.25.248.241', 'Windows 10', 'Chrome 109.0.0.0', '2023-03-14 02:21:32', NULL),
(223, 'New Record inserted On  subject timetable id 26', '26', 1, 'Insert', '103.25.248.241', 'Windows 10', 'Chrome 109.0.0.0', '2023-03-14 02:21:32', NULL),
(224, 'New Record inserted On  subject timetable id 31', '31', 1, 'Insert', '103.25.248.241', 'Windows 10', 'Chrome 109.0.0.0', '2023-03-14 02:24:02', NULL),
(225, 'New Record inserted On  subject timetable id 30', '30', 1, 'Insert', '103.25.248.241', 'Windows 10', 'Chrome 109.0.0.0', '2023-03-14 02:24:02', NULL),
(226, 'New Record inserted On  subject timetable id 29', '29', 1, 'Insert', '103.25.248.241', 'Windows 10', 'Chrome 109.0.0.0', '2023-03-14 02:24:02', NULL),
(227, 'New Record inserted On  subject timetable id 34', '34', 1, 'Insert', '103.25.248.241', 'Windows 10', 'Chrome 109.0.0.0', '2023-03-14 02:24:47', NULL),
(228, 'New Record inserted On  subject timetable id 33', '33', 1, 'Insert', '103.25.248.241', 'Windows 10', 'Chrome 109.0.0.0', '2023-03-14 02:24:47', NULL),
(229, 'New Record inserted On  subject timetable id 32', '32', 1, 'Insert', '103.25.248.241', 'Windows 10', 'Chrome 109.0.0.0', '2023-03-14 02:24:47', NULL),
(230, 'New Record inserted On  subject timetable id 37', '37', 1, 'Insert', '103.25.248.241', 'Windows 10', 'Chrome 109.0.0.0', '2023-03-14 02:25:17', NULL),
(231, 'New Record inserted On  subject timetable id 36', '36', 1, 'Insert', '103.25.248.241', 'Windows 10', 'Chrome 109.0.0.0', '2023-03-14 02:25:17', NULL),
(232, 'New Record inserted On  subject timetable id 35', '35', 1, 'Insert', '103.25.248.241', 'Windows 10', 'Chrome 109.0.0.0', '2023-03-14 02:25:17', NULL),
(233, 'New Record inserted On  subject timetable id 40', '40', 1, 'Insert', '103.25.248.241', 'Windows 10', 'Chrome 109.0.0.0', '2023-03-14 02:26:15', NULL),
(234, 'New Record inserted On  subject timetable id 39', '39', 1, 'Insert', '103.25.248.241', 'Windows 10', 'Chrome 109.0.0.0', '2023-03-14 02:26:15', NULL),
(235, 'New Record inserted On  subject timetable id 38', '38', 1, 'Insert', '103.25.248.241', 'Windows 10', 'Chrome 109.0.0.0', '2023-03-14 02:26:15', NULL),
(236, 'New Record inserted On  subject timetable id 43', '43', 1, 'Insert', '103.25.248.241', 'Windows 10', 'Chrome 109.0.0.0', '2023-03-14 02:26:15', NULL),
(237, 'New Record inserted On  subject timetable id 42', '42', 1, 'Insert', '103.25.248.241', 'Windows 10', 'Chrome 109.0.0.0', '2023-03-14 02:26:15', NULL),
(238, 'New Record inserted On  subject timetable id 41', '41', 1, 'Insert', '103.25.248.241', 'Windows 10', 'Chrome 109.0.0.0', '2023-03-14 02:26:15', NULL),
(239, 'New Record inserted On  subject timetable id 46', '46', 1, 'Insert', '103.25.248.241', 'Windows 10', 'Chrome 109.0.0.0', '2023-03-14 02:27:45', NULL),
(240, 'New Record inserted On  subject timetable id 45', '45', 1, 'Insert', '103.25.248.241', 'Windows 10', 'Chrome 109.0.0.0', '2023-03-14 02:27:45', NULL),
(241, 'New Record inserted On  subject timetable id 44', '44', 1, 'Insert', '103.25.248.241', 'Windows 10', 'Chrome 109.0.0.0', '2023-03-14 02:27:45', NULL),
(242, 'New Record inserted On  subject timetable id 49', '49', 1, 'Insert', '103.25.248.241', 'Windows 10', 'Chrome 109.0.0.0', '2023-03-14 02:28:22', NULL),
(243, 'New Record inserted On  subject timetable id 48', '48', 1, 'Insert', '103.25.248.241', 'Windows 10', 'Chrome 109.0.0.0', '2023-03-14 02:28:22', NULL),
(244, 'New Record inserted On  subject timetable id 47', '47', 1, 'Insert', '103.25.248.241', 'Windows 10', 'Chrome 109.0.0.0', '2023-03-14 02:28:22', NULL),
(245, 'New Record inserted On  subject timetable id 52', '52', 1, 'Insert', '103.25.248.241', 'Windows 10', 'Chrome 109.0.0.0', '2023-03-14 02:30:57', NULL),
(246, 'New Record inserted On  subject timetable id 51', '51', 1, 'Insert', '103.25.248.241', 'Windows 10', 'Chrome 109.0.0.0', '2023-03-14 02:30:57', NULL),
(247, 'New Record inserted On  subject timetable id 50', '50', 1, 'Insert', '103.25.248.241', 'Windows 10', 'Chrome 109.0.0.0', '2023-03-14 02:30:57', NULL),
(248, 'New Record inserted On  subject timetable id 49', '49', 1, 'Insert', '103.25.248.241', 'Windows 10', 'Chrome 109.0.0.0', '2023-03-14 02:30:57', NULL),
(249, 'New Record inserted On  subject timetable id 48', '48', 1, 'Insert', '103.25.248.241', 'Windows 10', 'Chrome 109.0.0.0', '2023-03-14 02:30:57', NULL),
(250, 'New Record inserted On  subject timetable id 47', '47', 1, 'Insert', '103.25.248.241', 'Windows 10', 'Chrome 109.0.0.0', '2023-03-14 02:30:57', NULL),
(251, 'New Record inserted On  subject timetable id 58', '58', 1, 'Insert', '103.25.248.241', 'Windows 10', 'Chrome 109.0.0.0', '2023-03-14 02:32:21', NULL),
(252, 'New Record inserted On  subject timetable id 57', '57', 1, 'Insert', '103.25.248.241', 'Windows 10', 'Chrome 109.0.0.0', '2023-03-14 02:32:21', NULL),
(253, 'New Record inserted On  subject timetable id 56', '56', 1, 'Insert', '103.25.248.241', 'Windows 10', 'Chrome 109.0.0.0', '2023-03-14 02:32:21', NULL),
(254, 'New Record inserted On  subject timetable id 55', '55', 1, 'Insert', '103.25.248.241', 'Windows 10', 'Chrome 109.0.0.0', '2023-03-14 02:32:21', NULL),
(255, 'New Record inserted On  subject timetable id 54', '54', 1, 'Insert', '103.25.248.241', 'Windows 10', 'Chrome 109.0.0.0', '2023-03-14 02:32:21', NULL),
(256, 'New Record inserted On  subject timetable id 53', '53', 1, 'Insert', '103.25.248.241', 'Windows 10', 'Chrome 109.0.0.0', '2023-03-14 02:32:21', NULL),
(257, 'New Record inserted On  subject timetable id 64', '64', 1, 'Insert', '103.25.248.241', 'Windows 10', 'Chrome 109.0.0.0', '2023-03-14 02:33:44', NULL),
(258, 'New Record inserted On  subject timetable id 63', '63', 1, 'Insert', '103.25.248.241', 'Windows 10', 'Chrome 109.0.0.0', '2023-03-14 02:33:44', NULL),
(259, 'New Record inserted On  subject timetable id 62', '62', 1, 'Insert', '103.25.248.241', 'Windows 10', 'Chrome 109.0.0.0', '2023-03-14 02:33:44', NULL),
(260, 'New Record inserted On  subject timetable id 61', '61', 1, 'Insert', '103.25.248.241', 'Windows 10', 'Chrome 109.0.0.0', '2023-03-14 02:33:44', NULL),
(261, 'New Record inserted On  subject timetable id 60', '60', 1, 'Insert', '103.25.248.241', 'Windows 10', 'Chrome 109.0.0.0', '2023-03-14 02:33:44', NULL),
(262, 'New Record inserted On  subject timetable id 59', '59', 1, 'Insert', '103.25.248.241', 'Windows 10', 'Chrome 109.0.0.0', '2023-03-14 02:33:44', NULL),
(263, 'New Record inserted On  subject timetable id 70', '70', 1, 'Insert', '103.25.248.241', 'Windows 10', 'Chrome 109.0.0.0', '2023-03-14 02:35:09', NULL),
(264, 'New Record inserted On  subject timetable id 69', '69', 1, 'Insert', '103.25.248.241', 'Windows 10', 'Chrome 109.0.0.0', '2023-03-14 02:35:09', NULL),
(265, 'New Record inserted On  subject timetable id 68', '68', 1, 'Insert', '103.25.248.241', 'Windows 10', 'Chrome 109.0.0.0', '2023-03-14 02:35:09', NULL),
(266, 'New Record inserted On  subject timetable id 67', '67', 1, 'Insert', '103.25.248.241', 'Windows 10', 'Chrome 109.0.0.0', '2023-03-14 02:35:09', NULL),
(267, 'New Record inserted On  subject timetable id 66', '66', 1, 'Insert', '103.25.248.241', 'Windows 10', 'Chrome 109.0.0.0', '2023-03-14 02:35:09', NULL),
(268, 'New Record inserted On  subject timetable id 65', '65', 1, 'Insert', '103.25.248.241', 'Windows 10', 'Chrome 109.0.0.0', '2023-03-14 02:35:09', NULL),
(269, 'New Record inserted On  subject timetable id 76', '76', 1, 'Insert', '103.25.248.241', 'Windows 10', 'Chrome 109.0.0.0', '2023-03-14 02:36:34', NULL),
(270, 'New Record inserted On  subject timetable id 75', '75', 1, 'Insert', '103.25.248.241', 'Windows 10', 'Chrome 109.0.0.0', '2023-03-14 02:36:34', NULL),
(271, 'New Record inserted On  subject timetable id 74', '74', 1, 'Insert', '103.25.248.241', 'Windows 10', 'Chrome 109.0.0.0', '2023-03-14 02:36:34', NULL),
(272, 'New Record inserted On  subject timetable id 73', '73', 1, 'Insert', '103.25.248.241', 'Windows 10', 'Chrome 109.0.0.0', '2023-03-14 02:36:34', NULL),
(273, 'New Record inserted On  subject timetable id 72', '72', 1, 'Insert', '103.25.248.241', 'Windows 10', 'Chrome 109.0.0.0', '2023-03-14 02:36:34', NULL),
(274, 'New Record inserted On  subject timetable id 71', '71', 1, 'Insert', '103.25.248.241', 'Windows 10', 'Chrome 109.0.0.0', '2023-03-14 02:36:34', NULL),
(275, 'New Record inserted On  subject timetable id 82', '82', 1, 'Insert', '103.25.248.241', 'Windows 10', 'Chrome 109.0.0.0', '2023-03-14 02:36:35', NULL),
(276, 'New Record inserted On  subject timetable id 81', '81', 1, 'Insert', '103.25.248.241', 'Windows 10', 'Chrome 109.0.0.0', '2023-03-14 02:36:35', NULL),
(277, 'New Record inserted On  subject timetable id 80', '80', 1, 'Insert', '103.25.248.241', 'Windows 10', 'Chrome 109.0.0.0', '2023-03-14 02:36:35', NULL),
(278, 'New Record inserted On  subject timetable id 79', '79', 1, 'Insert', '103.25.248.241', 'Windows 10', 'Chrome 109.0.0.0', '2023-03-14 02:36:35', NULL),
(279, 'New Record inserted On  subject timetable id 78', '78', 1, 'Insert', '103.25.248.241', 'Windows 10', 'Chrome 109.0.0.0', '2023-03-14 02:36:35', NULL),
(280, 'New Record inserted On  subject timetable id 77', '77', 1, 'Insert', '103.25.248.241', 'Windows 10', 'Chrome 109.0.0.0', '2023-03-14 02:36:35', NULL),
(281, 'New Record inserted On  subject timetable id 88', '88', 1, 'Insert', '103.25.248.241', 'Windows 10', 'Chrome 109.0.0.0', '2023-03-14 02:37:51', NULL),
(282, 'New Record inserted On  subject timetable id 87', '87', 1, 'Insert', '103.25.248.241', 'Windows 10', 'Chrome 109.0.0.0', '2023-03-14 02:37:51', NULL),
(283, 'New Record inserted On  subject timetable id 86', '86', 1, 'Insert', '103.25.248.241', 'Windows 10', 'Chrome 109.0.0.0', '2023-03-14 02:37:51', NULL),
(284, 'New Record inserted On  subject timetable id 85', '85', 1, 'Insert', '103.25.248.241', 'Windows 10', 'Chrome 109.0.0.0', '2023-03-14 02:37:51', NULL),
(285, 'New Record inserted On  subject timetable id 92', '92', 1, 'Insert', '103.25.248.241', 'Windows 10', 'Chrome 109.0.0.0', '2023-03-14 02:37:52', NULL),
(286, 'New Record inserted On  subject timetable id 91', '91', 1, 'Insert', '103.25.248.241', 'Windows 10', 'Chrome 109.0.0.0', '2023-03-14 02:37:52', NULL),
(287, 'New Record inserted On  subject timetable id 90', '90', 1, 'Insert', '103.25.248.241', 'Windows 10', 'Chrome 109.0.0.0', '2023-03-14 02:37:52', NULL),
(288, 'New Record inserted On  subject timetable id 89', '89', 1, 'Insert', '103.25.248.241', 'Windows 10', 'Chrome 109.0.0.0', '2023-03-14 02:37:52', NULL),
(289, 'New Record inserted On  subject timetable id 96', '96', 1, 'Insert', '103.25.248.241', 'Windows 10', 'Chrome 109.0.0.0', '2023-03-14 02:42:05', NULL),
(290, 'New Record inserted On  subject timetable id 95', '95', 1, 'Insert', '103.25.248.241', 'Windows 10', 'Chrome 109.0.0.0', '2023-03-14 02:42:05', NULL),
(291, 'New Record inserted On  subject timetable id 94', '94', 1, 'Insert', '103.25.248.241', 'Windows 10', 'Chrome 109.0.0.0', '2023-03-14 02:42:05', NULL),
(292, 'New Record inserted On  subject timetable id 93', '93', 1, 'Insert', '103.25.248.241', 'Windows 10', 'Chrome 109.0.0.0', '2023-03-14 02:42:05', NULL),
(293, 'New Record inserted On  subject timetable id 100', '100', 1, 'Insert', '103.25.248.241', 'Windows 10', 'Chrome 109.0.0.0', '2023-03-14 02:42:38', NULL),
(294, 'New Record inserted On  subject timetable id 99', '99', 1, 'Insert', '103.25.248.241', 'Windows 10', 'Chrome 109.0.0.0', '2023-03-14 02:42:38', NULL),
(295, 'New Record inserted On  subject timetable id 98', '98', 1, 'Insert', '103.25.248.241', 'Windows 10', 'Chrome 109.0.0.0', '2023-03-14 02:42:38', NULL),
(296, 'New Record inserted On  subject timetable id 97', '97', 1, 'Insert', '103.25.248.241', 'Windows 10', 'Chrome 109.0.0.0', '2023-03-14 02:42:38', NULL),
(297, 'New Record inserted On  subject timetable id 104', '104', 1, 'Insert', '103.25.248.241', 'Windows 10', 'Chrome 109.0.0.0', '2023-03-14 02:43:06', NULL),
(298, 'New Record inserted On  subject timetable id 103', '103', 1, 'Insert', '103.25.248.241', 'Windows 10', 'Chrome 109.0.0.0', '2023-03-14 02:43:06', NULL),
(299, 'New Record inserted On  subject timetable id 102', '102', 1, 'Insert', '103.25.248.241', 'Windows 10', 'Chrome 109.0.0.0', '2023-03-14 02:43:06', NULL),
(300, 'New Record inserted On  subject timetable id 101', '101', 1, 'Insert', '103.25.248.241', 'Windows 10', 'Chrome 109.0.0.0', '2023-03-14 02:43:06', NULL),
(301, 'New Record inserted On  subject timetable id 108', '108', 1, 'Insert', '103.25.248.241', 'Windows 10', 'Chrome 109.0.0.0', '2023-03-14 02:43:06', NULL),
(302, 'New Record inserted On  subject timetable id 107', '107', 1, 'Insert', '103.25.248.241', 'Windows 10', 'Chrome 109.0.0.0', '2023-03-14 02:43:06', NULL),
(303, 'New Record inserted On  subject timetable id 106', '106', 1, 'Insert', '103.25.248.241', 'Windows 10', 'Chrome 109.0.0.0', '2023-03-14 02:43:06', NULL),
(304, 'New Record inserted On  subject timetable id 105', '105', 1, 'Insert', '103.25.248.241', 'Windows 10', 'Chrome 109.0.0.0', '2023-03-14 02:43:06', NULL),
(305, 'New Record inserted On  subject timetable id 112', '112', 1, 'Insert', '103.25.248.241', 'Windows 10', 'Chrome 109.0.0.0', '2023-03-14 02:43:25', NULL),
(306, 'New Record inserted On  subject timetable id 111', '111', 1, 'Insert', '103.25.248.241', 'Windows 10', 'Chrome 109.0.0.0', '2023-03-14 02:43:25', NULL),
(307, 'New Record inserted On  subject timetable id 110', '110', 1, 'Insert', '103.25.248.241', 'Windows 10', 'Chrome 109.0.0.0', '2023-03-14 02:43:25', NULL),
(308, 'New Record inserted On  subject timetable id 115', '115', 1, 'Insert', '103.25.248.241', 'Windows 10', 'Chrome 109.0.0.0', '2023-03-14 02:46:48', NULL),
(309, 'New Record inserted On  subject timetable id 114', '114', 1, 'Insert', '103.25.248.241', 'Windows 10', 'Chrome 109.0.0.0', '2023-03-14 02:46:48', NULL),
(310, 'New Record inserted On  subject timetable id 113', '113', 1, 'Insert', '103.25.248.241', 'Windows 10', 'Chrome 109.0.0.0', '2023-03-14 02:46:48', NULL),
(311, 'New Record inserted On  subject timetable id 112', '112', 1, 'Insert', '103.25.248.241', 'Windows 10', 'Chrome 109.0.0.0', '2023-03-14 02:46:48', NULL),
(312, 'New Record inserted On  subject timetable id 111', '111', 1, 'Insert', '103.25.248.241', 'Windows 10', 'Chrome 109.0.0.0', '2023-03-14 02:46:48', NULL),
(313, 'New Record inserted On  subject timetable id 110', '110', 1, 'Insert', '103.25.248.241', 'Windows 10', 'Chrome 109.0.0.0', '2023-03-14 02:46:48', NULL),
(314, 'New Record inserted On  subject timetable id 121', '121', 1, 'Insert', '103.25.248.241', 'Windows 10', 'Chrome 109.0.0.0', '2023-03-14 02:47:36', NULL),
(315, 'New Record inserted On  subject timetable id 120', '120', 1, 'Insert', '103.25.248.241', 'Windows 10', 'Chrome 109.0.0.0', '2023-03-14 02:47:36', NULL),
(316, 'New Record inserted On  subject timetable id 119', '119', 1, 'Insert', '103.25.248.241', 'Windows 10', 'Chrome 109.0.0.0', '2023-03-14 02:47:36', NULL),
(317, 'New Record inserted On  subject timetable id 118', '118', 1, 'Insert', '103.25.248.241', 'Windows 10', 'Chrome 109.0.0.0', '2023-03-14 02:47:36', NULL),
(318, 'New Record inserted On  subject timetable id 125', '125', 1, 'Insert', '103.25.248.241', 'Windows 10', 'Chrome 109.0.0.0', '2023-03-14 02:48:36', NULL),
(319, 'New Record inserted On  subject timetable id 124', '124', 1, 'Insert', '103.25.248.241', 'Windows 10', 'Chrome 109.0.0.0', '2023-03-14 02:48:36', NULL),
(320, 'New Record inserted On  subject timetable id 123', '123', 1, 'Insert', '103.25.248.241', 'Windows 10', 'Chrome 109.0.0.0', '2023-03-14 02:48:36', NULL),
(321, 'New Record inserted On  subject timetable id 122', '122', 1, 'Insert', '103.25.248.241', 'Windows 10', 'Chrome 109.0.0.0', '2023-03-14 02:48:36', NULL),
(322, 'New Record inserted On  subject timetable id 121', '121', 1, 'Insert', '103.25.248.241', 'Windows 10', 'Chrome 109.0.0.0', '2023-03-14 02:48:36', NULL),
(323, 'New Record inserted On  subject timetable id 130', '130', 1, 'Insert', '103.25.248.241', 'Windows 10', 'Chrome 109.0.0.0', '2023-03-14 02:49:56', NULL),
(324, 'New Record inserted On  subject timetable id 129', '129', 1, 'Insert', '103.25.248.241', 'Windows 10', 'Chrome 109.0.0.0', '2023-03-14 02:49:56', NULL),
(325, 'New Record inserted On  subject timetable id 128', '128', 1, 'Insert', '103.25.248.241', 'Windows 10', 'Chrome 109.0.0.0', '2023-03-14 02:49:56', NULL),
(326, 'New Record inserted On  subject timetable id 127', '127', 1, 'Insert', '103.25.248.241', 'Windows 10', 'Chrome 109.0.0.0', '2023-03-14 02:49:56', NULL),
(327, 'New Record inserted On  subject timetable id 126', '126', 1, 'Insert', '103.25.248.241', 'Windows 10', 'Chrome 109.0.0.0', '2023-03-14 02:49:56', NULL),
(328, 'New Record inserted On  subject timetable id 125', '125', 1, 'Insert', '103.25.248.241', 'Windows 10', 'Chrome 109.0.0.0', '2023-03-14 02:49:56', NULL),
(329, 'New Record inserted On  subject timetable id 136', '136', 1, 'Insert', '103.25.248.241', 'Windows 10', 'Chrome 109.0.0.0', '2023-03-14 02:51:01', NULL),
(330, 'New Record inserted On  subject timetable id 135', '135', 1, 'Insert', '103.25.248.241', 'Windows 10', 'Chrome 109.0.0.0', '2023-03-14 02:51:01', NULL),
(331, 'New Record inserted On  subject timetable id 134', '134', 1, 'Insert', '103.25.248.241', 'Windows 10', 'Chrome 109.0.0.0', '2023-03-14 02:51:01', NULL),
(332, 'New Record inserted On  subject timetable id 139', '139', 1, 'Insert', '103.25.248.241', 'Windows 10', 'Chrome 109.0.0.0', '2023-03-14 02:51:01', NULL),
(333, 'New Record inserted On  subject timetable id 138', '138', 1, 'Insert', '103.25.248.241', 'Windows 10', 'Chrome 109.0.0.0', '2023-03-14 02:51:01', NULL);
INSERT INTO `logs` (`id`, `message`, `record_id`, `user_id`, `action`, `ip_address`, `platform`, `agent`, `time`, `created_at`) VALUES
(334, 'New Record inserted On  subject timetable id 137', '137', 1, 'Insert', '103.25.248.241', 'Windows 10', 'Chrome 109.0.0.0', '2023-03-14 02:51:01', NULL),
(335, 'New Record inserted On  subject timetable id 142', '142', 1, 'Insert', '103.25.248.241', 'Windows 10', 'Chrome 109.0.0.0', '2023-03-14 02:54:10', NULL),
(336, 'New Record inserted On  subject timetable id 141', '141', 1, 'Insert', '103.25.248.241', 'Windows 10', 'Chrome 109.0.0.0', '2023-03-14 02:54:10', NULL),
(337, 'New Record inserted On  subject timetable id 140', '140', 1, 'Insert', '103.25.248.241', 'Windows 10', 'Chrome 109.0.0.0', '2023-03-14 02:54:10', NULL),
(338, 'New Record inserted On  subject timetable id 139', '139', 1, 'Insert', '103.25.248.241', 'Windows 10', 'Chrome 109.0.0.0', '2023-03-14 02:54:10', NULL),
(339, 'New Record inserted On  subject timetable id 138', '138', 1, 'Insert', '103.25.248.241', 'Windows 10', 'Chrome 109.0.0.0', '2023-03-14 02:54:10', NULL),
(340, 'New Record inserted On  subject timetable id 137', '137', 1, 'Insert', '103.25.248.241', 'Windows 10', 'Chrome 109.0.0.0', '2023-03-14 02:54:10', NULL),
(341, 'New Record inserted On  subject timetable id 148', '148', 1, 'Insert', '103.25.248.241', 'Windows 10', 'Chrome 109.0.0.0', '2023-03-14 02:55:08', NULL),
(342, 'New Record inserted On  subject timetable id 147', '147', 1, 'Insert', '103.25.248.241', 'Windows 10', 'Chrome 109.0.0.0', '2023-03-14 02:55:08', NULL),
(343, 'New Record inserted On  subject timetable id 146', '146', 1, 'Insert', '103.25.248.241', 'Windows 10', 'Chrome 109.0.0.0', '2023-03-14 02:55:08', NULL),
(344, 'New Record inserted On  subject timetable id 145', '145', 1, 'Insert', '103.25.248.241', 'Windows 10', 'Chrome 109.0.0.0', '2023-03-14 02:55:08', NULL),
(345, 'New Record inserted On  subject timetable id 152', '152', 1, 'Insert', '103.25.248.241', 'Windows 10', 'Chrome 109.0.0.0', '2023-03-14 02:56:03', NULL),
(346, 'New Record inserted On  subject timetable id 151', '151', 1, 'Insert', '103.25.248.241', 'Windows 10', 'Chrome 109.0.0.0', '2023-03-14 02:56:03', NULL),
(347, 'New Record inserted On  subject timetable id 150', '150', 1, 'Insert', '103.25.248.241', 'Windows 10', 'Chrome 109.0.0.0', '2023-03-14 02:56:03', NULL),
(348, 'New Record inserted On  subject timetable id 149', '149', 1, 'Insert', '103.25.248.241', 'Windows 10', 'Chrome 109.0.0.0', '2023-03-14 02:56:03', NULL),
(349, 'New Record inserted On  subject timetable id 148', '148', 1, 'Insert', '103.25.248.241', 'Windows 10', 'Chrome 109.0.0.0', '2023-03-14 02:56:03', NULL),
(350, 'New Record inserted On  subject timetable id 157', '157', 1, 'Insert', '103.25.248.241', 'Windows 10', 'Chrome 109.0.0.0', '2023-03-14 02:57:05', NULL),
(351, 'New Record inserted On  subject timetable id 156', '156', 1, 'Insert', '103.25.248.241', 'Windows 10', 'Chrome 109.0.0.0', '2023-03-14 02:57:05', NULL),
(352, 'New Record inserted On  subject timetable id 155', '155', 1, 'Insert', '103.25.248.241', 'Windows 10', 'Chrome 109.0.0.0', '2023-03-14 02:57:05', NULL),
(353, 'New Record inserted On  subject timetable id 154', '154', 1, 'Insert', '103.25.248.241', 'Windows 10', 'Chrome 109.0.0.0', '2023-03-14 02:57:05', NULL),
(354, 'New Record inserted On  subject timetable id 161', '161', 1, 'Insert', '103.25.248.241', 'Windows 10', 'Chrome 109.0.0.0', '2023-03-14 02:57:47', NULL),
(355, 'New Record inserted On  subject timetable id 160', '160', 1, 'Insert', '103.25.248.241', 'Windows 10', 'Chrome 109.0.0.0', '2023-03-14 02:57:47', NULL),
(356, 'New Record inserted On  subject timetable id 159', '159', 1, 'Insert', '103.25.248.241', 'Windows 10', 'Chrome 109.0.0.0', '2023-03-14 02:57:47', NULL),
(357, 'New Record inserted On  subject timetable id 158', '158', 1, 'Insert', '103.25.248.241', 'Windows 10', 'Chrome 109.0.0.0', '2023-03-14 02:57:47', NULL),
(358, 'New Record inserted On  subject timetable id 157', '157', 1, 'Insert', '103.25.248.241', 'Windows 10', 'Chrome 109.0.0.0', '2023-03-14 02:57:47', NULL),
(359, 'New Record inserted On  subject timetable id 166', '166', 1, 'Insert', '103.25.248.241', 'Windows 10', 'Chrome 109.0.0.0', '2023-03-14 02:58:26', NULL),
(360, 'New Record inserted On  subject timetable id 165', '165', 1, 'Insert', '103.25.248.241', 'Windows 10', 'Chrome 109.0.0.0', '2023-03-14 02:58:26', NULL),
(361, 'New Record inserted On  subject timetable id 164', '164', 1, 'Insert', '103.25.248.241', 'Windows 10', 'Chrome 109.0.0.0', '2023-03-14 02:58:26', NULL),
(362, 'New Record inserted On  subject timetable id 169', '169', 1, 'Insert', '103.25.248.241', 'Windows 10', 'Chrome 109.0.0.0', '2023-03-14 02:58:26', NULL),
(363, 'New Record inserted On  subject timetable id 168', '168', 1, 'Insert', '103.25.248.241', 'Windows 10', 'Chrome 109.0.0.0', '2023-03-14 02:58:26', NULL),
(364, 'New Record inserted On  subject timetable id 167', '167', 1, 'Insert', '103.25.248.241', 'Windows 10', 'Chrome 109.0.0.0', '2023-03-14 02:58:26', NULL),
(365, 'New Record inserted On  subject timetable id 172', '172', 1, 'Insert', '103.25.248.241', 'Windows 10', 'Chrome 109.0.0.0', '2023-03-14 02:59:40', NULL),
(366, 'New Record inserted On  subject timetable id 171', '171', 1, 'Insert', '103.25.248.241', 'Windows 10', 'Chrome 109.0.0.0', '2023-03-14 02:59:40', NULL),
(367, 'New Record inserted On  subject timetable id 170', '170', 1, 'Insert', '103.25.248.241', 'Windows 10', 'Chrome 109.0.0.0', '2023-03-14 02:59:40', NULL),
(368, 'New Record inserted On  subject timetable id 169', '169', 1, 'Insert', '103.25.248.241', 'Windows 10', 'Chrome 109.0.0.0', '2023-03-14 02:59:40', NULL),
(369, 'New Record inserted On  subject timetable id 176', '176', 1, 'Insert', '103.25.248.241', 'Windows 10', 'Chrome 109.0.0.0', '2023-03-14 03:00:17', NULL),
(370, 'New Record inserted On  subject timetable id 175', '175', 1, 'Insert', '103.25.248.241', 'Windows 10', 'Chrome 109.0.0.0', '2023-03-14 03:00:17', NULL),
(371, 'New Record inserted On  subject timetable id 174', '174', 1, 'Insert', '103.25.248.241', 'Windows 10', 'Chrome 109.0.0.0', '2023-03-14 03:00:17', NULL),
(372, 'New Record inserted On  subject timetable id 173', '173', 1, 'Insert', '103.25.248.241', 'Windows 10', 'Chrome 109.0.0.0', '2023-03-14 03:00:17', NULL),
(373, 'New Record inserted On  subject timetable id 172', '172', 1, 'Insert', '103.25.248.241', 'Windows 10', 'Chrome 109.0.0.0', '2023-03-14 03:00:17', NULL),
(374, 'New Record inserted On  subject timetable id 181', '181', 1, 'Insert', '103.25.248.241', 'Windows 10', 'Chrome 109.0.0.0', '2023-03-14 03:00:48', NULL),
(375, 'New Record inserted On  subject timetable id 180', '180', 1, 'Insert', '103.25.248.241', 'Windows 10', 'Chrome 109.0.0.0', '2023-03-14 03:00:48', NULL),
(376, 'New Record inserted On  subject timetable id 179', '179', 1, 'Insert', '103.25.248.241', 'Windows 10', 'Chrome 109.0.0.0', '2023-03-14 03:00:48', NULL),
(377, 'New Record inserted On  subject timetable id 178', '178', 1, 'Insert', '103.25.248.241', 'Windows 10', 'Chrome 109.0.0.0', '2023-03-14 03:00:48', NULL),
(378, 'New Record inserted On  subject timetable id 185', '185', 1, 'Insert', '103.25.248.241', 'Windows 10', 'Chrome 109.0.0.0', '2023-03-14 03:01:36', NULL),
(379, 'New Record inserted On  subject timetable id 184', '184', 1, 'Insert', '103.25.248.241', 'Windows 10', 'Chrome 109.0.0.0', '2023-03-14 03:01:36', NULL),
(380, 'New Record inserted On  subject timetable id 183', '183', 1, 'Insert', '103.25.248.241', 'Windows 10', 'Chrome 109.0.0.0', '2023-03-14 03:01:36', NULL),
(381, 'New Record inserted On  subject timetable id 182', '182', 1, 'Insert', '103.25.248.241', 'Windows 10', 'Chrome 109.0.0.0', '2023-03-14 03:01:36', NULL),
(382, 'New Record inserted On  subject timetable id 181', '181', 1, 'Insert', '103.25.248.241', 'Windows 10', 'Chrome 109.0.0.0', '2023-03-14 03:01:36', NULL),
(383, 'New Record inserted On  subject timetable id 190', '190', 1, 'Insert', '103.25.248.241', 'Windows 10', 'Chrome 109.0.0.0', '2023-03-14 03:02:33', NULL),
(384, 'New Record inserted On  subject timetable id 189', '189', 1, 'Insert', '103.25.248.241', 'Windows 10', 'Chrome 109.0.0.0', '2023-03-14 03:02:33', NULL),
(385, 'New Record inserted On  subject timetable id 188', '188', 1, 'Insert', '103.25.248.241', 'Windows 10', 'Chrome 109.0.0.0', '2023-03-14 03:02:33', NULL),
(386, 'New Record inserted On  subject timetable id 187', '187', 1, 'Insert', '103.25.248.241', 'Windows 10', 'Chrome 109.0.0.0', '2023-03-14 03:02:33', NULL),
(387, 'New Record inserted On  subject timetable id 186', '186', 1, 'Insert', '103.25.248.241', 'Windows 10', 'Chrome 109.0.0.0', '2023-03-14 03:02:33', NULL),
(388, 'New Record inserted On  subject timetable id 185', '185', 1, 'Insert', '103.25.248.241', 'Windows 10', 'Chrome 109.0.0.0', '2023-03-14 03:02:33', NULL),
(389, 'New Record inserted On  subject timetable id 196', '196', 1, 'Insert', '103.25.248.241', 'Windows 10', 'Chrome 109.0.0.0', '2023-03-14 03:03:07', NULL),
(390, 'New Record inserted On  subject timetable id 195', '195', 1, 'Insert', '103.25.248.241', 'Windows 10', 'Chrome 109.0.0.0', '2023-03-14 03:03:07', NULL),
(391, 'New Record inserted On  subject timetable id 194', '194', 1, 'Insert', '103.25.248.241', 'Windows 10', 'Chrome 109.0.0.0', '2023-03-14 03:03:07', NULL),
(392, 'New Record inserted On  subject timetable id 199', '199', 1, 'Insert', '103.25.248.241', 'Windows 10', 'Chrome 109.0.0.0', '2023-03-14 03:04:45', NULL),
(393, 'New Record inserted On  subject timetable id 198', '198', 1, 'Insert', '103.25.248.241', 'Windows 10', 'Chrome 109.0.0.0', '2023-03-14 03:04:45', NULL),
(394, 'New Record inserted On  subject timetable id 197', '197', 1, 'Insert', '103.25.248.241', 'Windows 10', 'Chrome 109.0.0.0', '2023-03-14 03:04:45', NULL),
(395, 'New Record inserted On  subject timetable id 196', '196', 1, 'Insert', '103.25.248.241', 'Windows 10', 'Chrome 109.0.0.0', '2023-03-14 03:04:45', NULL),
(396, 'New Record inserted On  subject timetable id 195', '195', 1, 'Insert', '103.25.248.241', 'Windows 10', 'Chrome 109.0.0.0', '2023-03-14 03:04:45', NULL),
(397, 'New Record inserted On  subject timetable id 194', '194', 1, 'Insert', '103.25.248.241', 'Windows 10', 'Chrome 109.0.0.0', '2023-03-14 03:04:45', NULL),
(398, 'New Record inserted On  subject timetable id 205', '205', 1, 'Insert', '103.25.248.241', 'Windows 10', 'Chrome 109.0.0.0', '2023-03-14 03:04:45', NULL),
(399, 'New Record inserted On  subject timetable id 204', '204', 1, 'Insert', '103.25.248.241', 'Windows 10', 'Chrome 109.0.0.0', '2023-03-14 03:04:45', NULL),
(400, 'New Record inserted On  subject timetable id 203', '203', 1, 'Insert', '103.25.248.241', 'Windows 10', 'Chrome 109.0.0.0', '2023-03-14 03:04:45', NULL),
(401, 'New Record inserted On  subject timetable id 202', '202', 1, 'Insert', '103.25.248.241', 'Windows 10', 'Chrome 109.0.0.0', '2023-03-14 03:04:45', NULL),
(402, 'New Record inserted On  subject timetable id 201', '201', 1, 'Insert', '103.25.248.241', 'Windows 10', 'Chrome 109.0.0.0', '2023-03-14 03:04:45', NULL),
(403, 'New Record inserted On  subject timetable id 200', '200', 1, 'Insert', '103.25.248.241', 'Windows 10', 'Chrome 109.0.0.0', '2023-03-14 03:04:45', NULL),
(404, 'New Record inserted On  subject timetable id 211', '211', 1, 'Insert', '103.25.248.241', 'Windows 10', 'Chrome 109.0.0.0', '2023-03-14 03:06:06', NULL),
(405, 'New Record inserted On  subject timetable id 210', '210', 1, 'Insert', '103.25.248.241', 'Windows 10', 'Chrome 109.0.0.0', '2023-03-14 03:06:06', NULL),
(406, 'New Record inserted On  subject timetable id 209', '209', 1, 'Insert', '103.25.248.241', 'Windows 10', 'Chrome 109.0.0.0', '2023-03-14 03:06:06', NULL),
(407, 'New Record inserted On  subject timetable id 208', '208', 1, 'Insert', '103.25.248.241', 'Windows 10', 'Chrome 109.0.0.0', '2023-03-14 03:06:06', NULL),
(408, 'New Record inserted On  subject timetable id 207', '207', 1, 'Insert', '103.25.248.241', 'Windows 10', 'Chrome 109.0.0.0', '2023-03-14 03:06:06', NULL),
(409, 'New Record inserted On  subject timetable id 206', '206', 1, 'Insert', '103.25.248.241', 'Windows 10', 'Chrome 109.0.0.0', '2023-03-14 03:06:06', NULL),
(410, 'New Record inserted On  subject timetable id 217', '217', 1, 'Insert', '103.25.248.241', 'Windows 10', 'Chrome 109.0.0.0', '2023-03-14 03:07:19', NULL),
(411, 'New Record inserted On  subject timetable id 216', '216', 1, 'Insert', '103.25.248.241', 'Windows 10', 'Chrome 109.0.0.0', '2023-03-14 03:07:19', NULL),
(412, 'New Record inserted On  subject timetable id 215', '215', 1, 'Insert', '103.25.248.241', 'Windows 10', 'Chrome 109.0.0.0', '2023-03-14 03:07:19', NULL),
(413, 'New Record inserted On  subject timetable id 214', '214', 1, 'Insert', '103.25.248.241', 'Windows 10', 'Chrome 109.0.0.0', '2023-03-14 03:07:19', NULL),
(414, 'New Record inserted On  subject timetable id 213', '213', 1, 'Insert', '103.25.248.241', 'Windows 10', 'Chrome 109.0.0.0', '2023-03-14 03:07:19', NULL),
(415, 'New Record inserted On  subject timetable id 212', '212', 1, 'Insert', '103.25.248.241', 'Windows 10', 'Chrome 109.0.0.0', '2023-03-14 03:07:19', NULL),
(416, 'New Record inserted On  subject timetable id 223', '223', 1, 'Insert', '103.25.248.241', 'Windows 10', 'Chrome 109.0.0.0', '2023-03-14 03:08:29', NULL),
(417, 'New Record inserted On  subject timetable id 222', '222', 1, 'Insert', '103.25.248.241', 'Windows 10', 'Chrome 109.0.0.0', '2023-03-14 03:08:29', NULL),
(418, 'New Record inserted On  subject timetable id 221', '221', 1, 'Insert', '103.25.248.241', 'Windows 10', 'Chrome 109.0.0.0', '2023-03-14 03:08:29', NULL),
(419, 'New Record inserted On  subject timetable id 220', '220', 1, 'Insert', '103.25.248.241', 'Windows 10', 'Chrome 109.0.0.0', '2023-03-14 03:08:29', NULL),
(420, 'New Record inserted On  subject timetable id 219', '219', 1, 'Insert', '103.25.248.241', 'Windows 10', 'Chrome 109.0.0.0', '2023-03-14 03:08:29', NULL),
(421, 'New Record inserted On  subject timetable id 218', '218', 1, 'Insert', '103.25.248.241', 'Windows 10', 'Chrome 109.0.0.0', '2023-03-14 03:08:29', NULL),
(422, 'New Record inserted On  subject timetable id 229', '229', 1, 'Insert', '103.25.248.241', 'Windows 10', 'Chrome 109.0.0.0', '2023-03-14 03:10:16', NULL),
(423, 'New Record inserted On  subject timetable id 228', '228', 1, 'Insert', '103.25.248.241', 'Windows 10', 'Chrome 109.0.0.0', '2023-03-14 03:10:16', NULL),
(424, 'New Record inserted On  subject timetable id 227', '227', 1, 'Insert', '103.25.248.241', 'Windows 10', 'Chrome 109.0.0.0', '2023-03-14 03:10:16', NULL),
(425, 'New Record inserted On  subject timetable id 232', '232', 1, 'Insert', '103.25.248.241', 'Windows 10', 'Chrome 109.0.0.0', '2023-03-14 03:10:48', NULL),
(426, 'New Record inserted On  subject timetable id 231', '231', 1, 'Insert', '103.25.248.241', 'Windows 10', 'Chrome 109.0.0.0', '2023-03-14 03:10:48', NULL),
(427, 'New Record inserted On  subject timetable id 230', '230', 1, 'Insert', '103.25.248.241', 'Windows 10', 'Chrome 109.0.0.0', '2023-03-14 03:10:48', NULL),
(428, 'New Record inserted On  subject timetable id 235', '235', 1, 'Insert', '103.25.248.241', 'Windows 10', 'Chrome 109.0.0.0', '2023-03-14 03:13:56', NULL),
(429, 'New Record inserted On  subject timetable id 234', '234', 1, 'Insert', '103.25.248.241', 'Windows 10', 'Chrome 109.0.0.0', '2023-03-14 03:13:56', NULL),
(430, 'New Record inserted On  subject timetable id 233', '233', 1, 'Insert', '103.25.248.241', 'Windows 10', 'Chrome 109.0.0.0', '2023-03-14 03:13:56', NULL),
(431, 'New Record inserted On  subject timetable id 238', '238', 1, 'Insert', '103.25.248.241', 'Windows 10', 'Chrome 109.0.0.0', '2023-03-14 03:14:35', NULL),
(432, 'New Record inserted On  subject timetable id 237', '237', 1, 'Insert', '103.25.248.241', 'Windows 10', 'Chrome 109.0.0.0', '2023-03-14 03:14:35', NULL),
(433, 'New Record inserted On  subject timetable id 236', '236', 1, 'Insert', '103.25.248.241', 'Windows 10', 'Chrome 109.0.0.0', '2023-03-14 03:14:35', NULL),
(434, 'New Record inserted On  subject timetable id 241', '241', 1, 'Insert', '103.25.248.241', 'Windows 10', 'Chrome 109.0.0.0', '2023-03-14 03:15:01', NULL),
(435, 'New Record inserted On  subject timetable id 240', '240', 1, 'Insert', '103.25.248.241', 'Windows 10', 'Chrome 109.0.0.0', '2023-03-14 03:15:01', NULL),
(436, 'New Record inserted On  subject timetable id 239', '239', 1, 'Insert', '103.25.248.241', 'Windows 10', 'Chrome 109.0.0.0', '2023-03-14 03:15:01', NULL),
(437, 'New Record inserted On  subject timetable id 244', '244', 1, 'Insert', '103.25.248.241', 'Windows 10', 'Chrome 109.0.0.0', '2023-03-14 03:15:25', NULL),
(438, 'New Record inserted On  subject timetable id 243', '243', 1, 'Insert', '103.25.248.241', 'Windows 10', 'Chrome 109.0.0.0', '2023-03-14 03:15:25', NULL),
(439, 'New Record inserted On  subject timetable id 242', '242', 1, 'Insert', '103.25.248.241', 'Windows 10', 'Chrome 109.0.0.0', '2023-03-14 03:15:25', NULL),
(440, 'New Record inserted On  subject timetable id 247', '247', 1, 'Insert', '103.25.248.241', 'Windows 10', 'Chrome 109.0.0.0', '2023-03-14 03:16:02', NULL),
(441, 'New Record inserted On  subject timetable id 246', '246', 1, 'Insert', '103.25.248.241', 'Windows 10', 'Chrome 109.0.0.0', '2023-03-14 03:16:02', NULL),
(442, 'New Record inserted On  subject timetable id 245', '245', 1, 'Insert', '103.25.248.241', 'Windows 10', 'Chrome 109.0.0.0', '2023-03-14 03:16:02', NULL),
(443, 'New Record inserted On  subject timetable id 244', '244', 1, 'Insert', '103.25.248.241', 'Windows 10', 'Chrome 109.0.0.0', '2023-03-14 03:16:02', NULL),
(444, 'New Record inserted On  subject timetable id 251', '251', 1, 'Insert', '103.25.248.241', 'Windows 10', 'Chrome 109.0.0.0', '2023-03-14 03:16:30', NULL),
(445, 'New Record inserted On  subject timetable id 250', '250', 1, 'Insert', '103.25.248.241', 'Windows 10', 'Chrome 109.0.0.0', '2023-03-14 03:16:30', NULL),
(446, 'New Record inserted On  subject timetable id 249', '249', 1, 'Insert', '103.25.248.241', 'Windows 10', 'Chrome 109.0.0.0', '2023-03-14 03:16:30', NULL),
(447, 'New Record inserted On  subject timetable id 254', '254', 1, 'Insert', '103.25.248.241', 'Windows 10', 'Chrome 109.0.0.0', '2023-03-14 03:17:41', NULL),
(448, 'New Record inserted On  subject timetable id 253', '253', 1, 'Insert', '103.25.248.241', 'Windows 10', 'Chrome 109.0.0.0', '2023-03-14 03:17:41', NULL),
(449, 'New Record inserted On  subject timetable id 252', '252', 1, 'Insert', '103.25.248.241', 'Windows 10', 'Chrome 109.0.0.0', '2023-03-14 03:17:41', NULL),
(450, 'New Record inserted On  subject timetable id 257', '257', 1, 'Insert', '103.25.248.241', 'Windows 10', 'Chrome 109.0.0.0', '2023-03-14 03:18:10', NULL),
(451, 'New Record inserted On  subject timetable id 256', '256', 1, 'Insert', '103.25.248.241', 'Windows 10', 'Chrome 109.0.0.0', '2023-03-14 03:18:10', NULL),
(452, 'New Record inserted On  subject timetable id 255', '255', 1, 'Insert', '103.25.248.241', 'Windows 10', 'Chrome 109.0.0.0', '2023-03-14 03:18:10', NULL),
(453, 'New Record inserted On  subject timetable id 260', '260', 1, 'Insert', '103.25.248.241', 'Windows 10', 'Chrome 109.0.0.0', '2023-03-14 03:18:10', NULL),
(454, 'New Record inserted On  subject timetable id 259', '259', 1, 'Insert', '103.25.248.241', 'Windows 10', 'Chrome 109.0.0.0', '2023-03-14 03:18:10', NULL),
(455, 'New Record inserted On  subject timetable id 258', '258', 1, 'Insert', '103.25.248.241', 'Windows 10', 'Chrome 109.0.0.0', '2023-03-14 03:18:10', NULL),
(456, 'New Record inserted On  subject timetable id 263', '263', 1, 'Insert', '103.25.248.241', 'Windows 10', 'Chrome 109.0.0.0', '2023-03-14 03:18:44', NULL),
(457, 'New Record inserted On  subject timetable id 262', '262', 1, 'Insert', '103.25.248.241', 'Windows 10', 'Chrome 109.0.0.0', '2023-03-14 03:18:44', NULL),
(458, 'New Record inserted On  subject timetable id 261', '261', 1, 'Insert', '103.25.248.241', 'Windows 10', 'Chrome 109.0.0.0', '2023-03-14 03:18:44', NULL),
(459, 'New Record inserted On  subject timetable id 266', '266', 1, 'Insert', '103.25.248.241', 'Windows 10', 'Chrome 109.0.0.0', '2023-03-14 03:19:06', NULL),
(460, 'New Record inserted On  subject timetable id 265', '265', 1, 'Insert', '103.25.248.241', 'Windows 10', 'Chrome 109.0.0.0', '2023-03-14 03:19:06', NULL),
(461, 'New Record inserted On  subject timetable id 264', '264', 1, 'Insert', '103.25.248.241', 'Windows 10', 'Chrome 109.0.0.0', '2023-03-14 03:19:06', NULL),
(462, 'New Record inserted On  subject timetable id 269', '269', 1, 'Insert', '103.25.248.241', 'Windows 10', 'Chrome 109.0.0.0', '2023-03-14 03:19:07', NULL),
(463, 'New Record inserted On  subject timetable id 268', '268', 1, 'Insert', '103.25.248.241', 'Windows 10', 'Chrome 109.0.0.0', '2023-03-14 03:19:07', NULL),
(464, 'New Record inserted On  subject timetable id 267', '267', 1, 'Insert', '103.25.248.241', 'Windows 10', 'Chrome 109.0.0.0', '2023-03-14 03:19:07', NULL),
(465, 'New Record inserted On  subject timetable id 272', '272', 1, 'Insert', '103.25.248.241', 'Windows 10', 'Chrome 109.0.0.0', '2023-03-14 03:19:51', NULL),
(466, 'New Record inserted On  subject timetable id 271', '271', 1, 'Insert', '103.25.248.241', 'Windows 10', 'Chrome 109.0.0.0', '2023-03-14 03:19:51', NULL),
(467, 'New Record inserted On  subject timetable id 270', '270', 1, 'Insert', '103.25.248.241', 'Windows 10', 'Chrome 109.0.0.0', '2023-03-14 03:19:51', NULL),
(468, 'New Record inserted On  subject timetable id 275', '275', 1, 'Insert', '103.25.248.241', 'Windows 10', 'Chrome 109.0.0.0', '2023-03-14 03:20:15', NULL),
(469, 'New Record inserted On  subject timetable id 274', '274', 1, 'Insert', '103.25.248.241', 'Windows 10', 'Chrome 109.0.0.0', '2023-03-14 03:20:15', NULL),
(470, 'New Record inserted On  subject timetable id 273', '273', 1, 'Insert', '103.25.248.241', 'Windows 10', 'Chrome 109.0.0.0', '2023-03-14 03:20:15', NULL),
(471, 'New Record inserted On  subject timetable id 278', '278', 1, 'Insert', '103.25.248.241', 'Windows 10', 'Chrome 109.0.0.0', '2023-03-14 03:21:29', NULL),
(472, 'New Record inserted On  subject timetable id 277', '277', 1, 'Insert', '103.25.248.241', 'Windows 10', 'Chrome 109.0.0.0', '2023-03-14 03:21:29', NULL),
(473, 'New Record inserted On  subject timetable id 276', '276', 1, 'Insert', '103.25.248.241', 'Windows 10', 'Chrome 109.0.0.0', '2023-03-14 03:21:29', NULL),
(474, 'New Record inserted On  subject timetable id 281', '281', 1, 'Insert', '103.25.248.241', 'Windows 10', 'Chrome 109.0.0.0', '2023-03-14 03:21:50', NULL),
(475, 'New Record inserted On  subject timetable id 280', '280', 1, 'Insert', '103.25.248.241', 'Windows 10', 'Chrome 109.0.0.0', '2023-03-14 03:21:50', NULL),
(476, 'New Record inserted On  subject timetable id 279', '279', 1, 'Insert', '103.25.248.241', 'Windows 10', 'Chrome 109.0.0.0', '2023-03-14 03:21:50', NULL),
(477, 'New Record inserted On  subject timetable id 284', '284', 1, 'Insert', '103.25.248.241', 'Windows 10', 'Chrome 109.0.0.0', '2023-03-14 03:21:51', NULL),
(478, 'New Record inserted On  subject timetable id 283', '283', 1, 'Insert', '103.25.248.241', 'Windows 10', 'Chrome 109.0.0.0', '2023-03-14 03:21:51', NULL),
(479, 'New Record inserted On  subject timetable id 282', '282', 1, 'Insert', '103.25.248.241', 'Windows 10', 'Chrome 109.0.0.0', '2023-03-14 03:21:51', NULL),
(480, 'New Record inserted On  subject timetable id 287', '287', 1, 'Insert', '103.25.248.241', 'Windows 10', 'Chrome 109.0.0.0', '2023-03-14 03:22:16', NULL),
(481, 'New Record inserted On  subject timetable id 286', '286', 1, 'Insert', '103.25.248.241', 'Windows 10', 'Chrome 109.0.0.0', '2023-03-14 03:22:16', NULL),
(482, 'New Record inserted On  subject timetable id 285', '285', 1, 'Insert', '103.25.248.241', 'Windows 10', 'Chrome 109.0.0.0', '2023-03-14 03:22:16', NULL),
(483, 'New Record inserted On  subject timetable id 290', '290', 1, 'Insert', '103.25.248.241', 'Windows 10', 'Chrome 109.0.0.0', '2023-03-14 03:22:47', NULL),
(484, 'New Record inserted On  subject timetable id 289', '289', 1, 'Insert', '103.25.248.241', 'Windows 10', 'Chrome 109.0.0.0', '2023-03-14 03:22:47', NULL),
(485, 'New Record inserted On  subject timetable id 288', '288', 1, 'Insert', '103.25.248.241', 'Windows 10', 'Chrome 109.0.0.0', '2023-03-14 03:22:47', NULL),
(486, 'New Record inserted On  subject timetable id 293', '293', 1, 'Insert', '103.25.248.241', 'Windows 10', 'Chrome 109.0.0.0', '2023-03-14 03:23:59', NULL),
(487, 'New Record inserted On  subject timetable id 292', '292', 1, 'Insert', '103.25.248.241', 'Windows 10', 'Chrome 109.0.0.0', '2023-03-14 03:23:59', NULL),
(488, 'New Record inserted On  subject timetable id 291', '291', 1, 'Insert', '103.25.248.241', 'Windows 10', 'Chrome 109.0.0.0', '2023-03-14 03:23:59', NULL),
(489, 'New Record inserted On  subject timetable id 296', '296', 1, 'Insert', '103.25.248.241', 'Windows 10', 'Chrome 109.0.0.0', '2023-03-14 03:24:31', NULL),
(490, 'New Record inserted On  subject timetable id 295', '295', 1, 'Insert', '103.25.248.241', 'Windows 10', 'Chrome 109.0.0.0', '2023-03-14 03:24:31', NULL),
(491, 'New Record inserted On  subject timetable id 294', '294', 1, 'Insert', '103.25.248.241', 'Windows 10', 'Chrome 109.0.0.0', '2023-03-14 03:24:31', NULL),
(492, 'New Record inserted On  subject timetable id 299', '299', 1, 'Insert', '103.25.248.241', 'Windows 10', 'Chrome 109.0.0.0', '2023-03-14 03:25:22', NULL),
(493, 'New Record inserted On  subject timetable id 298', '298', 1, 'Insert', '103.25.248.241', 'Windows 10', 'Chrome 109.0.0.0', '2023-03-14 03:25:22', NULL),
(494, 'New Record inserted On  subject timetable id 297', '297', 1, 'Insert', '103.25.248.241', 'Windows 10', 'Chrome 109.0.0.0', '2023-03-14 03:25:22', NULL),
(495, 'New Record inserted On  subject timetable id 302', '302', 1, 'Insert', '103.25.248.241', 'Windows 10', 'Chrome 109.0.0.0', '2023-03-14 03:25:22', NULL),
(496, 'New Record inserted On  subject timetable id 301', '301', 1, 'Insert', '103.25.248.241', 'Windows 10', 'Chrome 109.0.0.0', '2023-03-14 03:25:22', NULL),
(497, 'New Record inserted On  subject timetable id 300', '300', 1, 'Insert', '103.25.248.241', 'Windows 10', 'Chrome 109.0.0.0', '2023-03-14 03:25:22', NULL),
(498, 'New Record inserted On  subject timetable id 305', '305', 1, 'Insert', '103.25.248.241', 'Windows 10', 'Chrome 109.0.0.0', '2023-03-14 03:25:53', NULL),
(499, 'New Record inserted On  subject timetable id 304', '304', 1, 'Insert', '103.25.248.241', 'Windows 10', 'Chrome 109.0.0.0', '2023-03-14 03:25:53', NULL),
(500, 'New Record inserted On  subject timetable id 303', '303', 1, 'Insert', '103.25.248.241', 'Windows 10', 'Chrome 109.0.0.0', '2023-03-14 03:25:53', NULL),
(501, 'New Record inserted On  subject timetable id 308', '308', 1, 'Insert', '103.25.248.241', 'Windows 10', 'Chrome 109.0.0.0', '2023-03-14 03:26:15', NULL),
(502, 'New Record inserted On  subject timetable id 307', '307', 1, 'Insert', '103.25.248.241', 'Windows 10', 'Chrome 109.0.0.0', '2023-03-14 03:26:15', NULL),
(503, 'New Record inserted On  subject timetable id 306', '306', 1, 'Insert', '103.25.248.241', 'Windows 10', 'Chrome 109.0.0.0', '2023-03-14 03:26:15', NULL),
(504, 'New Record inserted On  subject timetable id 311', '311', 1, 'Insert', '103.25.248.241', 'Windows 10', 'Chrome 109.0.0.0', '2023-03-14 03:26:44', NULL),
(505, 'New Record inserted On  subject timetable id 310', '310', 1, 'Insert', '103.25.248.241', 'Windows 10', 'Chrome 109.0.0.0', '2023-03-14 03:26:44', NULL),
(506, 'New Record inserted On  subject timetable id 309', '309', 1, 'Insert', '103.25.248.241', 'Windows 10', 'Chrome 109.0.0.0', '2023-03-14 03:26:44', NULL),
(507, 'New Record inserted On  subject timetable id 314', '314', 1, 'Insert', '103.25.248.241', 'Windows 10', 'Chrome 109.0.0.0', '2023-03-14 03:28:31', NULL),
(508, 'New Record inserted On  subject timetable id 313', '313', 1, 'Insert', '103.25.248.241', 'Windows 10', 'Chrome 109.0.0.0', '2023-03-14 03:28:31', NULL),
(509, 'New Record inserted On  subject timetable id 312', '312', 1, 'Insert', '103.25.248.241', 'Windows 10', 'Chrome 109.0.0.0', '2023-03-14 03:28:31', NULL),
(510, 'New Record inserted On  subject timetable id 317', '317', 1, 'Insert', '103.25.248.241', 'Windows 10', 'Chrome 109.0.0.0', '2023-03-14 03:28:31', NULL),
(511, 'New Record inserted On  subject timetable id 316', '316', 1, 'Insert', '103.25.248.241', 'Windows 10', 'Chrome 109.0.0.0', '2023-03-14 03:28:31', NULL),
(512, 'New Record inserted On  subject timetable id 315', '315', 1, 'Insert', '103.25.248.241', 'Windows 10', 'Chrome 109.0.0.0', '2023-03-14 03:28:31', NULL),
(513, 'New Record inserted On  subject timetable id 320', '320', 1, 'Insert', '103.25.248.241', 'Windows 10', 'Chrome 109.0.0.0', '2023-03-14 03:28:32', NULL),
(514, 'New Record inserted On  subject timetable id 319', '319', 1, 'Insert', '103.25.248.241', 'Windows 10', 'Chrome 109.0.0.0', '2023-03-14 03:28:32', NULL),
(515, 'New Record inserted On  subject timetable id 318', '318', 1, 'Insert', '103.25.248.241', 'Windows 10', 'Chrome 109.0.0.0', '2023-03-14 03:28:32', NULL),
(516, 'New Record inserted On  subject timetable id 323', '323', 1, 'Insert', '103.25.248.241', 'Windows 10', 'Chrome 109.0.0.0', '2023-03-14 03:28:32', NULL),
(517, 'New Record inserted On  subject timetable id 322', '322', 1, 'Insert', '103.25.248.241', 'Windows 10', 'Chrome 109.0.0.0', '2023-03-14 03:28:32', NULL),
(518, 'New Record inserted On  subject timetable id 321', '321', 1, 'Insert', '103.25.248.241', 'Windows 10', 'Chrome 109.0.0.0', '2023-03-14 03:28:32', NULL),
(519, 'New Record inserted On  subject timetable id 326', '326', 1, 'Insert', '103.25.248.241', 'Windows 10', 'Chrome 109.0.0.0', '2023-03-14 03:28:32', NULL),
(520, 'New Record inserted On  subject timetable id 325', '325', 1, 'Insert', '103.25.248.241', 'Windows 10', 'Chrome 109.0.0.0', '2023-03-14 03:28:32', NULL),
(521, 'New Record inserted On  subject timetable id 324', '324', 1, 'Insert', '103.25.248.241', 'Windows 10', 'Chrome 109.0.0.0', '2023-03-14 03:28:32', NULL),
(522, 'New Record inserted On  subject timetable id 329', '329', 1, 'Insert', '103.25.248.241', 'Windows 10', 'Chrome 109.0.0.0', '2023-03-14 03:28:32', NULL),
(523, 'New Record inserted On  subject timetable id 328', '328', 1, 'Insert', '103.25.248.241', 'Windows 10', 'Chrome 109.0.0.0', '2023-03-14 03:28:32', NULL),
(524, 'New Record inserted On  subject timetable id 327', '327', 1, 'Insert', '103.25.248.241', 'Windows 10', 'Chrome 109.0.0.0', '2023-03-14 03:28:32', NULL),
(525, 'New Record inserted On  subject timetable id 332', '332', 1, 'Insert', '103.25.248.241', 'Windows 10', 'Chrome 109.0.0.0', '2023-03-14 03:30:01', NULL),
(526, 'New Record inserted On  subject timetable id 331', '331', 1, 'Insert', '103.25.248.241', 'Windows 10', 'Chrome 109.0.0.0', '2023-03-14 03:30:01', NULL),
(527, 'New Record inserted On  subject timetable id 330', '330', 1, 'Insert', '103.25.248.241', 'Windows 10', 'Chrome 109.0.0.0', '2023-03-14 03:30:01', NULL),
(528, 'Record updated On settings id 1', '1', 1, 'Update', '103.25.248.241', 'Windows 10', 'Chrome 109.0.0.0', '2023-03-14 03:36:09', NULL),
(529, 'Record updated On settings id 1', '1', 1, 'Update', '103.25.248.241', 'Windows 10', 'Chrome 109.0.0.0', '2023-03-14 03:37:37', NULL),
(530, 'New Record inserted On sms config id 1', '1', 1, 'Insert', '103.25.248.241', 'Windows 10', 'Chrome 109.0.0.0', '2023-03-14 03:38:00', NULL),
(531, 'Record updated On sms config id custom', 'custom', 1, 'Update', '103.25.248.241', 'Windows 10', 'Chrome 109.0.0.0', '2023-03-14 03:38:01', NULL),
(532, 'Record updated On settings id 1', '1', 1, 'Update', '103.25.248.241', 'Windows 10', 'Chrome 109.0.0.0', '2023-03-14 03:46:35', NULL),
(533, 'Record updated On  online_admission_fields id 4', '4', 1, 'Update', '103.25.248.241', 'Windows 10', 'Chrome 109.0.0.0', '2023-03-14 03:46:48', NULL),
(534, 'Record updated On  online_admission_fields id 8', '8', 1, 'Update', '103.25.248.241', 'Windows 10', 'Chrome 109.0.0.0', '2023-03-14 03:46:55', NULL),
(535, 'Record updated On  online_admission_fields id 9', '9', 1, 'Update', '103.25.248.241', 'Windows 10', 'Chrome 109.0.0.0', '2023-03-14 03:47:00', NULL),
(536, 'Record updated On  online_admission_fields id 5', '5', 1, 'Update', '103.25.248.241', 'Windows 10', 'Chrome 109.0.0.0', '2023-03-14 03:47:06', NULL),
(537, 'Record updated On  online_admission_fields id 10', '10', 1, 'Update', '103.25.248.241', 'Windows 10', 'Chrome 109.0.0.0', '2023-03-14 03:47:10', NULL),
(538, 'Record updated On  online_admission_fields id 11', '11', 1, 'Update', '103.25.248.241', 'Windows 10', 'Chrome 109.0.0.0', '2023-03-14 03:47:14', NULL),
(539, 'Record updated On  online_admission_fields id 12', '12', 1, 'Update', '103.25.248.241', 'Windows 10', 'Chrome 109.0.0.0', '2023-03-14 03:47:18', NULL),
(540, 'Record updated On  online_admission_fields id 13', '13', 1, 'Update', '103.25.248.241', 'Windows 10', 'Chrome 109.0.0.0', '2023-03-14 03:47:23', NULL),
(541, 'Record updated On  online_admission_fields id 14', '14', 1, 'Update', '103.25.248.241', 'Windows 10', 'Chrome 109.0.0.0', '2023-03-14 03:47:25', NULL),
(542, 'Record updated On  online_admission_fields id 15', '15', 1, 'Update', '103.25.248.241', 'Windows 10', 'Chrome 109.0.0.0', '2023-03-14 03:47:28', NULL),
(543, 'Record updated On  online_admission_fields id 16', '16', 1, 'Update', '103.25.248.241', 'Windows 10', 'Chrome 109.0.0.0', '2023-03-14 03:47:32', NULL),
(544, 'Record updated On  online_admission_fields id 18', '18', 1, 'Update', '103.25.248.241', 'Windows 10', 'Chrome 109.0.0.0', '2023-03-14 03:47:35', NULL),
(545, 'Record updated On  online_admission_fields id 17', '17', 1, 'Update', '103.25.248.241', 'Windows 10', 'Chrome 109.0.0.0', '2023-03-14 03:47:37', NULL),
(546, 'Record updated On  online_admission_fields id 19', '19', 1, 'Update', '103.25.248.241', 'Windows 10', 'Chrome 109.0.0.0', '2023-03-14 03:47:39', NULL),
(547, 'Record updated On  online_admission_fields id 20', '20', 1, 'Update', '103.25.248.241', 'Windows 10', 'Chrome 109.0.0.0', '2023-03-14 03:47:42', NULL),
(548, 'Record updated On  online_admission_fields id 28', '28', 1, 'Update', '103.25.248.241', 'Windows 10', 'Chrome 109.0.0.0', '2023-03-14 03:47:52', NULL),
(549, 'Record updated On  online_admission_fields id 39', '39', 1, 'Update', '103.25.248.241', 'Windows 10', 'Chrome 109.0.0.0', '2023-03-14 03:47:55', NULL),
(550, 'Record updated On  online_admission_fields id 40', '40', 1, 'Update', '103.25.248.241', 'Windows 10', 'Chrome 109.0.0.0', '2023-03-14 03:47:58', NULL),
(551, 'Record updated On  online_admission_fields id 29', '29', 1, 'Update', '103.25.248.241', 'Windows 10', 'Chrome 109.0.0.0', '2023-03-14 03:48:02', NULL),
(552, 'Record updated On  online_admission_fields id 34', '34', 1, 'Update', '103.25.248.241', 'Windows 10', 'Chrome 109.0.0.0', '2023-03-14 03:48:11', NULL),
(553, 'New Record inserted On  expense head id 1', '1', 1, 'Insert', '103.25.248.241', 'Windows 10', 'Chrome 109.0.0.0', '2023-03-14 03:50:04', NULL),
(554, 'New Record inserted On  expense head id 2', '2', 1, 'Insert', '103.25.248.241', 'Windows 10', 'Chrome 109.0.0.0', '2023-03-14 03:50:30', NULL),
(555, 'New Record inserted On  expense head id 3', '3', 1, 'Insert', '103.25.248.241', 'Windows 10', 'Chrome 109.0.0.0', '2023-03-14 03:50:39', NULL),
(556, 'New Record inserted On  expense head id 4', '4', 1, 'Insert', '103.25.248.241', 'Windows 10', 'Chrome 109.0.0.0', '2023-03-14 03:50:56', NULL),
(557, 'New Record inserted On  expense head id 5', '5', 1, 'Insert', '103.25.248.241', 'Windows 10', 'Chrome 109.0.0.0', '2023-03-14 03:51:14', NULL),
(558, 'New Record inserted On  expenses   id 1', '1', 1, 'Insert', '103.25.248.241', 'Windows 10', 'Chrome 109.0.0.0', '2023-03-14 03:52:07', NULL),
(559, 'New Record inserted On  expenses   id 2', '2', 1, 'Insert', '103.25.248.241', 'Windows 10', 'Chrome 109.0.0.0', '2023-03-14 03:52:29', NULL),
(560, 'New Record inserted On  expenses   id 3', '3', 1, 'Insert', '103.25.248.241', 'Windows 10', 'Chrome 109.0.0.0', '2023-03-14 03:54:37', NULL),
(561, 'New Record inserted On  expenses   id 4', '4', 1, 'Insert', '103.25.248.241', 'Windows 10', 'Chrome 109.0.0.0', '2023-03-14 03:55:12', NULL),
(562, 'New Record inserted On  fee type id 1', '1', 1, 'Insert', '103.25.248.241', 'Windows 10', 'Chrome 109.0.0.0', '2023-03-14 03:56:44', NULL),
(563, 'New Record inserted On  fee type id 2', '2', 1, 'Insert', '103.25.248.241', 'Windows 10', 'Chrome 109.0.0.0', '2023-03-14 03:57:07', NULL),
(564, 'New Record inserted On  fee type id 3', '3', 1, 'Insert', '103.25.248.241', 'Windows 10', 'Chrome 109.0.0.0', '2023-03-14 03:57:24', NULL),
(565, 'New Record inserted On  fee type id 4', '4', 1, 'Insert', '103.25.248.241', 'Windows 10', 'Chrome 109.0.0.0', '2023-03-14 03:57:39', NULL),
(566, 'New Record inserted On  fee type id 5', '5', 1, 'Insert', '103.25.248.241', 'Windows 10', 'Chrome 109.0.0.0', '2023-03-14 03:57:58', NULL),
(567, 'New Record inserted On  fee type id 6', '6', 1, 'Insert', '103.25.248.241', 'Windows 10', 'Chrome 109.0.0.0', '2023-03-14 03:58:15', NULL),
(568, 'New Record inserted On  fee group id 1', '1', 1, 'Insert', '103.25.248.241', 'Windows 10', 'Chrome 109.0.0.0', '2023-03-14 03:58:48', NULL),
(569, 'New Record inserted On  fee group id 2', '2', 1, 'Insert', '103.25.248.241', 'Windows 10', 'Chrome 109.0.0.0', '2023-03-14 03:58:56', NULL),
(570, 'New Record inserted On  fee group id 3', '3', 1, 'Insert', '103.25.248.241', 'Windows 10', 'Chrome 109.0.0.0', '2023-03-14 03:59:34', NULL),
(571, 'New Record inserted On  fee group id 4', '4', 1, 'Insert', '103.25.248.241', 'Windows 10', 'Chrome 109.0.0.0', '2023-03-14 03:59:40', NULL),
(572, 'New Record inserted On  fee group id 5', '5', 1, 'Insert', '103.25.248.241', 'Windows 10', 'Chrome 109.0.0.0', '2023-03-14 03:59:55', NULL),
(573, 'New Record inserted On  fee group id 6', '6', 1, 'Insert', '103.25.248.241', 'Windows 10', 'Chrome 109.0.0.0', '2023-03-14 04:00:05', NULL),
(574, 'New Record inserted On  fee group id 7', '7', 1, 'Insert', '103.25.248.241', 'Windows 10', 'Chrome 109.0.0.0', '2023-03-14 04:00:14', NULL),
(575, 'New Record inserted On  fee groups feetype id 1', '1', 1, 'Insert', '103.25.248.241', 'Windows 10', 'Chrome 109.0.0.0', '2023-03-14 04:00:57', NULL),
(576, 'New Record inserted On  fee groups feetype id 2', '2', 1, 'Insert', '103.25.248.241', 'Windows 10', 'Chrome 109.0.0.0', '2023-03-14 04:01:24', NULL),
(577, 'New Record inserted On  fee groups feetype id 3', '3', 1, 'Insert', '103.25.248.241', 'Windows 10', 'Chrome 109.0.0.0', '2023-03-14 04:01:46', NULL),
(578, 'New Record inserted On  fee groups feetype id 4', '4', 1, 'Insert', '103.25.248.241', 'Windows 10', 'Chrome 109.0.0.0', '2023-03-14 04:02:01', NULL),
(579, 'New Record inserted On  fee groups feetype id 5', '5', 1, 'Insert', '103.25.248.241', 'Windows 10', 'Chrome 109.0.0.0', '2023-03-14 04:02:42', NULL),
(580, 'New Record inserted On students id 1', '1', 1, 'Insert', '103.25.249.241', 'Windows 10', 'Chrome 111.0.0.0', '2023-03-17 22:26:04', NULL),
(581, 'New Record inserted On  student session id 1', '1', 1, 'Insert', '103.25.249.241', 'Windows 10', 'Chrome 111.0.0.0', '2023-03-17 22:26:05', NULL),
(582, 'New Record inserted On users id 1', '1', 1, 'Insert', '103.25.249.241', 'Windows 10', 'Chrome 111.0.0.0', '2023-03-17 22:26:05', NULL),
(583, 'New Record inserted On users id 2', '2', 1, 'Insert', '103.25.249.241', 'Windows 10', 'Chrome 111.0.0.0', '2023-03-17 22:26:05', NULL),
(584, 'Record updated On students id 1', '1', 1, 'Update', '103.25.249.241', 'Windows 10', 'Chrome 111.0.0.0', '2023-03-17 22:26:05', NULL),
(585, 'New Record inserted On students id 2', '2', 1, 'Insert', '103.25.249.241', 'Windows 10', 'Chrome 111.0.0.0', '2023-03-17 22:44:55', NULL),
(586, 'New Record inserted On  student session id 2', '2', 1, 'Insert', '103.25.249.241', 'Windows 10', 'Chrome 111.0.0.0', '2023-03-17 22:44:55', NULL),
(587, 'New Record inserted On users id 3', '3', 1, 'Insert', '103.25.249.241', 'Windows 10', 'Chrome 111.0.0.0', '2023-03-17 22:44:55', NULL),
(588, 'New Record inserted On users id 4', '4', 1, 'Insert', '103.25.249.241', 'Windows 10', 'Chrome 111.0.0.0', '2023-03-17 22:44:55', NULL),
(589, 'Record updated On students id 2', '2', 1, 'Update', '103.25.249.241', 'Windows 10', 'Chrome 111.0.0.0', '2023-03-17 22:44:55', NULL),
(590, 'New Record inserted On students id 3', '3', 1, 'Insert', '103.25.249.241', 'Windows 10', 'Chrome 111.0.0.0', '2023-03-17 22:55:55', NULL),
(591, 'New Record inserted On  student session id 3', '3', 1, 'Insert', '103.25.249.241', 'Windows 10', 'Chrome 111.0.0.0', '2023-03-17 22:55:55', NULL),
(592, 'New Record inserted On users id 5', '5', 1, 'Insert', '103.25.249.241', 'Windows 10', 'Chrome 111.0.0.0', '2023-03-17 22:55:55', NULL),
(593, 'New Record inserted On users id 6', '6', 1, 'Insert', '103.25.249.241', 'Windows 10', 'Chrome 111.0.0.0', '2023-03-17 22:55:55', NULL),
(594, 'Record updated On students id 3', '3', 1, 'Update', '103.25.249.241', 'Windows 10', 'Chrome 111.0.0.0', '2023-03-17 22:55:55', NULL),
(595, 'New Record inserted On students id 4', '4', 1, 'Insert', '103.25.249.241', 'Windows 10', 'Chrome 111.0.0.0', '2023-03-17 23:02:27', NULL),
(596, 'New Record inserted On  student session id 4', '4', 1, 'Insert', '103.25.249.241', 'Windows 10', 'Chrome 111.0.0.0', '2023-03-17 23:02:27', NULL),
(597, 'New Record inserted On users id 7', '7', 1, 'Insert', '103.25.249.241', 'Windows 10', 'Chrome 111.0.0.0', '2023-03-17 23:02:27', NULL),
(598, 'New Record inserted On users id 8', '8', 1, 'Insert', '103.25.249.241', 'Windows 10', 'Chrome 111.0.0.0', '2023-03-17 23:02:27', NULL),
(599, 'Record updated On students id 4', '4', 1, 'Update', '103.25.249.241', 'Windows 10', 'Chrome 111.0.0.0', '2023-03-17 23:02:27', NULL),
(600, 'New Record inserted On students id 5', '5', 1, 'Insert', '103.25.249.241', 'Windows 10', 'Chrome 111.0.0.0', '2023-03-17 23:07:41', NULL),
(601, 'New Record inserted On  student session id 5', '5', 1, 'Insert', '103.25.249.241', 'Windows 10', 'Chrome 111.0.0.0', '2023-03-17 23:07:41', NULL),
(602, 'New Record inserted On users id 9', '9', 1, 'Insert', '103.25.249.241', 'Windows 10', 'Chrome 111.0.0.0', '2023-03-17 23:07:41', NULL),
(603, 'New Record inserted On users id 10', '10', 1, 'Insert', '103.25.249.241', 'Windows 10', 'Chrome 111.0.0.0', '2023-03-17 23:07:41', NULL),
(604, 'Record updated On students id 5', '5', 1, 'Update', '103.25.249.241', 'Windows 10', 'Chrome 111.0.0.0', '2023-03-17 23:07:41', NULL),
(605, 'New Record inserted On students id 6', '6', 1, 'Insert', '103.25.249.241', 'Windows 10', 'Chrome 111.0.0.0', '2023-03-17 23:16:37', NULL),
(606, 'New Record inserted On  student session id 6', '6', 1, 'Insert', '103.25.249.241', 'Windows 10', 'Chrome 111.0.0.0', '2023-03-17 23:16:37', NULL),
(607, 'New Record inserted On users id 11', '11', 1, 'Insert', '103.25.249.241', 'Windows 10', 'Chrome 111.0.0.0', '2023-03-17 23:16:37', NULL),
(608, 'New Record inserted On users id 12', '12', 1, 'Insert', '103.25.249.241', 'Windows 10', 'Chrome 111.0.0.0', '2023-03-17 23:16:37', NULL),
(609, 'Record updated On students id 6', '6', 1, 'Update', '103.25.249.241', 'Windows 10', 'Chrome 111.0.0.0', '2023-03-17 23:16:37', NULL),
(610, 'New Record inserted On students id 7', '7', 1, 'Insert', '103.25.249.241', 'Windows 10', 'Chrome 111.0.0.0', '2023-03-17 23:21:44', NULL),
(611, 'New Record inserted On  student session id 7', '7', 1, 'Insert', '103.25.249.241', 'Windows 10', 'Chrome 111.0.0.0', '2023-03-17 23:21:44', NULL),
(612, 'New Record inserted On users id 13', '13', 1, 'Insert', '103.25.249.241', 'Windows 10', 'Chrome 111.0.0.0', '2023-03-17 23:21:44', NULL),
(613, 'New Record inserted On users id 14', '14', 1, 'Insert', '103.25.249.241', 'Windows 10', 'Chrome 111.0.0.0', '2023-03-17 23:21:44', NULL),
(614, 'Record updated On students id 7', '7', 1, 'Update', '103.25.249.241', 'Windows 10', 'Chrome 111.0.0.0', '2023-03-17 23:21:44', NULL),
(615, 'New Record inserted On students id 8', '8', 1, 'Insert', '103.25.249.241', 'Windows 10', 'Chrome 111.0.0.0', '2023-03-17 23:26:49', NULL),
(616, 'New Record inserted On  student session id 8', '8', 1, 'Insert', '103.25.249.241', 'Windows 10', 'Chrome 111.0.0.0', '2023-03-17 23:26:49', NULL),
(617, 'New Record inserted On users id 15', '15', 1, 'Insert', '103.25.249.241', 'Windows 10', 'Chrome 111.0.0.0', '2023-03-17 23:26:49', NULL),
(618, 'New Record inserted On users id 16', '16', 1, 'Insert', '103.25.249.241', 'Windows 10', 'Chrome 111.0.0.0', '2023-03-17 23:26:49', NULL),
(619, 'Record updated On students id 8', '8', 1, 'Update', '103.25.249.241', 'Windows 10', 'Chrome 111.0.0.0', '2023-03-17 23:26:49', NULL),
(620, 'New Record inserted On students id 9', '9', 1, 'Insert', '103.25.249.241', 'Windows 10', 'Chrome 111.0.0.0', '2023-03-17 23:31:57', NULL),
(621, 'New Record inserted On  student session id 9', '9', 1, 'Insert', '103.25.249.241', 'Windows 10', 'Chrome 111.0.0.0', '2023-03-17 23:31:57', NULL),
(622, 'New Record inserted On users id 17', '17', 1, 'Insert', '103.25.249.241', 'Windows 10', 'Chrome 111.0.0.0', '2023-03-17 23:31:57', NULL),
(623, 'New Record inserted On users id 18', '18', 1, 'Insert', '103.25.249.241', 'Windows 10', 'Chrome 111.0.0.0', '2023-03-17 23:31:57', NULL),
(624, 'Record updated On students id 9', '9', 1, 'Update', '103.25.249.241', 'Windows 10', 'Chrome 111.0.0.0', '2023-03-17 23:31:57', NULL),
(625, 'New Record inserted On students id 10', '10', 1, 'Insert', '103.25.249.241', 'Windows 10', 'Chrome 111.0.0.0', '2023-03-17 23:36:22', NULL),
(626, 'New Record inserted On  student session id 10', '10', 1, 'Insert', '103.25.249.241', 'Windows 10', 'Chrome 111.0.0.0', '2023-03-17 23:36:22', NULL),
(627, 'New Record inserted On users id 19', '19', 1, 'Insert', '103.25.249.241', 'Windows 10', 'Chrome 111.0.0.0', '2023-03-17 23:36:22', NULL),
(628, 'New Record inserted On users id 20', '20', 1, 'Insert', '103.25.249.241', 'Windows 10', 'Chrome 111.0.0.0', '2023-03-17 23:36:22', NULL),
(629, 'Record updated On students id 10', '10', 1, 'Update', '103.25.249.241', 'Windows 10', 'Chrome 111.0.0.0', '2023-03-17 23:36:22', NULL),
(630, 'New Record inserted On students id 11', '11', 1, 'Insert', '103.25.249.241', 'Windows 10', 'Chrome 111.0.0.0', '2023-03-17 23:43:09', NULL),
(631, 'New Record inserted On  student session id 11', '11', 1, 'Insert', '103.25.249.241', 'Windows 10', 'Chrome 111.0.0.0', '2023-03-17 23:43:09', NULL),
(632, 'New Record inserted On users id 21', '21', 1, 'Insert', '103.25.249.241', 'Windows 10', 'Chrome 111.0.0.0', '2023-03-17 23:43:09', NULL),
(633, 'New Record inserted On users id 22', '22', 1, 'Insert', '103.25.249.241', 'Windows 10', 'Chrome 111.0.0.0', '2023-03-17 23:43:09', NULL),
(634, 'Record updated On students id 11', '11', 1, 'Update', '103.25.249.241', 'Windows 10', 'Chrome 111.0.0.0', '2023-03-17 23:43:09', NULL),
(635, 'New Record inserted On students id 12', '12', 1, 'Insert', '103.25.249.241', 'Windows 10', 'Chrome 111.0.0.0', '2023-03-17 23:48:03', NULL),
(636, 'New Record inserted On  student session id 12', '12', 1, 'Insert', '103.25.249.241', 'Windows 10', 'Chrome 111.0.0.0', '2023-03-17 23:48:03', NULL),
(637, 'New Record inserted On users id 23', '23', 1, 'Insert', '103.25.249.241', 'Windows 10', 'Chrome 111.0.0.0', '2023-03-17 23:48:03', NULL),
(638, 'New Record inserted On users id 24', '24', 1, 'Insert', '103.25.249.241', 'Windows 10', 'Chrome 111.0.0.0', '2023-03-17 23:48:03', NULL),
(639, 'Record updated On students id 12', '12', 1, 'Update', '103.25.249.241', 'Windows 10', 'Chrome 111.0.0.0', '2023-03-17 23:48:03', NULL),
(640, 'New Record inserted On students id 13', '13', 1, 'Insert', '103.25.249.241', 'Windows 10', 'Chrome 111.0.0.0', '2023-03-17 23:54:40', NULL),
(641, 'New Record inserted On  student session id 13', '13', 1, 'Insert', '103.25.249.241', 'Windows 10', 'Chrome 111.0.0.0', '2023-03-17 23:54:40', NULL),
(642, 'New Record inserted On users id 25', '25', 1, 'Insert', '103.25.249.241', 'Windows 10', 'Chrome 111.0.0.0', '2023-03-17 23:54:40', NULL),
(643, 'New Record inserted On users id 26', '26', 1, 'Insert', '103.25.249.241', 'Windows 10', 'Chrome 111.0.0.0', '2023-03-17 23:54:40', NULL),
(644, 'Record updated On students id 13', '13', 1, 'Update', '103.25.249.241', 'Windows 10', 'Chrome 111.0.0.0', '2023-03-17 23:54:40', NULL),
(645, 'New Record inserted On students id 14', '14', 1, 'Insert', '103.25.249.241', 'Windows 10', 'Chrome 111.0.0.0', '2023-03-18 00:01:03', NULL),
(646, 'New Record inserted On  student session id 14', '14', 1, 'Insert', '103.25.249.241', 'Windows 10', 'Chrome 111.0.0.0', '2023-03-18 00:01:03', NULL),
(647, 'New Record inserted On users id 27', '27', 1, 'Insert', '103.25.249.241', 'Windows 10', 'Chrome 111.0.0.0', '2023-03-18 00:01:03', NULL),
(648, 'New Record inserted On users id 28', '28', 1, 'Insert', '103.25.249.241', 'Windows 10', 'Chrome 111.0.0.0', '2023-03-18 00:01:03', NULL),
(649, 'Record updated On students id 14', '14', 1, 'Update', '103.25.249.241', 'Windows 10', 'Chrome 111.0.0.0', '2023-03-18 00:01:03', NULL),
(650, 'New Record inserted On students id 15', '15', 1, 'Insert', '103.25.249.241', 'Windows 10', 'Chrome 111.0.0.0', '2023-03-18 00:05:35', NULL),
(651, 'New Record inserted On  student session id 15', '15', 1, 'Insert', '103.25.249.241', 'Windows 10', 'Chrome 111.0.0.0', '2023-03-18 00:05:35', NULL),
(652, 'New Record inserted On users id 29', '29', 1, 'Insert', '103.25.249.241', 'Windows 10', 'Chrome 111.0.0.0', '2023-03-18 00:05:35', NULL),
(653, 'New Record inserted On users id 30', '30', 1, 'Insert', '103.25.249.241', 'Windows 10', 'Chrome 111.0.0.0', '2023-03-18 00:05:35', NULL),
(654, 'Record updated On students id 15', '15', 1, 'Update', '103.25.249.241', 'Windows 10', 'Chrome 111.0.0.0', '2023-03-18 00:05:35', NULL),
(655, 'New Record inserted On students id 16', '16', 1, 'Insert', '103.25.249.241', 'Windows 10', 'Chrome 111.0.0.0', '2023-03-18 00:11:19', NULL),
(656, 'New Record inserted On  student session id 16', '16', 1, 'Insert', '103.25.249.241', 'Windows 10', 'Chrome 111.0.0.0', '2023-03-18 00:11:19', NULL),
(657, 'New Record inserted On users id 31', '31', 1, 'Insert', '103.25.249.241', 'Windows 10', 'Chrome 111.0.0.0', '2023-03-18 00:11:19', NULL);
INSERT INTO `logs` (`id`, `message`, `record_id`, `user_id`, `action`, `ip_address`, `platform`, `agent`, `time`, `created_at`) VALUES
(658, 'New Record inserted On users id 32', '32', 1, 'Insert', '103.25.249.241', 'Windows 10', 'Chrome 111.0.0.0', '2023-03-18 00:11:19', NULL),
(659, 'Record updated On students id 16', '16', 1, 'Update', '103.25.249.241', 'Windows 10', 'Chrome 111.0.0.0', '2023-03-18 00:11:19', NULL),
(660, 'New Record inserted On students id 17', '17', 1, 'Insert', '103.25.249.241', 'Windows 10', 'Chrome 111.0.0.0', '2023-03-18 00:19:51', NULL),
(661, 'New Record inserted On  student session id 17', '17', 1, 'Insert', '103.25.249.241', 'Windows 10', 'Chrome 111.0.0.0', '2023-03-18 00:19:51', NULL),
(662, 'New Record inserted On users id 33', '33', 1, 'Insert', '103.25.249.241', 'Windows 10', 'Chrome 111.0.0.0', '2023-03-18 00:19:51', NULL),
(663, 'New Record inserted On users id 34', '34', 1, 'Insert', '103.25.249.241', 'Windows 10', 'Chrome 111.0.0.0', '2023-03-18 00:19:51', NULL),
(664, 'Record updated On students id 17', '17', 1, 'Update', '103.25.249.241', 'Windows 10', 'Chrome 111.0.0.0', '2023-03-18 00:19:51', NULL),
(665, 'New Record inserted On students id 18', '18', 1, 'Insert', '103.25.249.241', 'Windows 10', 'Chrome 111.0.0.0', '2023-03-18 00:27:40', NULL),
(666, 'New Record inserted On  student session id 18', '18', 1, 'Insert', '103.25.249.241', 'Windows 10', 'Chrome 111.0.0.0', '2023-03-18 00:27:40', NULL),
(667, 'New Record inserted On users id 35', '35', 1, 'Insert', '103.25.249.241', 'Windows 10', 'Chrome 111.0.0.0', '2023-03-18 00:27:40', NULL),
(668, 'New Record inserted On users id 36', '36', 1, 'Insert', '103.25.249.241', 'Windows 10', 'Chrome 111.0.0.0', '2023-03-18 00:27:40', NULL),
(669, 'Record updated On students id 18', '18', 1, 'Update', '103.25.249.241', 'Windows 10', 'Chrome 111.0.0.0', '2023-03-18 00:27:40', NULL),
(670, 'New Record inserted On staff attendance id 1', '1', 1, 'Insert', '103.25.249.241', 'Windows 10', 'Chrome 111.0.0.0', '2023-03-18 00:37:56', NULL),
(671, 'New Record inserted On staff attendance id 2', '2', 1, 'Insert', '103.25.249.241', 'Windows 10', 'Chrome 111.0.0.0', '2023-03-18 00:37:56', NULL),
(672, 'New Record inserted On staff attendance id 3', '3', 1, 'Insert', '103.25.249.241', 'Windows 10', 'Chrome 111.0.0.0', '2023-03-18 00:37:56', NULL),
(673, 'New Record inserted On staff attendance id 4', '4', 1, 'Insert', '103.25.249.241', 'Windows 10', 'Chrome 111.0.0.0', '2023-03-18 00:37:56', NULL),
(674, 'New Record inserted On staff attendance id 5', '5', 1, 'Insert', '103.25.249.241', 'Windows 10', 'Chrome 111.0.0.0', '2023-03-18 00:37:56', NULL),
(675, 'New Record inserted On staff attendance id 6', '6', 1, 'Insert', '103.25.249.241', 'Windows 10', 'Chrome 111.0.0.0', '2023-03-18 00:37:56', NULL),
(676, 'New Record inserted On staff attendance id 7', '7', 1, 'Insert', '103.25.249.241', 'Windows 10', 'Chrome 111.0.0.0', '2023-03-18 00:38:05', NULL),
(677, 'New Record inserted On staff attendance id 8', '8', 1, 'Insert', '103.25.249.241', 'Windows 10', 'Chrome 111.0.0.0', '2023-03-18 00:38:14', NULL),
(678, 'New Record inserted On staff attendance id 9', '9', 1, 'Insert', '103.25.249.241', 'Windows 10', 'Chrome 111.0.0.0', '2023-03-18 00:38:26', NULL),
(679, 'New Record inserted On staff attendance id 10', '10', 1, 'Insert', '103.25.249.241', 'Windows 10', 'Chrome 111.0.0.0', '2023-03-18 00:38:37', NULL),
(680, 'New Record inserted On student apply leave id 1', '1', 1, 'Insert', '103.25.249.241', 'Windows 10', 'Chrome 111.0.0.0', '2023-03-18 00:40:45', NULL),
(681, 'New Record inserted On student apply leave id 2', '2', 1, 'Insert', '103.25.249.241', 'Windows 10', 'Chrome 111.0.0.0', '2023-03-18 00:40:46', NULL),
(682, 'New Record inserted On student apply leave id 3', '3', 1, 'Insert', '103.25.249.241', 'Windows 10', 'Chrome 111.0.0.0', '2023-03-18 00:40:46', NULL),
(683, 'Record deleted On student apply leave id 2', '2', 1, 'Delete', '103.25.249.241', 'Windows 10', 'Chrome 111.0.0.0', '2023-03-18 00:40:51', NULL),
(684, 'Record deleted On student apply leave id 1', '1', 1, 'Delete', '103.25.249.241', 'Windows 10', 'Chrome 111.0.0.0', '2023-03-18 00:40:56', NULL),
(685, 'New Record inserted On student apply leave id 4', '4', 1, 'Insert', '103.25.249.241', 'Windows 10', 'Chrome 111.0.0.0', '2023-03-18 00:41:59', NULL),
(686, 'New Record inserted On student apply leave id 5', '5', 1, 'Insert', '103.25.249.241', 'Windows 10', 'Chrome 111.0.0.0', '2023-03-18 00:43:07', NULL),
(687, 'New Record inserted On student apply leave id 6', '6', 1, 'Insert', '103.25.249.241', 'Windows 10', 'Chrome 111.0.0.0', '2023-03-18 00:43:26', NULL),
(688, 'New Record inserted On Staff Payslip id 1', '1', 1, 'Insert', '103.25.249.241', 'Windows 10', 'Chrome 111.0.0.0', '2023-03-18 00:47:34', NULL),
(689, 'New Record inserted On payslip allowance id 1', '1', 1, 'Insert', '103.25.249.241', 'Windows 10', 'Chrome 111.0.0.0', '2023-03-18 00:47:34', NULL),
(690, 'New Record inserted On payslip allowance id 2', '2', 1, 'Insert', '103.25.249.241', 'Windows 10', 'Chrome 111.0.0.0', '2023-03-18 00:47:34', NULL),
(691, 'New Record inserted On leave types id 1', '1', 1, 'Insert', '103.25.249.241', 'Windows 10', 'Chrome 111.0.0.0', '2023-03-18 00:48:28', NULL),
(692, 'New Record inserted On leave types id 2', '2', 1, 'Insert', '103.25.249.241', 'Windows 10', 'Chrome 111.0.0.0', '2023-03-18 00:48:34', NULL),
(693, 'New Record inserted On leave types id 3', '3', 1, 'Insert', '103.25.249.241', 'Windows 10', 'Chrome 111.0.0.0', '2023-03-18 00:48:41', NULL),
(694, 'New Record inserted On exam groups id 1', '1', 1, 'Insert', '103.25.249.241', 'Windows 10', 'Chrome 111.0.0.0', '2023-03-18 00:49:47', NULL),
(695, 'New Record inserted On exam group exams name id 1', '1', 1, 'Insert', '103.25.249.241', 'Windows 10', 'Chrome 111.0.0.0', '2023-03-18 00:51:21', NULL),
(696, 'Record updated On  marksheets id 1', '1', 1, 'Update', '103.25.249.241', 'Windows 10', 'Chrome 111.0.0.0', '2023-03-18 01:09:14', NULL),
(697, 'Record updated On  marksheets id 1', '1', 1, 'Update', '103.25.249.241', 'Windows 10', 'Chrome 111.0.0.0', '2023-03-18 01:10:09', NULL),
(698, 'Record updated On  marksheets id 1', '1', 1, 'Update', '58.145.186.245', 'Windows 10', 'Chrome 111.0.0.0', '2023-03-18 01:17:07', NULL),
(699, 'Record updated On  marksheets id 1', '1', 1, 'Update', '58.145.186.245', 'Windows 10', 'Chrome 111.0.0.0', '2023-03-18 01:22:53', NULL),
(700, 'Record updated On  marksheets id 1', '1', 1, 'Update', '58.145.186.245', 'Windows 10', 'Chrome 111.0.0.0', '2023-03-18 01:25:13', NULL),
(701, 'Record updated On  admit cards id 1', '1', 1, 'Update', '58.145.186.245', 'Windows 10', 'Chrome 111.0.0.0', '2023-03-18 01:28:54', NULL),
(702, 'Record updated On  admit cards id 1', '1', 1, 'Update', '58.145.186.245', 'Windows 10', 'Chrome 111.0.0.0', '2023-03-18 01:30:13', NULL),
(703, 'Record updated On  online_admission_fields id 5', '5', 1, 'Update', '27.123.255.6', 'Windows 10', 'Chrome 109.0.0.0', '2023-05-03 16:19:13', NULL),
(704, 'New Record inserted On certificates id 2', '2', 1, 'Insert', '27.123.255.6', 'Windows 10', 'Chrome 112.0.0.0', '2023-05-03 19:01:37', NULL),
(705, 'Record deleted On certificates id 2', '2', 1, 'Delete', '27.123.255.6', 'Windows 10', 'Chrome 112.0.0.0', '2023-05-03 19:01:47', NULL),
(706, 'New Record inserted On id card id 3', '3', 1, 'Insert', '27.123.255.6', 'Windows 10', 'Chrome 112.0.0.0', '2023-05-03 19:03:00', NULL),
(707, 'Record deleted On id card id 3', '3', 1, 'Delete', '27.123.255.6', 'Windows 10', 'Chrome 112.0.0.0', '2023-05-03 19:03:52', NULL),
(708, 'New Record inserted On users id 37', '37', 1, 'Insert', '27.123.255.6', 'Windows 10', 'Chrome 112.0.0.0', '2023-05-03 19:06:09', NULL),
(709, 'New Record inserted On users id 38', '38', 1, 'Insert', '27.123.255.6', 'Windows 10', 'Chrome 112.0.0.0', '2023-05-03 19:06:09', NULL),
(710, 'Record updated On students id 19', '19', 1, 'Update', '27.123.255.6', 'Windows 10', 'Chrome 112.0.0.0', '2023-05-03 19:06:09', NULL),
(711, 'Record updated On  online admissions id 1', '1', 1, 'Update', '27.123.255.6', 'Windows 10', 'Chrome 112.0.0.0', '2023-05-03 19:06:09', NULL),
(712, 'Record updated On settings id 1', '1', 1, 'Update', '27.123.255.6', 'Windows 10', 'Chrome 112.0.0.0', '2023-05-03 19:13:56', NULL),
(713, 'Record deleted On online admissions id 1', '1', 1, 'Delete', '27.123.255.6', 'Windows 10', 'Chrome 113.0.0.0', '2023-05-04 16:37:05', NULL),
(714, 'New Record inserted On exam groups id 2', '2', 1, 'Insert', '103.25.248.253', 'Windows 10', 'Chrome 112.0.0.0', '2023-05-05 01:34:39', NULL),
(715, 'New Record inserted On exam group exams name id 2', '2', 1, 'Insert', '103.25.248.253', 'Windows 10', 'Chrome 112.0.0.0', '2023-05-05 01:35:21', NULL),
(716, 'Record updated On sms config id custom', 'custom', 1, 'Update', '103.25.248.253', 'Windows 10', 'Chrome 112.0.0.0', '2023-05-05 01:47:28', NULL),
(717, 'Record updated On  Page List id 1', '1', 1, 'Update', '103.101.199.208', 'Windows 10', 'Chrome 113.0.0.0', '2023-05-28 18:17:31', NULL),
(718, 'Record updated On  Page List id 1', '1', 1, 'Update', '103.101.199.208', 'Windows 10', 'Chrome 113.0.0.0', '2023-05-28 18:19:50', NULL),
(719, 'Record updated On  Page List id 1', '1', 1, 'Update', '103.25.249.242', 'Windows 10', 'Chrome 113.0.0.0', '2023-05-28 18:25:51', NULL),
(720, 'Record updated On  Page List id 1', '1', 1, 'Update', '103.25.249.242', 'Windows 10', 'Chrome 113.0.0.0', '2023-05-28 18:27:30', NULL),
(721, 'New Record inserted On  online exam id 1', '1', 1, 'Insert', '114.130.38.54', 'Windows 10', 'Chrome 113.0.0.0', '2023-05-29 19:03:07', NULL),
(722, 'Record updated On  email config id 1', '1', 1, 'Update', '103.25.249.236', 'Windows 10', 'Chrome 113.0.0.0', '2023-05-30 01:31:29', NULL),
(723, 'Record updated On students id 1', '1', 1, 'Update', '103.25.249.236', 'Windows 10', 'Chrome 113.0.0.0', '2023-05-30 01:36:41', NULL),
(724, 'Record updated On  student session id 1', '1', 1, 'Update', '103.25.249.236', 'Windows 10', 'Chrome 113.0.0.0', '2023-05-30 01:36:41', NULL),
(725, 'Record deleted On classes id 10', '10', 1, 'Delete', '103.112.58.247', 'Android', 'Chrome 114.0.5735.131', '2023-07-03 02:16:05', NULL),
(726, 'Record deleted On classes id 10', '10', 1, 'Delete', '103.112.58.247', 'Android', 'Chrome 114.0.5735.131', '2023-07-03 02:16:06', NULL),
(727, 'New Record inserted On subject groups id 11', '11', 1, 'Insert', '103.112.58.247', 'Android', 'Chrome 114.0.5735.131', '2023-07-03 02:17:54', NULL),
(728, 'Record updated On settings id 1', '1', 1, 'Update', '37.111.218.161', 'Windows 10', 'Firefox 117.0', '2023-09-28 04:33:16', NULL),
(729, 'Record updated On settings id 1', '1', 1, 'Update', '37.111.218.161', 'Windows 10', 'Firefox 117.0', '2023-09-28 04:33:38', NULL),
(730, 'Record updated On settings id 1', '1', 1, 'Update', '37.111.218.161', 'Windows 10', 'Firefox 117.0', '2023-09-28 04:33:49', NULL),
(731, 'Record updated On settings id 1', '1', 1, 'Update', '37.111.218.161', 'Windows 10', 'Firefox 117.0', '2023-09-28 04:34:44', NULL),
(732, 'Record updated On settings id 1', '1', 1, 'Update', '37.111.218.161', 'Windows 10', 'Firefox 117.0', '2023-09-28 04:35:53', NULL),
(733, 'Record updated On settings id 1', '1', 1, 'Update', '37.111.218.161', 'Windows 10', 'Firefox 117.0', '2023-09-28 04:37:48', NULL),
(734, 'Record updated On settings id 1', '1', 1, 'Update', '37.111.218.161', 'Windows 10', 'Firefox 117.0', '2023-09-28 04:43:10', NULL),
(735, 'Record updated On settings id 1', '1', 1, 'Update', '37.111.218.161', 'Windows 10', 'Firefox 117.0', '2023-09-28 04:44:02', NULL),
(736, 'Record updated On Front CMS Setting id 1', '1', 1, 'Update', '37.111.218.161', 'Windows 10', 'Firefox 117.0', '2023-09-28 04:46:11', NULL),
(737, 'Record updated On subjects id 1', '1', 1, 'Update', '118.179.4.138', 'Android', 'Chrome 117.0.0.0', '2023-10-01 09:47:40', NULL),
(738, 'Record updated On settings id 1', '1', 1, 'Update', '37.111.218.51', 'Windows 10', 'Firefox 118.0', '2023-10-02 03:37:16', NULL),
(739, 'Record updated On settings id 1', '1', 1, 'Update', '37.111.218.51', 'Windows 10', 'Firefox 118.0', '2023-10-02 03:37:38', NULL),
(740, 'Record updated On settings id 1', '1', 1, 'Update', '37.111.218.51', 'Windows 10', 'Firefox 118.0', '2023-10-02 03:38:22', NULL),
(741, 'Record updated On Front CMS Setting id 1', '1', 1, 'Update', '37.111.218.51', 'Windows 10', 'Firefox 118.0', '2023-10-02 03:40:23', NULL),
(742, 'Record updated On settings id 1', '1', 1, 'Update', '37.111.218.51', 'Windows 10', 'Firefox 118.0', '2023-10-02 03:42:27', NULL),
(743, 'Record updated On settings id 1', '1', 1, 'Update', '37.111.218.51', 'Windows 10', 'Firefox 118.0', '2023-10-02 03:47:07', NULL),
(744, 'Record updated On settings id 1', '1', 1, 'Update', '37.111.218.51', 'Windows 10', 'Firefox 118.0', '2023-10-02 03:47:24', NULL),
(745, 'Record updated On settings id 1', '1', 1, 'Update', '37.111.218.51', 'Windows 10', 'Firefox 118.0', '2023-10-02 03:47:41', NULL),
(746, 'Record updated On settings id 1', '1', 1, 'Update', '37.111.218.51', 'Windows 10', 'Firefox 118.0', '2023-10-02 03:48:08', NULL),
(747, 'Record updated On settings id 1', '1', 1, 'Update', '37.111.218.51', 'Windows 10', 'Firefox 118.0', '2023-10-02 03:48:26', NULL),
(748, 'Record updated On settings id 1', '1', 1, 'Update', '37.111.218.51', 'Windows 10', 'Firefox 118.0', '2023-10-02 04:00:38', NULL),
(749, 'Record updated On settings id 1', '1', 1, 'Update', '37.111.218.51', 'Windows 10', 'Firefox 118.0', '2023-10-02 04:00:59', NULL),
(750, 'New Record inserted On send notification id 1', '1', 1, 'Insert', '37.111.218.51', 'Windows 10', 'Firefox 118.0', '2023-10-02 04:15:23', NULL),
(751, 'Record updated On staff id 1', '1', 1, 'Update', '37.111.218.51', 'Windows 10', 'Firefox 118.0', '2023-10-02 04:19:15', NULL),
(752, 'Record updated On staff id 1', '1', 1, 'Update', '37.111.218.51', 'Windows 10', 'Firefox 118.0', '2023-10-02 04:19:15', NULL),
(753, 'Record updated On settings id 1', '1', 1, 'Update', '37.111.218.51', 'Windows 10', 'Firefox 118.0', '2023-10-02 04:21:16', NULL),
(754, 'Record updated On settings id 1', '1', 1, 'Update', '37.111.218.51', 'Windows 10', 'Firefox 118.0', '2023-10-02 04:25:45', NULL),
(755, 'Record updated On settings id 1', '1', 1, 'Update', '37.111.218.51', 'Windows 10', 'Firefox 118.0', '2023-10-02 04:26:00', NULL),
(756, 'Record updated On staff id 1', '1', 1, 'Update', '103.131.145.159', 'Windows 10', 'Chrome 118.0.0.0', '2023-10-23 17:21:48', NULL),
(757, 'Record updated On staff id 1', '1', 1, 'Update', '103.131.145.159', 'Windows 10', 'Chrome 118.0.0.0', '2023-10-23 17:21:48', NULL),
(758, 'Record updated On settings id 1', '1', 1, 'Update', '103.131.145.159', 'Windows 10', 'Chrome 119.0.0.0', '2023-12-07 11:57:56', NULL),
(759, 'New Record inserted On school houses id 1', '1', 1, 'Insert', '116.212.185.148', 'Windows 10', 'Chrome 121.0.0.0', '2024-02-27 20:24:53', NULL),
(760, 'New Record inserted On school houses id 2', '2', 1, 'Insert', '116.212.185.148', 'Windows 10', 'Chrome 121.0.0.0', '2024-02-27 20:24:53', NULL),
(761, 'Record updated On settings id 1', '1', 1, 'Update', '103.131.145.159', 'Windows 10', 'Chrome 123.0.0.0', '2024-03-26 22:09:22', NULL),
(762, 'Record updated On settings id 1', '1', 1, 'Update', '103.131.145.159', 'Windows 10', 'Chrome 123.0.0.0', '2024-03-26 22:09:31', NULL),
(763, 'Record updated On staff id 1', '1', 1, 'Update', '103.131.145.159', 'Windows 10', 'Chrome 123.0.0.0', '2024-03-26 22:13:38', NULL),
(764, 'Record updated On staff id 1', '1', 1, 'Update', '103.131.145.159', 'Windows 10', 'Chrome 123.0.0.0', '2024-03-26 22:13:38', NULL),
(765, 'Record updated On settings id 1', '1', 1, 'Update', '103.131.145.159', 'Windows 10', 'Chrome 123.0.0.0', '2024-03-26 22:15:42', NULL),
(766, 'Record updated On settings id 1', '1', 1, 'Update', '103.131.145.159', 'Windows 10', 'Chrome 123.0.0.0', '2024-03-26 22:18:06', NULL),
(767, 'Record updated On settings id 1', '1', 1, 'Update', '103.131.145.159', 'Windows 10', 'Chrome 123.0.0.0', '2024-03-26 22:18:16', NULL),
(768, 'Record updated On settings id 1', '1', 1, 'Update', '103.131.145.159', 'Windows 10', 'Chrome 123.0.0.0', '2024-03-26 22:18:30', NULL),
(769, 'Record updated On settings id 1', '1', 1, 'Update', '103.131.145.159', 'Windows 10', 'Chrome 123.0.0.0', '2024-03-26 22:18:44', NULL),
(770, 'Record updated On settings id 1', '1', 1, 'Update', '103.131.145.159', 'Windows 10', 'Chrome 123.0.0.0', '2024-03-26 22:19:28', NULL),
(771, 'Record updated On settings id 1', '1', 1, 'Update', '103.131.145.159', 'Windows 10', 'Chrome 123.0.0.0', '2024-03-26 22:21:12', NULL),
(772, 'Record updated On settings id 1', '1', 1, 'Update', '103.131.145.159', 'Windows 10', 'Chrome 123.0.0.0', '2024-03-26 22:24:41', NULL),
(773, 'Record updated On Front CMS Setting id 1', '1', 1, 'Update', '103.131.145.159', 'Windows 10', 'Chrome 123.0.0.0', '2024-03-26 22:25:33', NULL),
(774, 'Record updated On  Page List id 1', '1', 1, 'Update', '103.131.145.159', 'Windows 10', 'Chrome 123.0.0.0', '2024-03-26 22:26:24', NULL),
(775, 'Record updated On  Page List id 1', '1', 1, 'Update', '103.131.145.159', 'Windows 10', 'Chrome 123.0.0.0', '2024-03-26 22:26:29', NULL),
(776, 'Record updated On staff id 1', '1', 1, 'Update', '103.179.155.57', 'Windows 10', 'Chrome 123.0.0.0', '2024-04-05 10:57:18', NULL),
(777, 'Record updated On staff id 1', '1', 1, 'Update', '103.179.155.57', 'Windows 10', 'Chrome 123.0.0.0', '2024-04-05 10:57:18', NULL),
(778, 'Record updated On students id 1', '1', 1, 'Update', '103.179.155.57', 'Windows 10', 'Chrome 123.0.0.0', '2024-04-05 10:59:10', NULL),
(779, 'Record updated On  student session id 1', '1', 1, 'Update', '103.179.155.57', 'Windows 10', 'Chrome 123.0.0.0', '2024-04-05 10:59:10', NULL),
(780, 'Record updated On students id 1', '1', 1, 'Update', '103.179.155.57', 'Windows 10', 'Chrome 123.0.0.0', '2024-04-06 18:55:42', NULL),
(781, 'Record updated On  student session id 1', '1', 1, 'Update', '103.179.155.57', 'Windows 10', 'Chrome 123.0.0.0', '2024-04-06 18:55:42', NULL),
(782, 'Record updated On settings id 1', '1', 1, 'Update', '103.179.155.57', 'Windows 10', 'Chrome 123.0.0.0', '2024-04-06 19:17:19', NULL),
(783, 'Record updated On settings id 1', '1', 1, 'Update', '103.131.145.159', 'Windows 10', 'Chrome 123.0.0.0', '2024-04-06 19:51:34', NULL),
(784, 'Record updated On settings id 1', '1', 1, 'Update', '103.131.145.159', 'Windows 10', 'Chrome 123.0.0.0', '2024-04-06 19:51:45', NULL),
(785, 'Record updated On staff id 1', '1', 1, 'Update', '103.131.145.159', 'Windows 10', 'Chrome 123.0.0.0', '2024-04-06 19:51:57', NULL),
(786, 'Record updated On staff id 1', '1', 1, 'Update', '103.131.145.159', 'Windows 10', 'Chrome 123.0.0.0', '2024-04-06 19:51:57', NULL),
(787, 'Record updated On settings id 1', '1', 1, 'Update', '103.131.145.159', 'Windows 10', 'Chrome 133.0.0.0', '2025-03-03 08:41:12', NULL),
(788, 'Record updated On staff id 1', '1', 1, 'Update', '103.131.145.159', 'Windows 10', 'Chrome 133.0.0.0', '2025-03-03 08:43:11', NULL),
(789, 'Record updated On staff id 1', '1', 1, 'Update', '103.131.145.159', 'Windows 10', 'Chrome 133.0.0.0', '2025-03-03 08:43:11', NULL),
(790, 'Record updated On staff id 1', '1', 1, 'Update', '103.131.145.159', 'Windows 10', 'Chrome 133.0.0.0', '2025-03-03 08:43:35', NULL),
(791, 'Record updated On staff id 1', '1', 1, 'Update', '103.131.145.159', 'Windows 10', 'Chrome 133.0.0.0', '2025-03-03 08:43:35', NULL),
(792, 'Record updated On settings id 1', '1', 1, 'Update', '103.131.145.159', 'Windows 10', 'Chrome 133.0.0.0', '2025-03-03 08:44:05', NULL),
(793, 'Record updated On settings id 1', '1', 1, 'Update', '103.179.181.197', 'Windows 10', 'Chrome 140.0.0.0', '2025-10-08 08:02:27', NULL);

-- --------------------------------------------------------

--
-- Table structure for table `mark_divisions`
--

CREATE TABLE `mark_divisions` (
  `id` int(11) NOT NULL,
  `name` varchar(200) DEFAULT NULL,
  `percentage_from` float(10,2) DEFAULT NULL,
  `percentage_to` float(10,2) DEFAULT NULL,
  `is_active` int(11) DEFAULT 1,
  `created_at` timestamp NOT NULL DEFAULT current_timestamp() ON UPDATE current_timestamp()
) ENGINE=InnoDB DEFAULT CHARSET=utf8mb3 COLLATE=utf8mb3_general_ci;

-- --------------------------------------------------------

--
-- Table structure for table `messages`
--

CREATE TABLE `messages` (
  `id` int(11) NOT NULL,
  `title` varchar(200) DEFAULT NULL,
  `template_id` varchar(100) DEFAULT NULL,
  `email_template_id` int(11) DEFAULT NULL,
  `sms_template_id` int(11) DEFAULT NULL,
  `send_through` varchar(20) DEFAULT NULL,
  `message` text DEFAULT NULL,
  `send_mail` varchar(10) DEFAULT '0',
  `send_sms` varchar(10) DEFAULT '0',
  `is_group` varchar(10) DEFAULT '0',
  `is_individual` varchar(10) DEFAULT '0',
  `is_class` int(11) NOT NULL DEFAULT 0,
  `is_schedule` int(11) NOT NULL,
  `sent` int(11) DEFAULT NULL,
  `schedule_date_time` datetime DEFAULT NULL,
  `group_list` text DEFAULT NULL,
  `user_list` text DEFAULT NULL,
  `schedule_class` int(11) DEFAULT NULL,
  `schedule_section` varchar(255) DEFAULT NULL,
  `created_at` timestamp NOT NULL DEFAULT current_timestamp() ON UPDATE current_timestamp(),
  `updated_at` date DEFAULT NULL
) ENGINE=InnoDB DEFAULT CHARSET=utf8mb3 COLLATE=utf8mb3_general_ci;

-- --------------------------------------------------------

--
-- Table structure for table `migrations`
--

CREATE TABLE `migrations` (
  `version` bigint(20) NOT NULL
) ENGINE=InnoDB DEFAULT CHARSET=utf8mb3 COLLATE=utf8mb3_general_ci;

-- --------------------------------------------------------

--
-- Table structure for table `notification_roles`
--

CREATE TABLE `notification_roles` (
  `id` int(11) NOT NULL,
  `send_notification_id` int(11) DEFAULT NULL,
  `role_id` int(11) DEFAULT NULL,
  `is_active` int(11) DEFAULT 0,
  `created_at` timestamp NOT NULL DEFAULT current_timestamp() ON UPDATE current_timestamp()
) ENGINE=InnoDB DEFAULT CHARSET=utf8mb3 COLLATE=utf8mb3_general_ci;

--
-- Dumping data for table `notification_roles`
--

INSERT INTO `notification_roles` (`id`, `send_notification_id`, `role_id`, `is_active`, `created_at`) VALUES
(1, 1, 7, 0, '2023-10-01 18:15:23');

-- --------------------------------------------------------

--
-- Table structure for table `notification_setting`
--

CREATE TABLE `notification_setting` (
  `id` int(11) NOT NULL,
  `type` varchar(100) DEFAULT NULL,
  `is_mail` varchar(10) DEFAULT '0',
  `is_sms` varchar(10) DEFAULT '0',
  `is_notification` int(11) NOT NULL DEFAULT 0,
  `display_notification` int(11) NOT NULL DEFAULT 0,
  `display_sms` int(11) NOT NULL DEFAULT 1,
  `is_student_recipient` int(11) DEFAULT NULL,
  `is_guardian_recipient` int(11) DEFAULT NULL,
  `is_staff_recipient` int(11) DEFAULT NULL,
  `display_student_recipient` int(11) DEFAULT NULL,
  `display_guardian_recipient` int(11) DEFAULT NULL,
  `display_staff_recipient` int(11) DEFAULT NULL,
  `subject` varchar(255) NOT NULL,
  `template_id` varchar(100) NOT NULL,
  `template` longtext NOT NULL,
  `variables` text NOT NULL,
  `created_at` timestamp NOT NULL DEFAULT current_timestamp() ON UPDATE current_timestamp()
) ENGINE=InnoDB DEFAULT CHARSET=utf8mb3 COLLATE=utf8mb3_general_ci;

--
-- Dumping data for table `notification_setting`
--

INSERT INTO `notification_setting` (`id`, `type`, `is_mail`, `is_sms`, `is_notification`, `display_notification`, `display_sms`, `is_student_recipient`, `is_guardian_recipient`, `is_staff_recipient`, `display_student_recipient`, `display_guardian_recipient`, `display_staff_recipient`, `subject`, `template_id`, `template`, `variables`, `created_at`) VALUES
(1, 'student_admission', '1', '0', 0, 0, 1, 1, 1, NULL, 1, 1, NULL, 'Student Admission', '', 'Dear {{student_name}} your admission is confirm in Class: {{class}} Section:  {{section}} for Session: {{current_session_name}} for more \r\ndetail\r\n contact\r\n System\r\n Admin\r\n {{class}} {{section}} {{admission_no}} {{roll_no}} {{admission_date}} {{mobileno}} {{email}} {{dob}} {{guardian_name}} {{guardian_relation}} {{guardian_phone}} {{father_name}} {{father_phone}} {{blood_group}} {{mother_name}} {{gender}} {{guardian_email}}', '{{student_name}} {{class}}  {{section}}  {{admission_no}}  {{roll_no}}  {{admission_date}}   {{mobileno}}  {{email}}  {{dob}}  {{guardian_name}}  {{guardian_relation}}  {{guardian_phone}}  {{father_name}}  {{father_phone}}  {{blood_group}}  {{mother_name}}  {{gender}} {{guardian_email}} {{current_session_name}} ', '2022-12-28 09:52:24'),
(2, 'exam_result', '1', '0', 0, 1, 1, 1, NULL, NULL, 1, 1, NULL, 'Exam Result', '', 'Dear {{student_name}} - {{exam_roll_no}}, your {{exam}} result has been published.', '{{student_name}} {{exam_roll_no}} {{exam}}', '2022-12-28 09:52:24'),
(3, 'fee_submission', '1', '0', 0, 1, 1, 1, 1, NULL, 1, 1, NULL, 'Fee Submission', '', 'Dear parents, we have received Fees Amount {{fee_amount}} for  {{student_name}}  by Your School Name \r\n{{class}} {{section}} {{fine_type}} {{fine_percentage}} {{fine_amount}} {{fee_group_name}} {{type}} {{code}} {{email}} {{contact_no}} {{invoice_id}} {{sub_invoice_id}} {{due_date}} {{amount}} {{fee_amount}}', '{{student_name}} {{class}} {{section}} {{fine_type}} {{fine_percentage}} {{fine_amount}} {{fee_group_name}} {{type}} {{code}} {{email}} {{contact_no}} {{invoice_id}} {{sub_invoice_id}} {{due_date}} {{amount}} {{fee_amount}}', '2022-12-28 09:52:24'),
(4, 'absent_attendence', '1', '0', 0, 1, 1, 1, 1, NULL, 1, 1, NULL, 'Absent Attendence', '', 'Absent Notice :{{student_name}}  was absent on date {{date}} in period {{subject_name}} {{subject_code}} {{subject_type}} from Your School Name', '{{student_name}} {{mobileno}} {{email}} {{father_name}} {{father_phone}} {{father_occupation}} {{mother_name}} {{mother_phone}} {{guardian_name}} {{guardian_phone}} {{guardian_occupation}} {{guardian_email}} {{date}} {{current_session_name}} {{time_from}} {{time_to}} {{subject_name}} {{subject_code}} {{subject_type}}  ', '2022-12-28 09:52:24'),
(6, 'homework', '1', '0', 0, 1, 1, 1, NULL, NULL, 1, 1, NULL, 'Homework', '', 'New Homework has been created for \r\n{{student_name}} at\r\n\r\n\r\n\r\n{{homework_date}} for the class {{class}} {{section}} {{subject}}. kindly submit your\r\n\r\n\r\n homework before {{submit_date}} .Thank you', '{{homework_date}} {{submit_date}} {{class}} {{section}} {{subject}} {{student_name}} {{admission_no}} ', '2022-12-28 09:52:24'),
(7, 'fees_reminder', '1', '0', 0, 1, 1, 1, 1, NULL, 1, 1, NULL, 'Fees Reminder', '', 'Dear parents, please pay fee amount Rs.{{due_amount}} of {{fee_type}} before {{due_date}} for {{student_name}}  from smart school (ignore if you already paid)', '{{fee_type}}{{fee_code}}{{due_date}}{{student_name}}{{school_name}}{{fee_amount}}{{due_amount}}{{deposit_amount}} ', '2022-12-28 09:52:24'),
(8, 'forgot_password', '1', '0', 0, 0, 0, 1, 1, 1, 1, 1, 1, 'Forgot Password', '', 'Dear  {{name}} , \r\n    Recently a request was submitted to reset password for your account. If you didn\'t make the request, just ignore this email. Otherwise you can reset your password using this link <a href=\'{{resetPassLink}}\'>Click here to reset your password</a>,\r\nif you\'re having trouble clicking the password reset button, copy and paste the URL below into your web browser. your username {{username}}\r\n{{resetPassLink}}\r\n Regards,\r\n {{school_name}}', '{{school_name}}{{name}}{{username}}{{resetPassLink}} ', '2022-12-28 09:52:24'),
(9, 'online_examination_publish_exam', '1', '0', 0, 1, 1, 1, NULL, NULL, 1, 1, NULL, 'Online Examination Publish Exam', '', 'A new exam {{exam_title}} has been created for  duration: {{time_duration}} min, which will be available from:  {{exam_from}} to  {{exam_to}}.', '{{exam_title}} {{exam_from}} {{exam_to}} {{time_duration}} {{attempt}} {{passing_percentage}}', '2022-12-28 09:52:24'),
(10, 'online_examination_publish_result', '1', '0', 0, 1, 1, 1, NULL, NULL, 1, 1, NULL, 'Online Examination Publish Result', '', 'Exam {{exam_title}} result has been declared which was conducted between  {{exam_from}} to   {{exam_to}}, for more details, please check your student portal.', '{{exam_title}} {{exam_from}} {{exam_to}} {{time_duration}} {{attempt}} {{passing_percentage}}', '2022-12-28 09:52:24'),
(11, 'online_admission_form_submission', '1', '0', 0, 1, 1, 1, 1, NULL, 1, 1, NULL, 'Online Admission Form Submission', '', 'Dear {{firstname}}  {{lastname}} your online admission form is Submitted successfully  on date {{date}}. Your Reference number is {{reference_no}}. Please remember your reference number for further process.', ' {{firstname}} {{lastname}} {{date}} {{reference_no}}', '2022-12-28 09:52:24'),
(12, 'online_admission_fees_submission', '0', '0', 0, 1, 1, 1, 1, NULL, 1, 1, NULL, 'Online Admission Fees Submission', '', 'Dear {{firstname}}  {{lastname}} your online admission form is Submitted successfully and the payment of {{paid_amount}} has recieved successfully on date {{date}}. Your Reference number is {{reference_no}}. Please remember your reference number for further process.', ' {{firstname}} {{lastname}} {{date}} {{paid_amount}} {{reference_no}}', '2022-12-28 09:52:24'),
(13, 'student_login_credential', '1', '1', 0, 0, 1, 1, 1, 0, 1, 1, NULL, 'Student Login Credential', '1707163291685208209', 'Hello {{display_name}} your login details for Url: {{url}} Username: {{username}}  Password: {{password}} admission No: {{admission_no}}', '{{url}} {{display_name}} {{username}} {{password}} {{admission_no}}', '2022-08-06 05:34:41'),
(14, 'staff_login_credential', '1', '1', 0, 0, 1, 0, 0, 1, NULL, NULL, 1, 'Staff Login Credential', '1707163291685208209', 'Hello {{first_name}} {{last_name}} your login details for Url: {{url}} Username: {{username}}  Password: {{password}} Employee ID: {{employee_id}}', '{{url}} {{first_name}} {{last_name}} {{username}} {{password}} {{employee_id}}', '2021-12-23 11:59:13'),
(15, 'fee_processing', '1', '1', 1, 1, 1, 1, 1, 0, 1, 1, NULL, 'Fee processing', '1707163291301326898', 'Dear parents, we have received Fees Amount {{fee_amount}} for  {{student_name}}  by Your School Name \r\n{{class}} {{section}} {{email}} {{contact_no}}\r\n\r\n{{student_name}} {{class}} {{section}} {{email}} {{contact_no}} transaction_id :{{transaction_id}} {{fee_amount}}', '{{student_name}} {{class}} {{section}} {{email}} {{contact_no}} {{transaction_id}} {{fee_amount}}', '2021-12-22 10:15:42'),
(16, 'online_admission_fees_processing', '1', '1', 1, 1, 1, 1, 1, 0, 1, 1, NULL, 'Online Admission Fees Processing', '', 'Dear {{firstname}}  {{lastname}} your online admission form is Submitted successfully and the payment of {{paid_amount}} has processing on date {{date}}. Your Reference number is {{reference_no}} and your transaction id {{transaction_id}}. Please remember your reference number for further process.', ' {{firstname}} {{lastname}} {{date}} {{paid_amount}} {{reference_no}} {{transaction_id}}', '2022-08-06 11:09:47'),
(17, 'student_apply_leave', '1', '1', 0, 0, 1, 0, 1, 1, NULL, 1, 1, 'Student Apply Leave ( {{student_name}} - {{admission_no}} )', '', 'My Name is {{student_name}} Class {{class}} section {{section}}. I have to apply leave on {{apply_date}}and from {{from_date}} to {{to_date}}. {{message}} please provide.', '{{message}} {{apply_date}} {{from_date}} {{to_date}} {{student_name}} {{class}} {{section}}', '2022-03-12 11:58:37'),
(18, 'email_pdf_exam_marksheet', '1', '0', 0, 0, 0, 1, 1, 0, 1, 1, NULL, 'Email PDF Exam Marksheet ( {{student_name}} - {{admission_no}} )', '', 'Dear {{student_name}} ({{admission_no}}) {{class}} Section {{section}}. We have mailed you the marksheet of Exam {{exam}} Roll no.{{roll_no}}', '{{student_name}} {{class}}  {{section}}  {{admission_no}}  {{roll_no}} {{exam}} {{admit_card_roll_no}} ', '2022-03-12 12:24:42'),
(19, 'gmeet_online_classes', '1', '0', 0, 1, 1, NULL, NULL, NULL, NULL, NULL, NULL, 'Gmeet Live Classes', '', 'Dear student, your live class {{title}} has been scheduled on {{date}} for the duration of {{duration}} minute, please do not share the link to any body.', '{{title}} {{date}} {{duration}}', '2021-05-20 13:47:22'),
(20, 'gmeet_online_meeting', '1', '0', 0, 0, 1, NULL, NULL, NULL, NULL, NULL, NULL, 'Gmeet Live Meeting', '', 'Dear staff, your live meeting {{title}} has been scheduled on {{date}} for the duration of {{duration}} minute, please do not share the link to any body.', '{{title}} {{date}} {{duration}} {{employee_id}} {{department}} {{designation}} {{name}} {{contact_no}} {{email}}', '2021-05-20 13:47:09'),
(21, 'gmeet_online_classes_start', '1', '0', 0, 1, 1, NULL, NULL, NULL, NULL, NULL, NULL, 'Gmeet  Live Classes Start', '', 'Dear student, your live class {{title}} has been started  for the duration of {{duration}} minute.', '{{title}} {{date}} {{duration}}', '2021-05-20 13:47:41'),
(22, 'gmeet_online_meeting_start', '1', '0', 0, 0, 1, NULL, NULL, NULL, NULL, NULL, NULL, 'Gmeet Live Meeting Start', '', 'Dear {{name}},  your live meeting {{title}} has been started  for the duration of {{duration}} minute.', '{{title}} {{date}} {{duration}} {{employee_id}} {{department}} {{designation}} {{name}} {{contact_no}} {{email}}', '2021-05-20 13:47:31'),
(23, 'online_classes', '1', '0', 0, 1, 1, NULL, NULL, NULL, NULL, NULL, NULL, 'Zoom Live Classes', '', 'Dear student, your live class {{title}} has been scheduled on {{date}} for the duration of {{duration}} minute, please do not share the link to any body.', '{{title}} {{date}} {{duration}}', '2021-05-20 13:49:16'),
(24, 'online_meeting', '1', '0', 0, 0, 1, NULL, NULL, NULL, NULL, NULL, NULL, 'Zoom Live Meeting', '', 'Dear staff, your live meeting {{title}} has been scheduled on {{date}} for the duration of {{duration}} minute, please do not share the link to any body.', '{{title}} {{date}} {{duration}} {{employee_id}} {{department}} {{designation}} {{name}} {{contact_no}} {{email}}', '2021-05-20 13:49:38'),
(25, 'zoom_online_classes_start', '1', '0', 0, 1, 1, NULL, NULL, NULL, NULL, NULL, NULL, 'Zoom Live Classes Start', '', 'Dear student, your live class {{title}} has been started  for the duration of {{duration}} minute.', '{{title}} {{date}} {{duration}}', '2021-01-08 16:00:47'),
(26, 'zoom_online_meeting_start', '1', '0', 0, 0, 1, NULL, NULL, NULL, NULL, NULL, NULL, 'Zoom Live Meeting Start', '', 'Dear {{name}},  your live meeting {{title}}  has been started  for the duration of {{duration}} minute.', '{{title}} {{date}} {{duration}} {{employee_id}} {{department}} {{designation}} {{name}} {{contact_no}} {{email}}', '2021-01-08 16:00:47');

-- --------------------------------------------------------

--
-- Table structure for table `offline_fees_payments`
--

CREATE TABLE `offline_fees_payments` (
  `id` int(11) NOT NULL,
  `invoice_id` varchar(50) DEFAULT NULL,
  `student_session_id` int(11) DEFAULT NULL,
  `student_fees_master_id` int(11) DEFAULT NULL,
  `fee_groups_feetype_id` int(11) DEFAULT NULL,
  `student_transport_fee_id` int(11) DEFAULT NULL,
  `payment_date` date DEFAULT NULL,
  `bank_from` varchar(200) DEFAULT NULL,
  `bank_account_transferred` varchar(200) DEFAULT NULL,
  `reference` varchar(200) DEFAULT NULL,
  `amount` float(10,2) DEFAULT NULL,
  `submit_date` datetime DEFAULT NULL,
  `approve_date` datetime DEFAULT NULL,
  `attachment` text DEFAULT NULL,
  `reply` text DEFAULT NULL,
  `approved_by` int(11) DEFAULT NULL,
  `is_active` varchar(1) DEFAULT '0',
  `created_at` timestamp NOT NULL DEFAULT current_timestamp() ON UPDATE current_timestamp()
) ENGINE=InnoDB DEFAULT CHARSET=utf8mb3 COLLATE=utf8mb3_general_ci;

-- --------------------------------------------------------

--
-- Table structure for table `onlineexam`
--

CREATE TABLE `onlineexam` (
  `id` int(11) NOT NULL,
  `session_id` int(11) DEFAULT NULL,
  `exam` text DEFAULT NULL,
  `attempt` int(11) NOT NULL,
  `exam_from` datetime DEFAULT NULL,
  `exam_to` datetime DEFAULT NULL,
  `is_quiz` int(11) NOT NULL DEFAULT 0,
  `auto_publish_date` datetime DEFAULT NULL,
  `time_from` time DEFAULT NULL,
  `time_to` time DEFAULT NULL,
  `duration` time NOT NULL,
  `passing_percentage` float NOT NULL DEFAULT 0,
  `description` text DEFAULT NULL,
  `publish_result` int(11) NOT NULL DEFAULT 0,
  `answer_word_count` int(11) NOT NULL DEFAULT -1,
  `is_active` varchar(1) DEFAULT '0',
  `is_marks_display` int(11) NOT NULL DEFAULT 0,
  `is_neg_marking` int(11) NOT NULL DEFAULT 0,
  `is_random_question` int(11) NOT NULL DEFAULT 0,
  `is_rank_generated` int(11) NOT NULL DEFAULT 0,
  `publish_exam_notification` int(11) NOT NULL,
  `publish_result_notification` int(11) NOT NULL,
  `created_at` timestamp NOT NULL DEFAULT current_timestamp() ON UPDATE current_timestamp(),
  `updated_at` date DEFAULT NULL
) ENGINE=InnoDB DEFAULT CHARSET=utf8mb3 COLLATE=utf8mb3_general_ci;

-- --------------------------------------------------------

--
-- Table structure for table `onlineexam_attempts`
--

CREATE TABLE `onlineexam_attempts` (
  `id` int(11) NOT NULL,
  `onlineexam_student_id` int(11) NOT NULL,
  `created_at` timestamp NOT NULL DEFAULT current_timestamp() ON UPDATE current_timestamp(),
  `updated_at` date DEFAULT NULL
) ENGINE=InnoDB DEFAULT CHARSET=utf8mb3 COLLATE=utf8mb3_general_ci;

-- --------------------------------------------------------

--
-- Table structure for table `onlineexam_questions`
--

CREATE TABLE `onlineexam_questions` (
  `id` int(11) NOT NULL,
  `question_id` int(11) DEFAULT NULL,
  `onlineexam_id` int(11) DEFAULT NULL,
  `session_id` int(11) DEFAULT NULL,
  `marks` float(10,2) NOT NULL DEFAULT 0.00,
  `neg_marks` float(10,2) DEFAULT 0.00,
  `is_active` varchar(1) DEFAULT '0',
  `created_at` timestamp NOT NULL DEFAULT current_timestamp() ON UPDATE current_timestamp(),
  `updated_at` date DEFAULT NULL
) ENGINE=InnoDB DEFAULT CHARSET=utf8mb3 COLLATE=utf8mb3_general_ci;

-- --------------------------------------------------------

--
-- Table structure for table `onlineexam_students`
--

CREATE TABLE `onlineexam_students` (
  `id` int(11) NOT NULL,
  `onlineexam_id` int(11) DEFAULT NULL,
  `student_session_id` int(11) DEFAULT NULL,
  `is_attempted` int(11) NOT NULL DEFAULT 0,
  `rank` int(11) DEFAULT 0,
  `quiz_attempted` int(11) NOT NULL DEFAULT 0,
  `created_at` timestamp NOT NULL DEFAULT current_timestamp() ON UPDATE current_timestamp(),
  `updated_at` date DEFAULT NULL
) ENGINE=InnoDB DEFAULT CHARSET=utf8mb3 COLLATE=utf8mb3_general_ci;

-- --------------------------------------------------------

--
-- Table structure for table `onlineexam_student_results`
--

CREATE TABLE `onlineexam_student_results` (
  `id` int(11) NOT NULL,
  `onlineexam_student_id` int(11) NOT NULL,
  `onlineexam_question_id` int(11) NOT NULL,
  `select_option` longtext DEFAULT NULL,
  `marks` float(10,2) NOT NULL DEFAULT 0.00,
  `remark` text DEFAULT NULL,
  `attachment_name` text DEFAULT NULL,
  `attachment_upload_name` varchar(250) DEFAULT NULL,
  `created_at` timestamp NOT NULL DEFAULT current_timestamp() ON UPDATE current_timestamp(),
  `updated_at` date DEFAULT NULL
) ENGINE=InnoDB DEFAULT CHARSET=utf8mb3 COLLATE=utf8mb3_general_ci;

-- --------------------------------------------------------

--
-- Table structure for table `online_admissions`
--

CREATE TABLE `online_admissions` (
  `id` int(11) NOT NULL,
  `admission_no` varchar(100) DEFAULT NULL,
  `roll_no` varchar(100) DEFAULT NULL,
  `reference_no` varchar(50) NOT NULL,
  `admission_date` date DEFAULT NULL,
  `firstname` varchar(100) DEFAULT NULL,
  `middlename` varchar(255) NOT NULL,
  `lastname` varchar(100) DEFAULT NULL,
  `rte` varchar(20) NOT NULL DEFAULT 'No',
  `image` varchar(255) DEFAULT NULL,
  `mobileno` varchar(100) DEFAULT NULL,
  `email` varchar(100) DEFAULT NULL,
  `state` varchar(100) DEFAULT NULL,
  `city` varchar(100) DEFAULT NULL,
  `pincode` varchar(100) DEFAULT NULL,
  `religion` varchar(100) DEFAULT NULL,
  `cast` varchar(50) NOT NULL,
  `dob` date DEFAULT NULL,
  `gender` varchar(100) DEFAULT NULL,
  `current_address` text DEFAULT NULL,
  `permanent_address` text DEFAULT NULL,
  `category_id` int(11) DEFAULT NULL,
  `class_section_id` int(11) DEFAULT NULL,
  `route_id` int(11) NOT NULL,
  `school_house_id` int(11) DEFAULT NULL,
  `blood_group` varchar(200) NOT NULL,
  `vehroute_id` int(11) NOT NULL,
  `hostel_room_id` int(11) DEFAULT NULL,
  `adhar_no` varchar(100) DEFAULT NULL,
  `samagra_id` varchar(100) DEFAULT NULL,
  `bank_account_no` varchar(100) DEFAULT NULL,
  `bank_name` varchar(100) DEFAULT NULL,
  `ifsc_code` varchar(100) DEFAULT NULL,
  `guardian_is` varchar(100) NOT NULL,
  `father_name` varchar(100) DEFAULT NULL,
  `father_phone` varchar(100) DEFAULT NULL,
  `father_occupation` varchar(100) DEFAULT NULL,
  `mother_name` varchar(100) DEFAULT NULL,
  `mother_phone` varchar(100) DEFAULT NULL,
  `mother_occupation` varchar(100) DEFAULT NULL,
  `guardian_name` varchar(100) DEFAULT NULL,
  `guardian_relation` varchar(100) DEFAULT NULL,
  `guardian_phone` varchar(100) DEFAULT NULL,
  `guardian_occupation` varchar(150) NOT NULL,
  `guardian_address` text DEFAULT NULL,
  `guardian_email` varchar(100) NOT NULL,
  `father_pic` varchar(255) NOT NULL,
  `mother_pic` varchar(255) NOT NULL,
  `guardian_pic` varchar(255) NOT NULL,
  `is_enroll` int(11) DEFAULT 0,
  `previous_school` text DEFAULT NULL,
  `height` varchar(100) NOT NULL,
  `weight` varchar(100) NOT NULL,
  `note` text NOT NULL,
  `form_status` int(11) NOT NULL,
  `paid_status` int(11) NOT NULL,
  `measurement_date` date DEFAULT NULL,
  `app_key` text DEFAULT NULL,
  `document` text DEFAULT NULL,
  `submit_date` date DEFAULT NULL,
  `disable_at` date DEFAULT NULL,
  `created_at` timestamp NOT NULL DEFAULT current_timestamp() ON UPDATE current_timestamp(),
  `updated_at` date DEFAULT NULL
) ENGINE=InnoDB DEFAULT CHARSET=utf8mb3 COLLATE=utf8mb3_general_ci;

--
